{"id":999,"date":"2024-07-03T19:57:34","date_gmt":"2024-07-03T19:57:34","guid":{"rendered":"https:\/\/haveldervielfalt.de\/?page_id=999"},"modified":"2024-07-03T19:57:34","modified_gmt":"2024-07-03T19:57:34","slug":"humanistischer-verband-berlin-brandenburg","status":"publish","type":"page","link":"https:\/\/haveldervielfalt.de\/?page_id=999","title":{"rendered":"Humanistischer Verband Berlin-Brandenburg"},"content":{"rendered":"\n<h1 class=\"wp-block-heading\">Deutsch<\/h1>\n\n\n\n<p>&#8220;Gemeinsam f\u00fcr ein vielf\u00e4ltiges Brandenburg&#8221; &#8211; das Motto des diesj\u00e4hrigen Pride ist uns allen bekannt. Und ich muss ehrlich sein: Ich bin hier nur zu Gast. Ich wei\u00df nicht viel \u00fcber ein vielf\u00e4ltiges Brandenburg an der Havel zu berichten. Ich bin Berliner, seit nun fast 43 Jahren.<\/p>\n\n\n\n<p>Aber ich kann etwas zu einer vielf\u00e4ltigen Gesellschaft im Allgemeinen berichten. Und wir sind oberfl\u00e4chlich betrachtet schon sehr vielf\u00e4ltig. Sieht man ja, so wie wir hier alle stehen. J\u00fcngere, \u00e4ltere, queer oder heterosexuell &#8211; wir sind hier vor Ort ein wunderbarer Querschnitt. Doch seit Jahren brodelt es in unserer Gesellschaft. Das braune \u00dcbel, von dem wir alle schon im Geschichtsunterricht geh\u00f6rt haben und es lange bek\u00e4mpft gesehen haben, bricht wieder \u00fcber uns herein. Erst hinter vorgehaltener Hand, ist nun die Hemmschwelle stark gesunken. Jeden Tag aufs Neue, sehen wir in den sozialen Netzwerken und auf offener Stra\u00dfe das Ergebnis davon, dass Nazis in unseren Parlamenten Jahre lang herangezogen haben. Aber wir geben nicht auf! Wir d\u00fcrfen nicht aufgeben! Und wir m\u00fcssen geballt zusammenstehen. Und wir m\u00fcssen weiterhin laut sein. Noch nie war es so wichtig, zusammen auf eine so offene und vielf\u00e4ltige Demonstration zu gehen wie auf den CSD. Zusammen f\u00fcr eine gelebte Demokratie, gegen queerphobe Angriffe, gegen Nazis in den Parlamenten und gegen Nazis auf unseren Stra\u00dfen. Nazis, die mittlerweile schon Kinder zusammenpr\u00fcgeln.<\/p>\n\n\n\n<p>Wir, und damit meine ich alle die jetzt hier auf dieser Demo stehen, die queere und heterosexuelle Community, wir m\u00fcssen zusammen stehen und d\u00fcrfen uns nicht von den uns\u00e4glichen Wahlergebnissen entmutigen lassen. Wir m\u00fcssen unsere Freund*innen und Kolleg*innen weiterhin aufkl\u00e4ren und ihnen sagen: Es ist immer noch nicht alles in Ordnung. Wir m\u00fcssen weniger an uns und mehr an die Gesellschaft denken und doch einmal mehr zu einer Demo oder Kundgebung gehen.<\/p>\n\n\n\n<p>Seid laut, wenn im Job oder im Freundeskreis queerphobe, rassistische oder sexistische Spr\u00fcche geklopft werden. Seid laut, wenn ihr Ungerechtigkeit beobachtet. Handelt, wenn ihr Gewalt gegen andere beobachtet. Denn: Wer schweigt, stimmt zu!<\/p>\n\n\n\n<h1 class=\"wp-block-heading\">English<\/h1>\n\n\n\n<p>\u201eHand in hand for a varied Brandenburg\u201c \u2013 the slogan of this year\u2019s Pride is known to everyone who is here today. And to be honest: I\u2019m just a guest. I don\u2019t know much to report about a varied Brandenburg an der Havel. I\u2019m from Berlin, since almost 43 years.<\/p>\n\n\n\n<p>But I can tell you something about a varied society in general. At the surface, we\u2019re varied already. It\u2019s visible here today, with everyone standing here. The young ones, the older ones, the queer or the heterosexual \u2013 we make for a wonderful cross section here, on site.<br>But for years, our society is seething. The brown evil we all heard about in history lessons and which we thought to have defeated a long time ago \u2013 it descends upon us once again.<\/p>\n\n\n\n<p>At first, it was done on the quiet. But now the inhibition threshold is lower. Everyday anew, we see the result, that nazis raised all these years in our parliaments, on social media platforms or on the street. But we will not surrender! And we need to stand together. And we need to stay loud still. Never before, it was of this importance to go to such an open and diverse demonstration like the CSD, together.<br>To stand together for democracy in action, against queerphobic attacks, against nazis in the parliaments and against nazis on our streets. Nazis, who even beat up children by now.<\/p>\n\n\n\n<p>All of us \u2013 and I mean everyone who stands here at this demonstration, the queer and heterosexual community \u2013 we need to stand together and mustn\u2019t get discouraged by these ineffable election results. We need to teach our friends and colleagues still. And we still need to tell them: Everything isn\u2019t alright yet. We need to think less about ourselves and to think more about the society as a whole \u2013 and visit more demonstrations and rallies.<\/p>\n\n\n\n<p>Be loud, if queerphobic, racist or sexist remarks are been made at work or in the friend group. Be loud if you see injustice. Act, if you see violence against others. Because: silence means consent!<\/p>\n","protected":false},"excerpt":{"rendered":"<p>Deutsch &#8220;Gemeinsam f\u00fcr ein vielf\u00e4ltiges Brandenburg&#8221; &#8211; das Motto des diesj\u00e4hrigen Pride ist uns allen bekannt. Und ich muss ehrlich sein: Ich bin hier nur zu Gast. Ich wei\u00df nicht viel \u00fcber ein vielf\u00e4ltiges&#46;&#46;&#46;<\/p>\n","protected":false},"author":7,"featured_media":0,"parent":986,"menu_order":0,"comment_status":"closed","ping_status":"closed","template":"","meta":{"footnotes":""},"class_list":["post-999","page","type-page","status-publish","hentry"],"_links":{"self":[{"href":"https:\/\/haveldervielfalt.de\/index.php?rest_route=\/wp\/v2\/pages\/999","targetHints":{"allow":["GET"]}}],"collection":[{"href":"https:\/\/haveldervielfalt.de\/index.php?rest_route=\/wp\/v2\/pages"}],"about":[{"href":"https:\/\/haveldervielfalt.de\/index.php?rest_route=\/wp\/v2\/types\/page"}],"author":[{"embeddable":true,"href":"https:\/\/haveldervielfalt.de\/index.php?rest_route=\/wp\/v2\/users\/7"}],"replies":[{"embeddable":true,"href":"https:\/\/haveldervielfalt.de\/index.php?rest_route=%2Fwp%2Fv2%2Fcomments&post=999"}],"version-history":[{"count":0,"href":"https:\/\/haveldervielfalt.de\/index.php?rest_route=\/wp\/v2\/pages\/999\/revisions"}],"up":[{"embeddable":true,"href":"https:\/\/haveldervielfalt.de\/index.php?rest_route=\/wp\/v2\/pages\/986"}],"wp:attachment":[{"href":"https:\/\/haveldervielfalt.de\/index.php?rest_route=%2Fwp%2Fv2%2Fmedia&parent=999"}],"curies":[{"name":"wp","href":"https:\/\/api.w.org\/{rel}","templated":true}]}}

<h1 class="wp-block-heading">Deutsch</h1>



<p>&#8220;Gemeinsam für ein vielfältiges Brandenburg&#8221; &#8211; das Motto des diesjährigen Pride ist uns allen bekannt. Und ich muss ehrlich sein: Ich bin hier nur zu Gast. Ich weiß nicht viel über ein vielfältiges Brandenburg an der Havel zu berichten. Ich bin Berliner, seit nun fast 43 Jahren.</p>



<p>Aber ich kann etwas zu einer vielfältigen Gesellschaft im Allgemeinen berichten. Und wir sind oberflächlich betrachtet schon sehr vielfältig. Sieht man ja, so wie wir hier alle stehen. Jüngere, ältere, queer oder heterosexuell &#8211; wir sind hier vor Ort ein wunderbarer Querschnitt. Doch seit Jahren brodelt es in unserer Gesellschaft. Das braune Übel, von dem wir alle schon im Geschichtsunterricht gehört haben und es lange bekämpft gesehen haben, bricht wieder über uns herein. Erst hinter vorgehaltener Hand, ist nun die Hemmschwelle stark gesunken. Jeden Tag aufs Neue, sehen wir in den sozialen Netzwerken und auf offener Straße das Ergebnis davon, dass Nazis in unseren Parlamenten Jahre lang herangezogen haben. Aber wir geben nicht auf! Wir dürfen nicht aufgeben! Und wir müssen geballt zusammenstehen. Und wir müssen weiterhin laut sein. Noch nie war es so wichtig, zusammen auf eine so offene und vielfältige Demonstration zu gehen wie auf den CSD. Zusammen für eine gelebte Demokratie, gegen queerphobe Angriffe, gegen Nazis in den Parlamenten und gegen Nazis auf unseren Straßen. Nazis, die mittlerweile schon Kinder zusammenprügeln.</p>



<p>Wir, und damit meine ich alle die jetzt hier auf dieser Demo stehen, die queere und heterosexuelle Community, wir müssen zusammen stehen und dürfen uns nicht von den unsäglichen Wahlergebnissen entmutigen lassen. Wir müssen unsere Freund*innen und Kolleg*innen weiterhin aufklären und ihnen sagen: Es ist immer noch nicht alles in Ordnung. Wir müssen weniger an uns und mehr an die Gesellschaft denken und doch einmal mehr zu einer Demo oder Kundgebung gehen.</p>



<p>Seid laut, wenn im Job oder im Freundeskreis queerphobe, rassistische oder sexistische Sprüche geklopft werden. Seid laut, wenn ihr Ungerechtigkeit beobachtet. Handelt, wenn ihr Gewalt gegen andere beobachtet. Denn: Wer schweigt, stimmt zu!</p>



<h1 class="wp-block-heading">English</h1>



<p>„Hand in hand for a varied Brandenburg“ – the slogan of this year’s Pride is known to everyone who is here today. And to be honest: I’m just a guest. I don’t know much to report about a varied Brandenburg an der Havel. I’m from Berlin, since almost 43 years.</p>



<p>But I can tell you something about a varied society in general. At the surface, we’re varied already. It’s visible here today, with everyone standing here. The young ones, the older ones, the queer or the heterosexual – we make for a wonderful cross section here, on site.<br>But for years, our society is seething. The brown evil we all heard about in history lessons and which we thought to have defeated a long time ago – it descends upon us once again.</p>



<p>At first, it was done on the quiet. But now the inhibition threshold is lower. Everyday anew, we see the result, that nazis raised all these years in our parliaments, on social media platforms or on the street. But we will not surrender! And we need to stand together. And we need to stay loud still. Never before, it was of this importance to go to such an open and diverse demonstration like the CSD, together.<br>To stand together for democracy in action, against queerphobic attacks, against nazis in the parliaments and against nazis on our streets. Nazis, who even beat up children by now.</p>



<p>All of us – and I mean everyone who stands here at this demonstration, the queer and heterosexual community – we need to stand together and mustn’t get discouraged by these ineffable election results. We need to teach our friends and colleagues still. And we still need to tell them: Everything isn’t alright yet. We need to think less about ourselves and to think more about the society as a whole – and visit more demonstrations and rallies.</p>



<p>Be loud, if queerphobic, racist or sexist remarks are been made at work or in the friend group. Be loud if you see injustice. Act, if you see violence against others. Because: silence means consent!</p>

<p>Deutsch &#8220;Gemeinsam für ein vielfältiges Brandenburg&#8221; &#8211; das Motto des diesjährigen Pride ist uns allen bekannt. Und ich muss ehrlich sein: Ich bin hier nur zu Gast. Ich weiß nicht viel über ein vielfältiges&#46;&#46;&#46;</p>
