{"id":978,"date":"2024-07-03T14:14:52","date_gmt":"2024-07-03T14:14:52","guid":{"rendered":"https:\/\/haveldervielfalt.de\/?page_id=978"},"modified":"2024-07-03T14:14:52","modified_gmt":"2024-07-03T14:14:52","slug":"danksagungen-fuer-den-csd-2024","status":"publish","type":"page","link":"https:\/\/haveldervielfalt.de\/?page_id=978","title":{"rendered":"Danksagungen f\u00fcr den CSD 2024"},"content":{"rendered":"\n<p>Ein CSD kann ohne Unterst\u00fctzung nicht geplant und durch gef\u00fchrt werden. Deswegen widmen wir diese Seite denjenigen, die uns materiell oder personal zur Seite gestanden haben und ihren Beitrag leisteten, den CSD zu einer coolen Veranstaltung zu machen. Danke euch!<\/p>\n\n\n\n<h1 class=\"wp-block-heading\">Finanzen<\/h1>\n\n\n\n<p>Die Finanzen sind der Rahmen, in welchem der CSD veranstaltet werden kann. Deswegen danken wir den folgenden Organisationen, die uns dabei unter die Arme gegriffen haben:<\/p>\n\n\n\n<ul class=\"wp-block-list\">\n<li>Allgemeiner Studierendenausschuss der Universit\u00e4t Potsdam<\/li>\n\n\n\n<li>Aktionsb\u00fcndnis Brandenburg gegen Gewalt, Rassismus und Rechtsextremismus<\/li>\n<\/ul>\n\n\n\n<h1 class=\"wp-block-heading\">Plakate<\/h1>\n\n\n\n<p>Ohne Werbung h\u00e4tten wir die Veranstaltung nicht so weit verbreiten k\u00f6nnen. Deswegen danken wir den folgenden Betrieben, die uns bei der Bewerbung des CSD Brandenburg an der Havel beworben haben:<\/p>\n\n\n\n<h2 class=\"wp-block-heading\">L\u00e4den<\/h2>\n\n\n\n<ul class=\"wp-block-list\">\n<li>Thalia <\/li>\n\n\n\n<li>Blumenhandel Zahn <\/li>\n\n\n\n<li>Havelspace <\/li>\n\n\n\n<li>BBAG e.V. <\/li>\n\n\n\n<li>Caf\u00e9 Contact <\/li>\n\n\n\n<li>CaT <\/li>\n\n\n\n<li>KiJu\/Streetwork Brandenburg an der Havel <\/li>\n\n\n\n<li>Brannekaffe <\/li>\n\n\n\n<li>Herzschlag <\/li>\n\n\n\n<li>Tierheim Brandenburg an der Havel <\/li>\n\n\n\n<li>Agentenzentrale <\/li>\n\n\n\n<li>Theaterklause <\/li>\n\n\n\n<li>Never Enough <\/li>\n\n\n\n<li>Friseur am Molkenmarkt <\/li>\n\n\n\n<li>VBBr <\/li>\n\n\n\n<li>KuKMA <\/li>\n\n\n\n<li>Bohnarchie <\/li>\n\n\n\n<li>Altstadt Pub<\/li>\n<\/ul>\n\n\n\n<h2 class=\"wp-block-heading\">Schulen<\/h2>\n\n\n\n<ul class=\"wp-block-list\">\n<li>BOS Kirchm\u00f6ser <\/li>\n\n\n\n<li>Neue Oberschule Caasmannstra\u00dfe <\/li>\n\n\n\n<li>OSZ Alfred Flakowski <\/li>\n\n\n\n<li>OSZ Gebr\u00fcder Reichstein <\/li>\n\n\n\n<li>Otto-Tschirch-Oberschule <\/li>\n\n\n\n<li>Von-Saldern-Gymnasium Brandenburg <\/li>\n\n\n\n<li>Julius-Bruns-Schulcampus Lehnin<\/li>\n<\/ul>\n\n\n\n<h1 class=\"wp-block-heading\">Rahmenprogramm<\/h1>\n\n\n\n<p>Unser CSD weist auch ein Rahmenprogramm auf, welches den Demozug politisch und k\u00fcnstlerisch struktiert und allen eine kleine Verschnaufpause an den Kundgebungsorten g\u00f6nnt, bevor es wieder weitergeht. Wir danken den Organisationen und K\u00fcnstler*innen, die den CSD rahmen:<\/p>\n\n\n\n<h2 class=\"wp-block-heading\">Moderation<\/h2>\n\n\n\n<ul class=\"wp-block-list\">\n<li>Schwester Daphne von den Ordensschwestern der perpetuellen Indulgenz<\/li>\n<\/ul>\n\n\n\n<h2 class=\"wp-block-heading\">Redebeitr\u00e4ge<\/h2>\n\n\n\n<ul class=\"wp-block-list\">\n<li>CSD Brandenburg <\/li>\n\n\n\n<li>Opferperspektive <\/li>\n\n\n\n<li>Humanistischer Verband Berlin-Brandenburg <\/li>\n\n\n\n<li>Seebr\u00fccke Potsdam <\/li>\n\n\n\n<li>Naturfreundejugend Brandenburg<\/li>\n\n\n\n<li>CSD Oberhavel <\/li>\n\n\n\n<li>Havel der Vielfalt <\/li>\n\n\n\n<li>Jugendgruppe AndersArtig <\/li>\n\n\n\n<li>Open Dreams Brandenburg <\/li>\n\n\n\n<li>Antifaschistisches Jugendforum Brandenburg<\/li>\n<\/ul>\n\n\n\n<h2 class=\"wp-block-heading\">Musik<\/h2>\n\n\n\n<ul class=\"wp-block-list\">\n<li>Anika Auweiler <\/li>\n\n\n\n<li>Noamis <\/li>\n\n\n\n<li>Shamepaine <\/li>\n\n\n\n<li>snackEY<\/li>\n<\/ul>\n\n\n\n<h2 class=\"wp-block-heading\">St\u00e4nde<\/h2>\n\n\n\n<ul class=\"wp-block-list\">\n<li>Sch\u00f6ner Leben ohne Nazis <\/li>\n\n\n\n<li>Seebr\u00fccke Potsdam <\/li>\n\n\n\n<li>Antifaschistisches Jugendforum <\/li>\n\n\n\n<li>Brandenburg HB Zines<\/li>\n<\/ul>\n","protected":false},"excerpt":{"rendered":"<p>Ein CSD kann ohne Unterst\u00fctzung nicht geplant und durch gef\u00fchrt werden. Deswegen widmen wir diese Seite denjenigen, die uns materiell oder personal zur Seite gestanden haben und ihren Beitrag leisteten, den CSD zu einer&#46;&#46;&#46;<\/p>\n","protected":false},"author":7,"featured_media":0,"parent":640,"menu_order":0,"comment_status":"closed","ping_status":"closed","template":"","meta":{"footnotes":""},"class_list":["post-978","page","type-page","status-publish","hentry"],"_links":{"self":[{"href":"https:\/\/haveldervielfalt.de\/index.php?rest_route=\/wp\/v2\/pages\/978","targetHints":{"allow":["GET"]}}],"collection":[{"href":"https:\/\/haveldervielfalt.de\/index.php?rest_route=\/wp\/v2\/pages"}],"about":[{"href":"https:\/\/haveldervielfalt.de\/index.php?rest_route=\/wp\/v2\/types\/page"}],"author":[{"embeddable":true,"href":"https:\/\/haveldervielfalt.de\/index.php?rest_route=\/wp\/v2\/users\/7"}],"replies":[{"embeddable":true,"href":"https:\/\/haveldervielfalt.de\/index.php?rest_route=%2Fwp%2Fv2%2Fcomments&post=978"}],"version-history":[{"count":0,"href":"https:\/\/haveldervielfalt.de\/index.php?rest_route=\/wp\/v2\/pages\/978\/revisions"}],"up":[{"embeddable":true,"href":"https:\/\/haveldervielfalt.de\/index.php?rest_route=\/wp\/v2\/pages\/640"}],"wp:attachment":[{"href":"https:\/\/haveldervielfalt.de\/index.php?rest_route=%2Fwp%2Fv2%2Fmedia&parent=978"}],"curies":[{"name":"wp","href":"https:\/\/api.w.org\/{rel}","templated":true}]}}

Danksagungen für den CSD 2024

<p>Ein CSD kann ohne Unterstützung nicht geplant und durch geführt werden. Deswegen widmen wir diese Seite denjenigen, die uns materiell oder personal zur Seite gestanden haben und ihren Beitrag leisteten, den CSD zu einer coolen Veranstaltung zu machen. Danke euch!</p>



<h1 class="wp-block-heading">Finanzen</h1>



<p>Die Finanzen sind der Rahmen, in welchem der CSD veranstaltet werden kann. Deswegen danken wir den folgenden Organisationen, die uns dabei unter die Arme gegriffen haben:</p>



<ul class="wp-block-list">
<li>Allgemeiner Studierendenausschuss der Universität Potsdam</li>



<li>Aktionsbündnis Brandenburg gegen Gewalt, Rassismus und Rechtsextremismus</li>
</ul>



<h1 class="wp-block-heading">Plakate</h1>



<p>Ohne Werbung hätten wir die Veranstaltung nicht so weit verbreiten können. Deswegen danken wir den folgenden Betrieben, die uns bei der Bewerbung des CSD Brandenburg an der Havel beworben haben:</p>



<h2 class="wp-block-heading">Läden</h2>



<ul class="wp-block-list">
<li>Thalia </li>



<li>Blumenhandel Zahn </li>



<li>Havelspace </li>



<li>BBAG e.V. </li>



<li>Café Contact </li>



<li>CaT </li>



<li>KiJu/Streetwork Brandenburg an der Havel </li>



<li>Brannekaffe </li>



<li>Herzschlag </li>



<li>Tierheim Brandenburg an der Havel </li>



<li>Agentenzentrale </li>



<li>Theaterklause </li>



<li>Never Enough </li>



<li>Friseur am Molkenmarkt </li>



<li>VBBr </li>



<li>KuKMA </li>



<li>Bohnarchie </li>



<li>Altstadt Pub</li>
</ul>



<h2 class="wp-block-heading">Schulen</h2>



<ul class="wp-block-list">
<li>BOS Kirchmöser </li>



<li>Neue Oberschule Caasmannstraße </li>



<li>OSZ Alfred Flakowski </li>



<li>OSZ Gebrüder Reichstein </li>



<li>Otto-Tschirch-Oberschule </li>



<li>Von-Saldern-Gymnasium Brandenburg </li>



<li>Julius-Bruns-Schulcampus Lehnin</li>
</ul>



<h1 class="wp-block-heading">Rahmenprogramm</h1>



<p>Unser CSD weist auch ein Rahmenprogramm auf, welches den Demozug politisch und künstlerisch struktiert und allen eine kleine Verschnaufpause an den Kundgebungsorten gönnt, bevor es wieder weitergeht. Wir danken den Organisationen und Künstler*innen, die den CSD rahmen:</p>



<h2 class="wp-block-heading">Moderation</h2>



<ul class="wp-block-list">
<li>Schwester Daphne von den Ordensschwestern der perpetuellen Indulgenz</li>
</ul>



<h2 class="wp-block-heading">Redebeiträge</h2>



<ul class="wp-block-list">
<li>CSD Brandenburg </li>



<li>Opferperspektive </li>



<li>Humanistischer Verband Berlin-Brandenburg </li>



<li>Seebrücke Potsdam </li>



<li>Naturfreundejugend Brandenburg</li>



<li>CSD Oberhavel </li>



<li>Havel der Vielfalt </li>



<li>Jugendgruppe AndersArtig </li>



<li>Open Dreams Brandenburg </li>



<li>Antifaschistisches Jugendforum Brandenburg</li>
</ul>



<h2 class="wp-block-heading">Musik</h2>



<ul class="wp-block-list">
<li>Anika Auweiler </li>



<li>Noamis </li>



<li>Shamepaine </li>



<li>snackEY</li>
</ul>



<h2 class="wp-block-heading">Stände</h2>



<ul class="wp-block-list">
<li>Schöner Leben ohne Nazis </li>



<li>Seebrücke Potsdam </li>



<li>Antifaschistisches Jugendforum </li>



<li>Brandenburg HB Zines</li>
</ul>

<p>Ein CSD kann ohne Unterstützung nicht geplant und durch geführt werden. Deswegen widmen wir diese Seite denjenigen, die uns materiell oder personal zur Seite gestanden haben und ihren Beitrag leisteten, den CSD zu einer&#46;&#46;&#46;</p>
