{"id":972,"date":"2024-07-03T08:59:39","date_gmt":"2024-07-03T08:59:39","guid":{"rendered":"https:\/\/haveldervielfalt.de\/?page_id=972"},"modified":"2024-07-03T08:59:39","modified_gmt":"2024-07-03T08:59:39","slug":"soli-aufruf-fuer-den-csd-2024","status":"publish","type":"page","link":"https:\/\/haveldervielfalt.de\/?page_id=972","title":{"rendered":"Soli-Aufruf f\u00fcr den CSD 2024"},"content":{"rendered":"\n<figure class=\"wp-block-image size-large\"><img loading=\"lazy\" decoding=\"async\" width=\"1024\" height=\"576\" src=\"https:\/\/valor-sp.de\/wp-content\/uploads\/2024\/07\/CSD-Soli-Aufruf-1024x576.png\" alt=\"Auf einem fliederfarbenem Hintergrund ist eine Welle zu sehen, die in den Farben der progressiven Prideflagge gehalten wurde (von oben nach unten: Helllila, Gelb, Wei\u00df, Rosa, Hellblau, Braun, Schwarz, Rot, Orange, Gelb, Gr\u00fcn, Dunkelblau, Dunkellila). Darauf ist ein Mops mit Geweih aus Stein. Links neben ihm ist eine Sprechblase, mit dunkellila Umrandung und hellgelber Schattierung, in der steht: &quot;Wir brauchen eure Solidarit\u00e4t!&quot;. Unter der Welle steht: &quot;Gemeinsam f\u00fcr ein vielf\u00e4ltiges Brandenburg&quot; und als gefetteter Text: &quot;06.07.2024 - 15 Uhr - Brandenburg Hbf&quot;. Unten steht der Slogan &quot;CSD Brandenburg. Queer an der Havel&quot;.\" class=\"wp-image-973\" srcset=\"https:\/\/haveldervielfalt.de\/wp-content\/uploads\/2024\/07\/CSD-Soli-Aufruf-1024x576.png 1024w, https:\/\/haveldervielfalt.de\/wp-content\/uploads\/2024\/07\/CSD-Soli-Aufruf-300x169.png 300w, https:\/\/haveldervielfalt.de\/wp-content\/uploads\/2024\/07\/CSD-Soli-Aufruf-768x432.png 768w, https:\/\/haveldervielfalt.de\/wp-content\/uploads\/2024\/07\/CSD-Soli-Aufruf-1536x864.png 1536w, https:\/\/haveldervielfalt.de\/wp-content\/uploads\/2024\/07\/CSD-Soli-Aufruf.png 1920w\" sizes=\"auto, (max-width: 1024px) 100vw, 1024px\" \/><\/figure>\n\n\n\n<p>L\u00e4den, die den CSD Brandenburg an der Havel mittels Plakatwerbung unterst\u00fctzen, haben Androhungen von rechten Gruppierungen bekommen, sodass diese aus Sorge vor Vandalismus unsere Werbung wieder abnehmen mussten. Auch in Bus und Bahn wird unsere Werbung in den hintersten Ecken versteckt und taucht kaum auf. Dar\u00fcber sind wir w\u00fctend und traurig, aber nicht \u00fcberrascht, nachdem wir selbst im letzten Jahr \u00c4hnliches erlebt haben und dieses Jahr auch andere CSDs Anfeindungen erlebt haben. Deswegen bitten wir hier um eure Solidarit\u00e4t! Wir sind darauf angewiesen, dass viele Menschen zur Demo kommen, damit wir best\u00e4rkt unsere Pride begehen und uns dabei sicher f\u00fchlen k\u00f6nnen! Au\u00dferdem sichern wir somit betroffenen L\u00e4den unsere Solidarit\u00e4t zu. Ihr k\u00f6nnt uns und allen Teilnehmenden also vor allem helfen, indem ihr am 06. Juli mit uns in Brandenburg auf die Stra\u00dfe geht und all eure Friends einladet mitzukommen!<br><br>Es wird wieder einmal deutlich, wieso wir diese Veranstaltungen brauchen, denn genau solche Anfeindungen sollen dazu f\u00fchren, dass Menschen, die zur LGBTQIA+ Gemeinschaft geh\u00f6ren oder diese unterst\u00fctzen, sich nicht sicher f\u00fchlen. Aber davon lassen wir uns nicht unterkriegen und werden erst Recht laut und bunt auf die Stra\u00dfe gehen und allen zeigen, dass es uns gibt und dass das auch gut so ist!!! \ud83c\udf08\u2728\u270a\ud83c\udffc<br><br><strong>We&#8217;re here, we&#8217;re queer, we&#8217;re feminist &#8211; don&#8217;t mess with us!<\/strong><br><br>Wenn ihr in Kollektiven oder Gruppen aktiv seid, die zur Unterst\u00fctzung unserer Demo kommen wollen, meldet euch gerne per Direktnachricht bei uns.<\/p>\n","protected":false},"excerpt":{"rendered":"<p>L\u00e4den, die den CSD Brandenburg an der Havel mittels Plakatwerbung unterst\u00fctzen, haben Androhungen von rechten Gruppierungen bekommen, sodass diese aus Sorge vor Vandalismus unsere Werbung wieder abnehmen mussten. Auch in Bus und Bahn wird&#46;&#46;&#46;<\/p>\n","protected":false},"author":7,"featured_media":0,"parent":640,"menu_order":0,"comment_status":"closed","ping_status":"closed","template":"","meta":{"footnotes":""},"class_list":["post-972","page","type-page","status-publish","hentry"],"_links":{"self":[{"href":"https:\/\/haveldervielfalt.de\/index.php?rest_route=\/wp\/v2\/pages\/972","targetHints":{"allow":["GET"]}}],"collection":[{"href":"https:\/\/haveldervielfalt.de\/index.php?rest_route=\/wp\/v2\/pages"}],"about":[{"href":"https:\/\/haveldervielfalt.de\/index.php?rest_route=\/wp\/v2\/types\/page"}],"author":[{"embeddable":true,"href":"https:\/\/haveldervielfalt.de\/index.php?rest_route=\/wp\/v2\/users\/7"}],"replies":[{"embeddable":true,"href":"https:\/\/haveldervielfalt.de\/index.php?rest_route=%2Fwp%2Fv2%2Fcomments&post=972"}],"version-history":[{"count":0,"href":"https:\/\/haveldervielfalt.de\/index.php?rest_route=\/wp\/v2\/pages\/972\/revisions"}],"up":[{"embeddable":true,"href":"https:\/\/haveldervielfalt.de\/index.php?rest_route=\/wp\/v2\/pages\/640"}],"wp:attachment":[{"href":"https:\/\/haveldervielfalt.de\/index.php?rest_route=%2Fwp%2Fv2%2Fmedia&parent=972"}],"curies":[{"name":"wp","href":"https:\/\/api.w.org\/{rel}","templated":true}]}}

Soli-Aufruf für den CSD 2024

<figure class="wp-block-image size-large"><img loading="lazy" decoding="async" width="1024" height="576" src="https://valor-sp.de/wp-content/uploads/2024/07/CSD-Soli-Aufruf-1024x576.png" alt="Auf einem fliederfarbenem Hintergrund ist eine Welle zu sehen, die in den Farben der progressiven Prideflagge gehalten wurde (von oben nach unten: Helllila, Gelb, Weiß, Rosa, Hellblau, Braun, Schwarz, Rot, Orange, Gelb, Grün, Dunkelblau, Dunkellila). Darauf ist ein Mops mit Geweih aus Stein. Links neben ihm ist eine Sprechblase, mit dunkellila Umrandung und hellgelber Schattierung, in der steht: &quot;Wir brauchen eure Solidarität!&quot;. Unter der Welle steht: &quot;Gemeinsam für ein vielfältiges Brandenburg&quot; und als gefetteter Text: &quot;06.07.2024 - 15 Uhr - Brandenburg Hbf&quot;. Unten steht der Slogan &quot;CSD Brandenburg. Queer an der Havel&quot;." class="wp-image-973" srcset="https://haveldervielfalt.de/wp-content/uploads/2024/07/CSD-Soli-Aufruf-1024x576.png 1024w, https://haveldervielfalt.de/wp-content/uploads/2024/07/CSD-Soli-Aufruf-300x169.png 300w, https://haveldervielfalt.de/wp-content/uploads/2024/07/CSD-Soli-Aufruf-768x432.png 768w, https://haveldervielfalt.de/wp-content/uploads/2024/07/CSD-Soli-Aufruf-1536x864.png 1536w, https://haveldervielfalt.de/wp-content/uploads/2024/07/CSD-Soli-Aufruf.png 1920w" sizes="auto, (max-width: 1024px) 100vw, 1024px" /></figure>



<p>Läden, die den CSD Brandenburg an der Havel mittels Plakatwerbung unterstützen, haben Androhungen von rechten Gruppierungen bekommen, sodass diese aus Sorge vor Vandalismus unsere Werbung wieder abnehmen mussten. Auch in Bus und Bahn wird unsere Werbung in den hintersten Ecken versteckt und taucht kaum auf. Darüber sind wir wütend und traurig, aber nicht überrascht, nachdem wir selbst im letzten Jahr Ähnliches erlebt haben und dieses Jahr auch andere CSDs Anfeindungen erlebt haben. Deswegen bitten wir hier um eure Solidarität! Wir sind darauf angewiesen, dass viele Menschen zur Demo kommen, damit wir bestärkt unsere Pride begehen und uns dabei sicher fühlen können! Außerdem sichern wir somit betroffenen Läden unsere Solidarität zu. Ihr könnt uns und allen Teilnehmenden also vor allem helfen, indem ihr am 06. Juli mit uns in Brandenburg auf die Straße geht und all eure Friends einladet mitzukommen!<br><br>Es wird wieder einmal deutlich, wieso wir diese Veranstaltungen brauchen, denn genau solche Anfeindungen sollen dazu führen, dass Menschen, die zur LGBTQIA+ Gemeinschaft gehören oder diese unterstützen, sich nicht sicher fühlen. Aber davon lassen wir uns nicht unterkriegen und werden erst Recht laut und bunt auf die Straße gehen und allen zeigen, dass es uns gibt und dass das auch gut so ist!!! 🌈✨✊🏼<br><br><strong>We&#8217;re here, we&#8217;re queer, we&#8217;re feminist &#8211; don&#8217;t mess with us!</strong><br><br>Wenn ihr in Kollektiven oder Gruppen aktiv seid, die zur Unterstützung unserer Demo kommen wollen, meldet euch gerne per Direktnachricht bei uns.</p>

<p>Läden, die den CSD Brandenburg an der Havel mittels Plakatwerbung unterstützen, haben Androhungen von rechten Gruppierungen bekommen, sodass diese aus Sorge vor Vandalismus unsere Werbung wieder abnehmen mussten. Auch in Bus und Bahn wird&#46;&#46;&#46;</p>
