{"id":871,"date":"2024-06-16T19:31:05","date_gmt":"2024-06-16T19:31:05","guid":{"rendered":"https:\/\/haveldervielfalt.de\/?page_id=871"},"modified":"2024-06-16T19:31:05","modified_gmt":"2024-06-16T19:31:05","slug":"forderungen-fuer-den-csd-2024","status":"publish","type":"page","link":"https:\/\/haveldervielfalt.de\/?page_id=871","title":{"rendered":"Forderungen f\u00fcr den CSD 2024"},"content":{"rendered":"\n<h1 class=\"wp-block-heading\">Disclaimer<\/h1>\n\n\n\n<p><em>Diese Forderungen sind geschrieben aus einer Perspektive von wei\u00dfen queeren Personen mit deutschem Pass. Wir erheben keinen Anspruch auf Vollst\u00e4ndigkeit. Wir sind offen f\u00fcr Kritik und Erg\u00e4nzungen.<\/em><\/p>\n\n\n\n<p><em>Wir wollen mehr als nur ein &#8220;(m\/w\/d)&#8221; hinter der Stellenanzeige.<\/em><\/p>\n\n\n\n<p><em>Wir fordern die Schaffung von Voraussetzungen f\u00fcr ein diskriminierungsfreies Leben und ein Ende aller Hindernisse der freien Entfaltung.<\/em><\/p>\n\n\n\n<p><em>Darunter verstehen wir konkret:<\/em><\/p>\n\n\n\n<h1 class=\"wp-block-heading\">Pride-Strukturen<\/h1>\n\n\n\n<p>Mit Pride-Strukturen meinen wir beispielsweise die Organisation vom CSD.<\/p>\n\n\n\n<p>Wir fordern Zug\u00e4nglichkeit und Aufbau von Pride-Strukturen f\u00fcr alle und dass alle Menschen mit physischen und\/oder psychischen Beeintr\u00e4chtigungen in diese Strukturen einbezogen werden.<\/p>\n\n\n\n<p>Wir wollen, dass Prides nicht f\u00fcr kapitalistische Zwecke, sondern f\u00fcr den Kampf f\u00fcr Rechte queerer Menschen genutzt werden.<\/p>\n\n\n\n<p>Wir fordern besseren Schutz f\u00fcr Pride Strukturen vor rechten Gruppierungen.<\/p>\n\n\n\n<h1 class=\"wp-block-heading\">Feminismus\u00a0<\/h1>\n\n\n\n<p>Wir fordern, dass alle das Recht auf freie, legale und sichere Abtreibungen haben.<\/p>\n\n\n\n<p>Feminismus muss inklusiv gedacht werden. Queerfeindlichkeit oder rassistische Einstellungen haben im Feminismus nichts zu suchen.<\/p>\n\n\n\n<p>Trans*-exklusiver Feminismus ist kein Feminismus.<\/p>\n\n\n\n<h1 class=\"wp-block-heading\">Psychische Gesundheit, Ableismus<\/h1>\n\n\n\n<p>Wir verlangen eine Entstigmatisierung von psychischen Krankheiten. Psychotherapie kann zwar die krankmachenden Ursachen wie beispielsweise Schuldenfallen, Obdachlosigkeit, Beleidigungen, Anfeindungen und\/oder unrealistische Erwartungen nicht beheben, aber hilft vielen Menschen. Daher fordern wir die Zug\u00e4nglichkeit von Psychotherapie f\u00fcr alle, die sie wollen. Es m\u00fcssen mehr Kassensitze geschaffen werden.<\/p>\n\n\n\n<p>Es m\u00fcssen au\u00dferdem fl\u00e4chendeckende Anlaufstellen f\u00fcr die psychologische Hilfe f\u00fcr Queers geschaffen werden.<br>Mehr Psycholog*innen\/Therapeut*innen m\u00fcssen f\u00fcr Queerness sensibilisiert werden.<\/p>\n\n\n\n<p>Wir verlangen, dass mehr \u00f6ffentliche Gelder unb\u00fcrokratisch zur Verf\u00fcgung gestellt werden, um R\u00e4ume und Veranstaltungen barrierereduziert zu gestalten. Dazu geh\u00f6ren Bezahlung von Geb\u00e4rdensprachdolmetscher*innen, Bereitstellung von Technik f\u00fcr H\u00f6rschleifen, Rampen, Hebeb\u00fchnen und Toilettenumbau.<\/p>\n\n\n\n<h1 class=\"wp-block-heading\">Fettfeindlichkeit<\/h1>\n\n\n\n<p>Wir fordern die Entstigmatisierung von dicken K\u00f6rpern. Jeder K\u00f6rper ist wertvoll.<\/p>\n\n\n\n<h1 class=\"wp-block-heading\">Rassismus und Flucht<\/h1>\n\n\n\n<p>Sexuelle Orientierung und Geschlechtsidentit\u00e4t m\u00fcssen als Fluchtgrund anerkannt werden.<\/p>\n\n\n\n<p>Wir fordern ein Bleiberecht f\u00fcr alle &#8211; auch f\u00fcr Menschen, die aufgrund ihrer sexuellen Orientierung\/Identit\u00e4t verfolgt, bestraft und\/ oder eingesperrt werden.<\/p>\n\n\n\n<h1 class=\"wp-block-heading\">Polizeikritik<\/h1>\n\n\n\n<p>Dem Bundesinnenministerium wurden letztes Jahr 1449 Straftaten aufgrund der sexuellen Orientierung und 854 Straftaten aufgrund der geschlechtsbezogenen Diversit\u00e4t gemeldet. Das sind insgesamt \u00fcber 2303 queerfeindliche Straftaten und bedeutet eine Steigerung von 62% gegen\u00fcber dem Vorjahr. Das k\u00f6nnen wir so nicht akzeptieren und fordern eine konsequentere Strafverfolgung.<\/p>\n\n\n\n<p>Wir verlangen eine ehrliche Umsetzung des Verbots von racial profiling.<\/p>\n\n\n\n<p>Wir verlangen, dass sofort und kontinuierlich unabh\u00e4ngige Studien zu politisch rechten und rassistischen Strukturen in der Polizei durchgef\u00fchrt werden.<\/p>\n\n\n\n<p>Wir fordern, dass die Situation f\u00fcr queere Menschen in Gef\u00e4ngnissen verbessert wird &#8211; bspw. durch Zugang zu Medikamenten und OPs, einer Unterbringung entsprechend ihrer Geschlechtsidentit\u00e4t und dass der queerfeindlichen Gewalt im Gef\u00e4ngnis durch Mitgefangene und Angestellte ein Ende gesetzt wird.<br><\/p>\n\n\n\n<h1 class=\"wp-block-heading\">Queere Repr\u00e4sentation\u00a0<\/h1>\n\n\n\n<p>Wir verlangen, dass keine Person abgewertet wird, unabh\u00e4ngig davon ob, auf welche Art, wie viel und mit wem sie Sex hat.<\/p>\n\n\n\n<p>Wir verlangen, dass gegen Konversionstherapien EU-weit vorgegangen wird und diese komplett abgeschafft werden.<\/p>\n\n\n\n<p>Wir begr\u00fc\u00dfen, dass das Selbstbestimmungsgesetz dieses Jahr in Kraft tritt. Allerdings sprechen wir uns klar gegen die Datenweitergabe nach einem ge\u00e4nderten Geschlechts- oder Namenseintrag queerer Personen aus. Wir fordern deshalb, dass die \u00c4nderungsantr\u00e4ge genauso behandelt werden wie alle anderen auch.<\/p>\n\n\n\n<p>Die Forderung nach k\u00f6rperlicher Selbstbestimmung muss trans* Personen einschlie\u00dfen.<\/p>\n\n\n\n<p>F\u00fcr viele trans*-Personen sind medizinische Eingriffe wie Hormone oder OPs ein notwendiger Teil ihrer medizinischen Grundversorgung. F\u00fcr all diese Menschen muss ein niedrigschwelliger, selbstbestimmter Zugang zu diesen Leistungen garantiert werden. Wir sind gegen Therapiezwang, sogenannte \u201cAlltagstests\u201d und erniedrigende Begutachtungen.<\/p>\n\n\n\n<p>Wir sprechen uns au\u00dferdem gegen medizinisch nicht notwendige Operationen an Inter*-Personen aus, wenn sie die Zustimmung f\u00fcr diese nicht selbst gegeben haben. Diese Forderung ist unabh\u00e4ngig vom Alter der Inter*-Personen umzusetzen. Es sollte nicht f\u00fcr Neugeborene und Minderj\u00e4hrige entschieden werden d\u00fcrfen, ob diese OPs durchgef\u00fchrt werden &#8211; nicht von den Eltern und nicht von den \u00c4rzt*innen. Die beschriebenen OPs m\u00fcssen verboten werden.<\/p>\n\n\n\n<p>Wir fordern eine queerbeauftragte Person auf Bundes- und Kommunalebene.<\/p>\n\n\n\n<h1 class=\"wp-block-heading\">Elternschaft und Bildung<\/h1>\n\n\n\n<p>Wir fordern eine Anerkennung von Mehrelternschaften. Das Adoptionsrecht muss reformiert werden: Queere Familien und Eltern sollten ihre Kinder nicht erst adoptieren m\u00fcssen, um in die Geburtsurkunde eingetragen zu werden.<\/p>\n\n\n\n<p>Wir fordern, dass die Punkte zu den Themen &#8220;Sexuelle und geschlechtliche Vielfalt&#8221; aus den Rahmenlehrpl\u00e4nen Biologie und Lebensgestaltung, Ethik und Religionskunde konsequent umgesetzt werden. Sollten Workshops von \u00f6rtlichen Vereinen besucht werden, w\u00fcnschen wir uns eine angemessene Vor- und Nachbereitung, sodass Sch\u00fcler*innen den Zusammenhang zwischen Unterricht und Leben herstellen k\u00f6nnen.<\/p>\n\n\n\n<p>Au\u00dferdem soll auch die queere Geschichte in den Rahmenlehrpl\u00e4nen verankert und somit st\u00e4rker in den Schulen thematisiert werden.<\/p>\n\n\n\n<p>Wir fordern, dass Vertrauenspersonen in der schulischen und au\u00dferschulischen Bildung Workshops von Vereinen oder Gewerkschaften zu queeren Themen besuchen, um f\u00fcr die Lebensrealit\u00e4t queerer Sch\u00fcler*innen sensibilisiert zu werden.<\/p>\n\n\n\n<p>Queere Jugendliche sollen auch in der Stadt Brandenburg eine Anlaufstelle f\u00fcr queere Themen aufsuchen k\u00f6nnen, um nicht in die n\u00e4chstgr\u00f6\u00dfere Stadt fahren zu m\u00fcssen. Deshalb fordern wir, dass eine Beratungsstelle f\u00fcr queere Jugendliche in Brandenburg zu schaffen ist.<\/p>\n\n\n\n<p>Toiletten in allen \u00f6ffentlichen Einrichtungen sollen geschlechtsunabh\u00e4ngig gestaltet werden, beispielsweise durch Umbenennung der R\u00e4umlichkeiten.<\/p>\n\n\n\n<h1 class=\"wp-block-heading\">Stadt Brandenburg<\/h1>\n\n\n\n<p>Wir fordern von der Stadt Brandenburg, dass diese die drei lokalen queeren Gruppen in ihre Arbeit miteinbezieht. Das bedeutet:<\/p>\n\n\n\n<ul class=\"wp-block-list\">\n<li>Teilnahme zur Flaggenhissung am IDAHOBIT am 17.05. und am Stonewall-Gedenktag am 28.06.<\/li>\n\n\n\n<li>Teilnahme am runden Tisch mit dem Oberb\u00fcrgermeister, der Gleichstellungsbeauftragten der Stadt Brandenburg und &#8220;Queeres Brandenburg&#8221;, um sich \u00fcber die kommunalen Belange queerer Personen auszutauschen<\/li>\n\n\n\n<li>Unterst\u00fctzung zur Er\u00f6ffnung einer STI-Teststelle &#8211; eine HIV-Teststelle im Gesundheitsamt Brandenburg reicht nicht aus!<\/li>\n\n\n\n<li>finanzielle Unterst\u00fctzung, um queeres Leben in Brandenburg an der Havel sichtbarer zu machen<\/li>\n<\/ul>\n","protected":false},"excerpt":{"rendered":"<p>Disclaimer Diese Forderungen sind geschrieben aus einer Perspektive von wei\u00dfen queeren Personen mit deutschem Pass. Wir erheben keinen Anspruch auf Vollst\u00e4ndigkeit. Wir sind offen f\u00fcr Kritik und Erg\u00e4nzungen. Wir wollen mehr als nur ein&#46;&#46;&#46;<\/p>\n","protected":false},"author":7,"featured_media":0,"parent":640,"menu_order":0,"comment_status":"closed","ping_status":"closed","template":"","meta":{"footnotes":""},"class_list":["post-871","page","type-page","status-publish","hentry"],"_links":{"self":[{"href":"https:\/\/haveldervielfalt.de\/index.php?rest_route=\/wp\/v2\/pages\/871","targetHints":{"allow":["GET"]}}],"collection":[{"href":"https:\/\/haveldervielfalt.de\/index.php?rest_route=\/wp\/v2\/pages"}],"about":[{"href":"https:\/\/haveldervielfalt.de\/index.php?rest_route=\/wp\/v2\/types\/page"}],"author":[{"embeddable":true,"href":"https:\/\/haveldervielfalt.de\/index.php?rest_route=\/wp\/v2\/users\/7"}],"replies":[{"embeddable":true,"href":"https:\/\/haveldervielfalt.de\/index.php?rest_route=%2Fwp%2Fv2%2Fcomments&post=871"}],"version-history":[{"count":0,"href":"https:\/\/haveldervielfalt.de\/index.php?rest_route=\/wp\/v2\/pages\/871\/revisions"}],"up":[{"embeddable":true,"href":"https:\/\/haveldervielfalt.de\/index.php?rest_route=\/wp\/v2\/pages\/640"}],"wp:attachment":[{"href":"https:\/\/haveldervielfalt.de\/index.php?rest_route=%2Fwp%2Fv2%2Fmedia&parent=871"}],"curies":[{"name":"wp","href":"https:\/\/api.w.org\/{rel}","templated":true}]}}

Forderungen für den CSD 2024

<h1 class="wp-block-heading">Disclaimer</h1>



<p><em>Diese Forderungen sind geschrieben aus einer Perspektive von weißen queeren Personen mit deutschem Pass. Wir erheben keinen Anspruch auf Vollständigkeit. Wir sind offen für Kritik und Ergänzungen.</em></p>



<p><em>Wir wollen mehr als nur ein &#8220;(m/w/d)&#8221; hinter der Stellenanzeige.</em></p>



<p><em>Wir fordern die Schaffung von Voraussetzungen für ein diskriminierungsfreies Leben und ein Ende aller Hindernisse der freien Entfaltung.</em></p>



<p><em>Darunter verstehen wir konkret:</em></p>



<h1 class="wp-block-heading">Pride-Strukturen</h1>



<p>Mit Pride-Strukturen meinen wir beispielsweise die Organisation vom CSD.</p>



<p>Wir fordern Zugänglichkeit und Aufbau von Pride-Strukturen für alle und dass alle Menschen mit physischen und/oder psychischen Beeinträchtigungen in diese Strukturen einbezogen werden.</p>



<p>Wir wollen, dass Prides nicht für kapitalistische Zwecke, sondern für den Kampf für Rechte queerer Menschen genutzt werden.</p>



<p>Wir fordern besseren Schutz für Pride Strukturen vor rechten Gruppierungen.</p>



<h1 class="wp-block-heading">Feminismus </h1>



<p>Wir fordern, dass alle das Recht auf freie, legale und sichere Abtreibungen haben.</p>



<p>Feminismus muss inklusiv gedacht werden. Queerfeindlichkeit oder rassistische Einstellungen haben im Feminismus nichts zu suchen.</p>



<p>Trans*-exklusiver Feminismus ist kein Feminismus.</p>



<h1 class="wp-block-heading">Psychische Gesundheit, Ableismus</h1>



<p>Wir verlangen eine Entstigmatisierung von psychischen Krankheiten. Psychotherapie kann zwar die krankmachenden Ursachen wie beispielsweise Schuldenfallen, Obdachlosigkeit, Beleidigungen, Anfeindungen und/oder unrealistische Erwartungen nicht beheben, aber hilft vielen Menschen. Daher fordern wir die Zugänglichkeit von Psychotherapie für alle, die sie wollen. Es müssen mehr Kassensitze geschaffen werden.</p>



<p>Es müssen außerdem flächendeckende Anlaufstellen für die psychologische Hilfe für Queers geschaffen werden.<br>Mehr Psycholog*innen/Therapeut*innen müssen für Queerness sensibilisiert werden.</p>



<p>Wir verlangen, dass mehr öffentliche Gelder unbürokratisch zur Verfügung gestellt werden, um Räume und Veranstaltungen barrierereduziert zu gestalten. Dazu gehören Bezahlung von Gebärdensprachdolmetscher*innen, Bereitstellung von Technik für Hörschleifen, Rampen, Hebebühnen und Toilettenumbau.</p>



<h1 class="wp-block-heading">Fettfeindlichkeit</h1>



<p>Wir fordern die Entstigmatisierung von dicken Körpern. Jeder Körper ist wertvoll.</p>



<h1 class="wp-block-heading">Rassismus und Flucht</h1>



<p>Sexuelle Orientierung und Geschlechtsidentität müssen als Fluchtgrund anerkannt werden.</p>



<p>Wir fordern ein Bleiberecht für alle &#8211; auch für Menschen, die aufgrund ihrer sexuellen Orientierung/Identität verfolgt, bestraft und/ oder eingesperrt werden.</p>



<h1 class="wp-block-heading">Polizeikritik</h1>



<p>Dem Bundesinnenministerium wurden letztes Jahr 1449 Straftaten aufgrund der sexuellen Orientierung und 854 Straftaten aufgrund der geschlechtsbezogenen Diversität gemeldet. Das sind insgesamt über 2303 queerfeindliche Straftaten und bedeutet eine Steigerung von 62% gegenüber dem Vorjahr. Das können wir so nicht akzeptieren und fordern eine konsequentere Strafverfolgung.</p>



<p>Wir verlangen eine ehrliche Umsetzung des Verbots von racial profiling.</p>



<p>Wir verlangen, dass sofort und kontinuierlich unabhängige Studien zu politisch rechten und rassistischen Strukturen in der Polizei durchgeführt werden.</p>



<p>Wir fordern, dass die Situation für queere Menschen in Gefängnissen verbessert wird &#8211; bspw. durch Zugang zu Medikamenten und OPs, einer Unterbringung entsprechend ihrer Geschlechtsidentität und dass der queerfeindlichen Gewalt im Gefängnis durch Mitgefangene und Angestellte ein Ende gesetzt wird.<br></p>



<h1 class="wp-block-heading">Queere Repräsentation </h1>



<p>Wir verlangen, dass keine Person abgewertet wird, unabhängig davon ob, auf welche Art, wie viel und mit wem sie Sex hat.</p>



<p>Wir verlangen, dass gegen Konversionstherapien EU-weit vorgegangen wird und diese komplett abgeschafft werden.</p>



<p>Wir begrüßen, dass das Selbstbestimmungsgesetz dieses Jahr in Kraft tritt. Allerdings sprechen wir uns klar gegen die Datenweitergabe nach einem geänderten Geschlechts- oder Namenseintrag queerer Personen aus. Wir fordern deshalb, dass die Änderungsanträge genauso behandelt werden wie alle anderen auch.</p>



<p>Die Forderung nach körperlicher Selbstbestimmung muss trans* Personen einschließen.</p>



<p>Für viele trans*-Personen sind medizinische Eingriffe wie Hormone oder OPs ein notwendiger Teil ihrer medizinischen Grundversorgung. Für all diese Menschen muss ein niedrigschwelliger, selbstbestimmter Zugang zu diesen Leistungen garantiert werden. Wir sind gegen Therapiezwang, sogenannte “Alltagstests” und erniedrigende Begutachtungen.</p>



<p>Wir sprechen uns außerdem gegen medizinisch nicht notwendige Operationen an Inter*-Personen aus, wenn sie die Zustimmung für diese nicht selbst gegeben haben. Diese Forderung ist unabhängig vom Alter der Inter*-Personen umzusetzen. Es sollte nicht für Neugeborene und Minderjährige entschieden werden dürfen, ob diese OPs durchgeführt werden &#8211; nicht von den Eltern und nicht von den Ärzt*innen. Die beschriebenen OPs müssen verboten werden.</p>



<p>Wir fordern eine queerbeauftragte Person auf Bundes- und Kommunalebene.</p>



<h1 class="wp-block-heading">Elternschaft und Bildung</h1>



<p>Wir fordern eine Anerkennung von Mehrelternschaften. Das Adoptionsrecht muss reformiert werden: Queere Familien und Eltern sollten ihre Kinder nicht erst adoptieren müssen, um in die Geburtsurkunde eingetragen zu werden.</p>



<p>Wir fordern, dass die Punkte zu den Themen &#8220;Sexuelle und geschlechtliche Vielfalt&#8221; aus den Rahmenlehrplänen Biologie und Lebensgestaltung, Ethik und Religionskunde konsequent umgesetzt werden. Sollten Workshops von örtlichen Vereinen besucht werden, wünschen wir uns eine angemessene Vor- und Nachbereitung, sodass Schüler*innen den Zusammenhang zwischen Unterricht und Leben herstellen können.</p>



<p>Außerdem soll auch die queere Geschichte in den Rahmenlehrplänen verankert und somit stärker in den Schulen thematisiert werden.</p>



<p>Wir fordern, dass Vertrauenspersonen in der schulischen und außerschulischen Bildung Workshops von Vereinen oder Gewerkschaften zu queeren Themen besuchen, um für die Lebensrealität queerer Schüler*innen sensibilisiert zu werden.</p>



<p>Queere Jugendliche sollen auch in der Stadt Brandenburg eine Anlaufstelle für queere Themen aufsuchen können, um nicht in die nächstgrößere Stadt fahren zu müssen. Deshalb fordern wir, dass eine Beratungsstelle für queere Jugendliche in Brandenburg zu schaffen ist.</p>



<p>Toiletten in allen öffentlichen Einrichtungen sollen geschlechtsunabhängig gestaltet werden, beispielsweise durch Umbenennung der Räumlichkeiten.</p>



<h1 class="wp-block-heading">Stadt Brandenburg</h1>



<p>Wir fordern von der Stadt Brandenburg, dass diese die drei lokalen queeren Gruppen in ihre Arbeit miteinbezieht. Das bedeutet:</p>



<ul class="wp-block-list">
<li>Teilnahme zur Flaggenhissung am IDAHOBIT am 17.05. und am Stonewall-Gedenktag am 28.06.</li>



<li>Teilnahme am runden Tisch mit dem Oberbürgermeister, der Gleichstellungsbeauftragten der Stadt Brandenburg und &#8220;Queeres Brandenburg&#8221;, um sich über die kommunalen Belange queerer Personen auszutauschen</li>



<li>Unterstützung zur Eröffnung einer STI-Teststelle &#8211; eine HIV-Teststelle im Gesundheitsamt Brandenburg reicht nicht aus!</li>



<li>finanzielle Unterstützung, um queeres Leben in Brandenburg an der Havel sichtbarer zu machen</li>
</ul>

<p>Disclaimer Diese Forderungen sind geschrieben aus einer Perspektive von weißen queeren Personen mit deutschem Pass. Wir erheben keinen Anspruch auf Vollständigkeit. Wir sind offen für Kritik und Ergänzungen. Wir wollen mehr als nur ein&#46;&#46;&#46;</p>
