{"id":63,"date":"2021-10-12T18:45:46","date_gmt":"2021-10-12T18:45:46","guid":{"rendered":"http:\/\/haveldervielfalt.de\/?page_id=63"},"modified":"2021-10-12T18:45:46","modified_gmt":"2021-10-12T18:45:46","slug":"unser-leitbild","status":"publish","type":"page","link":"https:\/\/haveldervielfalt.de\/?page_id=63","title":{"rendered":"Unser Leitbild"},"content":{"rendered":"\n<p class=\"has-white-color has-vivid-red-background-color has-text-color has-background has-link-color wp-elements-ca10956edddde70a51606e51bc98fe61\"><strong>Achtung:<\/strong> Diese Seite befindet sich gerade in der Bearbeitung. F\u00fcr Aktualit\u00e4t k\u00f6nnen wir derzeit nicht garantieren.<\/p>\n\n\n\n<p>&#8220;Havel der Vielfalt&#8221; m\u00f6chte eine queere Community in Brandenburg an der Havel aufbauen und sich mit anderen queeren Initiativen hier vernetzen.<\/p>\n\n\n\n<p>Au\u00dferdem bieten wir eine Anlaufstelle f\u00fcr queere Jugendliche.<\/p>\n\n\n\n<p>Wichtig ist f\u00fcr uns Intersektionalit\u00e4t, also dass queere Menschen, die von Mehrfachdiskriminierung betroffen sind, z.B. durch Rassismus oder Behindertenfeindlichkeit, ebenfalls zu uns kommen oder unsere Veranstaltungen mitgestalten k\u00f6nnen.<\/p>\n\n\n\n<p>F\u00fcr die Verfolgung unserer Ziele brauchen wir eure Unterst\u00fctzung. <a href=\"http:\/\/haveldervielfalt.de\/kontakt\">Daher freuen wir uns \u00fcber euren Kontakt.<\/a><\/p>\n","protected":false},"excerpt":{"rendered":"<p>Achtung: Diese Seite befindet sich gerade in der Bearbeitung. F\u00fcr Aktualit\u00e4t k\u00f6nnen wir derzeit nicht garantieren. &#8220;Havel der Vielfalt&#8221; m\u00f6chte eine queere Community in Brandenburg an der Havel aufbauen und sich mit anderen queeren&#46;&#46;&#46;<\/p>\n","protected":false},"author":7,"featured_media":0,"parent":38,"menu_order":1,"comment_status":"closed","ping_status":"closed","template":"","meta":{"footnotes":""},"class_list":["post-63","page","type-page","status-publish","hentry"],"_links":{"self":[{"href":"https:\/\/haveldervielfalt.de\/index.php?rest_route=\/wp\/v2\/pages\/63","targetHints":{"allow":["GET"]}}],"collection":[{"href":"https:\/\/haveldervielfalt.de\/index.php?rest_route=\/wp\/v2\/pages"}],"about":[{"href":"https:\/\/haveldervielfalt.de\/index.php?rest_route=\/wp\/v2\/types\/page"}],"author":[{"embeddable":true,"href":"https:\/\/haveldervielfalt.de\/index.php?rest_route=\/wp\/v2\/users\/7"}],"replies":[{"embeddable":true,"href":"https:\/\/haveldervielfalt.de\/index.php?rest_route=%2Fwp%2Fv2%2Fcomments&post=63"}],"version-history":[{"count":0,"href":"https:\/\/haveldervielfalt.de\/index.php?rest_route=\/wp\/v2\/pages\/63\/revisions"}],"up":[{"embeddable":true,"href":"https:\/\/haveldervielfalt.de\/index.php?rest_route=\/wp\/v2\/pages\/38"}],"wp:attachment":[{"href":"https:\/\/haveldervielfalt.de\/index.php?rest_route=%2Fwp%2Fv2%2Fmedia&parent=63"}],"curies":[{"name":"wp","href":"https:\/\/api.w.org\/{rel}","templated":true}]}}

<p class="has-white-color has-vivid-red-background-color has-text-color has-background has-link-color wp-elements-ca10956edddde70a51606e51bc98fe61"><strong>Achtung:</strong> Diese Seite befindet sich gerade in der Bearbeitung. Für Aktualität können wir derzeit nicht garantieren.</p>



<p>&#8220;Havel der Vielfalt&#8221; möchte eine queere Community in Brandenburg an der Havel aufbauen und sich mit anderen queeren Initiativen hier vernetzen.</p>



<p>Außerdem bieten wir eine Anlaufstelle für queere Jugendliche.</p>



<p>Wichtig ist für uns Intersektionalität, also dass queere Menschen, die von Mehrfachdiskriminierung betroffen sind, z.B. durch Rassismus oder Behindertenfeindlichkeit, ebenfalls zu uns kommen oder unsere Veranstaltungen mitgestalten können.</p>



<p>Für die Verfolgung unserer Ziele brauchen wir eure Unterstützung. <a href="http://haveldervielfalt.de/kontakt">Daher freuen wir uns über euren Kontakt.</a></p>

<p>Achtung: Diese Seite befindet sich gerade in der Bearbeitung. Für Aktualität können wir derzeit nicht garantieren. &#8220;Havel der Vielfalt&#8221; möchte eine queere Community in Brandenburg an der Havel aufbauen und sich mit anderen queeren&#46;&#46;&#46;</p>
