{"id":53,"date":"2021-10-12T18:25:53","date_gmt":"2021-10-12T18:25:53","guid":{"rendered":"http:\/\/haveldervielfalt.de\/?page_id=53"},"modified":"2021-10-12T18:25:53","modified_gmt":"2021-10-12T18:25:53","slug":"wer-wir-sind","status":"publish","type":"page","link":"https:\/\/haveldervielfalt.de\/?page_id=53","title":{"rendered":"Wer wir sind"},"content":{"rendered":"\n<p class=\"has-white-color has-vivid-red-background-color has-text-color has-background has-link-color wp-elements-ca10956edddde70a51606e51bc98fe61\"><strong>Achtung:<\/strong> Diese Seite befindet sich gerade in der Bearbeitung. F\u00fcr Aktualit\u00e4t k\u00f6nnen wir derzeit nicht garantieren.<\/p>\n\n\n\n<p>Hallo!<\/p>\n\n\n\n<p>Wir sind &#8220;Havel der Vielfalt&#8221;, eine queere Initiative in Brandenburg an der Havel.<\/p>\n\n\n\n<p>&#8220;Havel der Vielfalt&#8221; besteht aus einer Gruppe junger Erwachsener, die mehr queeres Leben nach Brandenburg an der Havel bringen m\u00f6chten. Momentan passiert dies durch regelm\u00e4\u00dfige Stammtische.<\/p>\n\n\n\n<p>Du willst dich mit uns engagieren? <a href=\"http:\/\/haveldervielfalt.de\/kontakt\" data-type=\"URL\" data-id=\"haveldervielfalt.de\/kontakt\">Dann kontaktiere uns!<\/a><\/p>\n\n\n\n<p>Viele Gr\u00fc\u00dfe<\/p>\n\n\n\n<p>Eure &#8220;Havel der Vielfalt&#8221;<\/p>\n","protected":false},"excerpt":{"rendered":"<p>Achtung: Diese Seite befindet sich gerade in der Bearbeitung. F\u00fcr Aktualit\u00e4t k\u00f6nnen wir derzeit nicht garantieren. Hallo! Wir sind &#8220;Havel der Vielfalt&#8221;, eine queere Initiative in Brandenburg an der Havel. &#8220;Havel der Vielfalt&#8221; besteht&#46;&#46;&#46;<\/p>\n","protected":false},"author":7,"featured_media":0,"parent":38,"menu_order":1,"comment_status":"closed","ping_status":"closed","template":"","meta":{"footnotes":""},"class_list":["post-53","page","type-page","status-publish","hentry"],"_links":{"self":[{"href":"https:\/\/haveldervielfalt.de\/index.php?rest_route=\/wp\/v2\/pages\/53","targetHints":{"allow":["GET"]}}],"collection":[{"href":"https:\/\/haveldervielfalt.de\/index.php?rest_route=\/wp\/v2\/pages"}],"about":[{"href":"https:\/\/haveldervielfalt.de\/index.php?rest_route=\/wp\/v2\/types\/page"}],"author":[{"embeddable":true,"href":"https:\/\/haveldervielfalt.de\/index.php?rest_route=\/wp\/v2\/users\/7"}],"replies":[{"embeddable":true,"href":"https:\/\/haveldervielfalt.de\/index.php?rest_route=%2Fwp%2Fv2%2Fcomments&post=53"}],"version-history":[{"count":0,"href":"https:\/\/haveldervielfalt.de\/index.php?rest_route=\/wp\/v2\/pages\/53\/revisions"}],"up":[{"embeddable":true,"href":"https:\/\/haveldervielfalt.de\/index.php?rest_route=\/wp\/v2\/pages\/38"}],"wp:attachment":[{"href":"https:\/\/haveldervielfalt.de\/index.php?rest_route=%2Fwp%2Fv2%2Fmedia&parent=53"}],"curies":[{"name":"wp","href":"https:\/\/api.w.org\/{rel}","templated":true}]}}

<p class="has-white-color has-vivid-red-background-color has-text-color has-background has-link-color wp-elements-ca10956edddde70a51606e51bc98fe61"><strong>Achtung:</strong> Diese Seite befindet sich gerade in der Bearbeitung. Für Aktualität können wir derzeit nicht garantieren.</p>



<p>Hallo!</p>



<p>Wir sind &#8220;Havel der Vielfalt&#8221;, eine queere Initiative in Brandenburg an der Havel.</p>



<p>&#8220;Havel der Vielfalt&#8221; besteht aus einer Gruppe junger Erwachsener, die mehr queeres Leben nach Brandenburg an der Havel bringen möchten. Momentan passiert dies durch regelmäßige Stammtische.</p>



<p>Du willst dich mit uns engagieren? <a href="http://haveldervielfalt.de/kontakt" data-type="URL" data-id="haveldervielfalt.de/kontakt">Dann kontaktiere uns!</a></p>



<p>Viele Grüße</p>



<p>Eure &#8220;Havel der Vielfalt&#8221;</p>

<p>Achtung: Diese Seite befindet sich gerade in der Bearbeitung. Für Aktualität können wir derzeit nicht garantieren. Hallo! Wir sind &#8220;Havel der Vielfalt&#8221;, eine queere Initiative in Brandenburg an der Havel. &#8220;Havel der Vielfalt&#8221; besteht&#46;&#46;&#46;</p>
