{"id":456,"date":"2023-09-01T18:06:38","date_gmt":"2023-09-01T18:06:38","guid":{"rendered":"https:\/\/haveldervielfalt.de\/?page_id=456"},"modified":"2023-09-01T18:06:38","modified_gmt":"2023-09-01T18:06:38","slug":"forderungen","status":"publish","type":"page","link":"https:\/\/haveldervielfalt.de\/?page_id=456","title":{"rendered":"Forderungen"},"content":{"rendered":"\n<h1 class=\"wp-block-heading\">Deutsch<\/h1>\n\n\n\n<p>Diese Forderungen sind geschrieben aus einer Perspektive von wei\u00dfen queeren Personen mit deutschem Pass. Wir erheben keinen Anspruch auf Vollst\u00e4ndigkeit. Wir sind offen f\u00fcr Kritik und Erg\u00e4nzungen.<\/p>\n\n\n\n<p>Wir wollen mehr als nur ein &#8220;(m\/w\/d)&#8221; hinter der Stellenanzeige.<\/p>\n\n\n\n<p>Wir fordern die Schaffung von Voraussetzungen f\u00fcr ein diskriminierungsfreies Lebens und ein Ende aller Hindernisse der freien Entfaltung.<\/p>\n\n\n\n<p>Darunter verstehen wir konkret:<\/p>\n\n\n\n<h2 class=\"wp-block-heading\">Pride Strukturen<\/h2>\n\n\n\n<p>Zug\u00e4nglichkeit und Aufbau von Pride-Strukturen f\u00fcr alle und kein Ausschluss aufgrund von physischen und\/oder psychischen Beeintr\u00e4chtigungen.<\/p>\n\n\n\n<p>Mit Pride Strukturen meinen wir beispielsweise die Organisation vom CSD.<\/p>\n\n\n\n<p>Wir wollen, dass Prides nicht f\u00fcr kapitalistische Zwecke, sondern f\u00fcr den Kampf f\u00fcr Rechte queerer Menschen genutzt werden.<\/p>\n\n\n\n<h2 class=\"wp-block-heading\">Schwerpunkt Feminismus<\/h2>\n\n\n\n<p>Wir fordern, dass alle das Recht auf freie, legale und sichere Abtreibungen haben.<\/p>\n\n\n\n<p>Feminismus muss inklusiv gedacht werden. Queerfeindlichkeit oder rassistische Einstellungen haben im Feminismus nichts zu suchen.<\/p>\n\n\n\n<p>Trans*-exklusiver Feminismus ist kein Feminismus.<\/p>\n\n\n\n<h2 class=\"wp-block-heading\">Schwerpunkt Mental Illness, Ableismus<\/h2>\n\n\n\n<p>Wir verlangen eine Entstigmatisierung von psychischen Krankheiten. Psychotherapie kann zwar die krankmachenden Ursachen wie beispielsweise Schuldenfallen, Obdachlosigkeit, Beleidigungen, Anfeindungen und\/oder unrealistische Erwartungen nicht beheben, aber hilft vielen Menschen. Daher fordern wir die Zug\u00e4nglichkeit von Psychotherapie f\u00fcr alle, die sie wollen. Es m\u00fcssen mehr Kassensitze geschaffen werden.<\/p>\n\n\n\n<p>Es m\u00fcssen au\u00dferdem fl\u00e4chendeckende Anlaufstellen f\u00fcr die psychologische Hilfe f\u00fcr Queers geschaffen werden. Mehr Psycholog*innen\/Therapeut*innen m\u00fcssen f\u00fcr Queerness sensibilisiert werden.<\/p>\n\n\n\n<p>Wir verlangen, dass mehr \u00f6ffentliche Gelder unb\u00fcrokratisch zur Verf\u00fcgung gestellt werden, um R\u00e4ume und Veranstaltungen barrierereduziert zu gestalten. Dazu geh\u00f6ren Bezahlung von Geb\u00e4rdensprachdolmetscher*innen, Bereitstellung von Technik f\u00fcr H\u00f6rschleifen, Rampen, Hebeb\u00fchnen und Toilettenumbau.<\/p>\n\n\n\n<hr class=\"wp-block-separator has-alpha-channel-opacity is-style-dots\"\/>\n\n\n\n<h2 class=\"wp-block-heading\">Fettfeindlichkeit<\/h2>\n\n\n\n<p>Wir fordern die Entstigmatisierung von dicken K\u00f6rpern. Jeder K\u00f6rper ist wertvoll.<\/p>\n\n\n\n<h2 class=\"wp-block-heading\">Rassismus und Flucht<\/h2>\n\n\n\n<p>Sexuelle Orientierung und Geschlechtsidentit\u00e4t m\u00fcssen als Fluchtgrund anerkannt werden.<\/p>\n\n\n\n<p>Wir fordern ein Bleiberecht f\u00fcr alle &#8211; auch f\u00fcr Menschen, die aufgrund ihrer sexuellen Orientierung\/Identit\u00e4t verfolgt, bestraft und\/ oder eingesperrt werden.<\/p>\n\n\n\n<h2 class=\"wp-block-heading\">Polizeikritik<\/h2>\n\n\n\n<p>Dem Bundesinnenministerium wurden letztes Jahr 1005 Straftaten aufgrund der sexuellen Orientierung und 417 Straftaten aufgrund der geschlechtsbezogenen Diversit\u00e4t gemeldet. Das sind insgesamt \u00fcber 1400 queerfeindliche Straftaten und bedeutet eine Steigerung von fast 15% gegen\u00fcber dem Vorjahr. Das k\u00f6nnen wir so nicht akzeptieren und fordern eine konsequentere Strafverfolgung.<\/p>\n\n\n\n<p>Wir verlangen eine ehrliche Umsetzung des Verbots von racial profiling.<\/p>\n\n\n\n<p>Wir verlangen, dass sofort und kontinuierlich unabh\u00e4ngige Studien zu politisch rechten und rassistischen Strukturen in der Polizei durchgef\u00fchrt werden.<\/p>\n\n\n\n<p>Wir fordern, dass die Situation f\u00fcr queere Menschen in Gef\u00e4ngnissen verbessert wird &#8211; bspw. durch Zugang zu Medikamenten und OPs, einer Unterbringung entsprechend ihrer Geschlechtsidentit\u00e4t und dass der queerfeindlichen Gewalt im Gef\u00e4ngnis durch Mitgefangene und Angestellte ein Ende gesetzt wird.<\/p>\n\n\n\n<h2 class=\"wp-block-heading\">Queere Repr\u00e4sentation<\/h2>\n\n\n\n<p>Wir verlangen, dass keine Person abgewertet wird, unabh\u00e4ngig davon ob, auf welche Art, wie viel und mit wem sie Sex hat.<\/p>\n\n\n\n<p>Wir verlangen, dass gegen Konversionstherapien vorgegangen wird und diese komplett abgeschafft werden.<\/p>\n\n\n\n<p>Wir fordern eine unb\u00fcrokratische und nicht pathologisierende M\u00f6glichkeit, den eigenen Geschlechtseintrag zu \u00e4ndern oder zu streichen. Wir fordern das Recht auf freie Namenswahl.<\/p>\n\n\n\n<p>Die Forderung nach k\u00f6rperlicher Selbstbestimmung muss trans* Personen einschlie\u00dfen.<\/p>\n\n\n\n<p>F\u00fcr viele trans*-Personen sind medizinische Eingriffe wie Hormone oder OPs ein notwendiger Teil ihrer medizinischen Grundversorgung. F\u00fcr all diese Menschen muss ein niedrigschwelliger, selbstbestimmter Zugang zu diesen Leistungen garantiert werden. Wir sind gegen Therapiezwang, sogenannte \u201cAlltagstests\u201d und erniedrigende Begutachtungen.<\/p>\n\n\n\n<p>Wir sprechen uns au\u00dferdem gegen medizinisch nicht notwendige Operationen an Inter*-Personen aus, wenn sie die Zustimmung f\u00fcr diese nicht selbst gegeben haben. Diese Forderung ist unabh\u00e4ngig vom Alter der Inter*-Personen umzusetzen. Es sollte nicht f\u00fcr Neugeborene und Minderj\u00e4hrige entschieden werden d\u00fcrfen, ob diese OPs durchgef\u00fchrt werden &#8211; nicht von den Eltern und nicht von den \u00c4rzt*innen. Die beschriebenen OPs m\u00fcssen verboten werden.<\/p>\n\n\n\n<hr class=\"wp-block-separator has-alpha-channel-opacity is-style-dots\"\/>\n\n\n\n<h2 class=\"wp-block-heading\">Elternschaft und Bildung<\/h2>\n\n\n\n<p>Wir fordern eine Anerkennung von Mehrelternschaften. Das Adoptionsrecht muss reformiert werden: Queere Familien und Eltern sollten ihre Kinder nicht erst adoptieren m\u00fcssen, um in die Geburtsurkunde eingetragen zu werden.<\/p>\n\n\n\n<p>Wir fordern, dass die Punkte zu den Themen &#8220;Sexuelle und geschlechtliche Vielfalt&#8221; aus den Rahmenlehrpl\u00e4nen Biologie und Lebensgestaltung, Ethik und Religionskunde konsequent umgesetzt werden. Sollten Workshops von \u00f6rtlichen Vereinen besucht werden, w\u00fcnschen wir uns eine angemessene Vor- und Nachbereitung, sodass Sch\u00fcler*innen den Zusammenhang zwischen Unterricht und Leben herstellen k\u00f6nnen.<\/p>\n\n\n\n<p>Wir fordern, dass Vertrauenspersonen in der schulischen und au\u00dferschulischen Bildung Workshops von Vereinen oder Gewerkschaften zu queeren Themen besuchen, um f\u00fcr die Lebensrealit\u00e4t queerer Sch\u00fcler*innen sensibilisiert zu werden.<\/p>\n\n\n\n<p>Queere Jugendliche sollen auch in der Stadt Brandenburg eine Anlaufstelle f\u00fcr queere Themen aufsuchen k\u00f6nnen, um nicht in die n\u00e4chstgr\u00f6\u00dfere Stadt fahren zu m\u00fcssen. Deshalb fordern wir, dass eine Beratungsstelle f\u00fcr queere Jugendliche in Brandenburg zu schaffen ist.<\/p>\n\n\n\n<p>Und zu letzt, Toiletten in allen \u00f6ffentlichen Einrichtungen sollen geschlechtsunabh\u00e4ngig gestaltet werden, beispielsweise durch Umbenennung der R\u00e4umlichkeiten.<\/p>\n\n\n\n<hr class=\"wp-block-separator has-alpha-channel-opacity\"\/>\n\n\n\n<h1 class=\"wp-block-heading\">English<\/h1>\n\n\n\n<p>These demands are written from a perspective of white queer people with German passports. We do not claim to be complete. We are open to criticism and additions.<\/p>\n\n\n\n<p>We want more than just a \u201e(m\/f\/d)&#8221; behind the job ad.<\/p>\n\n\n\n<p>We demand the creation of conditions for a discrimination-free life and an end to all barriers to free development.<\/p>\n\n\n\n<p>This is what we mean in concrete terms:<\/p>\n\n\n\n<h2 class=\"wp-block-heading\">Pride structures<\/h2>\n\n\n\n<p>Accessibility and development of Pride structures for all and no exclusion due to physical and\/or psychological disabilities.<\/p>\n\n\n\n<p>By Pride structures we mean, for example, the organization of CSD.<\/p>\n\n\n\n<p>We want Prides not to be used for capitalist purposes but for the struggle and rights of queer people.<\/p>\n\n\n\n<h2 class=\"wp-block-heading\">Focus on feminism<\/h2>\n\n\n\n<p>We demand the right to free, legal and safe abortions for everyone.<\/p>\n\n\n\n<p>Queerphobia or racist attitudes have no place in feminism.<\/p>\n\n\n\n<p>Trans*-exclusive feminism is not feminism.<\/p>\n\n\n\n<h2 class=\"wp-block-heading\">Focus on mental illness, ableism<\/h2>\n\n\n\n<p>We demand destigmatization of mental illness. Psychotherapy may not fix the causes that cause illness, such as debt traps, homelessness, insults, hostility, and\/or unrealistic expectations, but it does help many people. That&#8217;s why we call for psychotherapy to be accessible to all who want it.<\/p>\n\n\n\n<p>There also needs to be nationwide drop-in centers for psychological help for queers. More psychologists\/therapists need to know more about queerness.<\/p>\n\n\n\n<p>We demand that more public funds are available in an unbureaucratic way to make spaces and events barrier-reduced. This includes payment for sign language interpreters, provision of technology for hearing loops, ramps, lifting platforms, and restroom modifications.<\/p>\n\n\n\n<hr class=\"wp-block-separator has-alpha-channel-opacity is-style-dots\"\/>\n\n\n\n<h2 class=\"wp-block-heading\">Fatphobia<\/h2>\n\n\n\n<p>We call for the destigmatization of fat bodies. Every body is valuable.<\/p>\n\n\n\n<h2 class=\"wp-block-heading\">Racism and people on the move<\/h2>\n\n\n\n<p>Sexual orientation and gender identity must be recognized as a reason for fleeing a country.<\/p>\n\n\n\n<p>We demand the right to stay for all &#8211; also for people who are persecuted, punished and\/or imprisoned because of their sexual orientation\/identity.<\/p>\n\n\n\n<h2 class=\"wp-block-heading\">Police critics<\/h2>\n\n\n\n<p>Last year, 1005 crimes based on sexual orientation and 417 crimes based on gender diversity were reported to the Federal Ministry of the Interior. That&#8217;s a total of over 1400 queer-hostile crimes and represents an increase of nearly 15% over the previous year. We cannot accept this and demand more consistent prosecution.<\/p>\n\n\n\n<p>We demand an honest implementation of the ban on racial profiling.<\/p>\n\n\n\n<p>We demand that independent studies on politically right-wing and racist structures in the police be carried out immediately and continuously.<\/p>\n\n\n\n<p>We demand to improve the situation for queer people in prisons &#8211; e.g. through access to medication and surgeries, housing according to their gender identity and that queer-hostile violence in prison by fellow inmates and employees is put to an end.<\/p>\n\n\n\n<h2 class=\"wp-block-heading\">Queer representation<\/h2>\n\n\n\n<p>We demand that no person be devalued regardless of whether, in what way, how much, and with whom they have sex.<\/p>\n\n\n\n<p>We demand that conversion therapies are not longer allowed.<\/p>\n\n\n\n<p>We demand a non-bureaucratic and non-pathologizing possibility to change or delete one&#8217;s gender entry. We demand the right to choose one&#8217;s own name.<\/p>\n\n\n\n<p>The demand for bodily self-determination must include trans* persons.<\/p>\n\n\n\n<p>For many trans* people, hormones or surgery are a necessary part of their basic medical care. An easy and self-determined access to these services must be guaranteed. We are against the force to go to therapy, the so-called &#8220;everyday tests&#8221; and humiliating assessments.<\/p>\n\n\n\n<p>We are also against medically unnecessary operations on inter* persons if they have not given their own consent. This requirement must be implemented regardless of the age of the inter* persons. It should not be allowed to decide for newborns and minors whether these surgeries are performed &#8211; not by the parents and not by the doctors. The described surgeries must be forbidden.<\/p>\n\n\n\n<hr class=\"wp-block-separator has-alpha-channel-opacity is-style-dots\"\/>\n\n\n\n<h2 class=\"wp-block-heading\">Parenting and Education<\/h2>\n\n\n\n<p>We demand recognition of multiple parenthoods. Adoption laws need to be reformed: Queer families and parents should not have to adopt their children first to be registered on the birth certificate.<\/p>\n\n\n\n<p>We demand &#8220;sexual and gender diversity&#8221; being implemented in School subjects. If workshops are attended by local association, we would like to see appropriate preparation so that students can make the connection between lessons and life.<\/p>\n\n\n\n<p>We demand that persons of trust in school attend workshops of associations on queer topics in order to be sensitized for the life of queer students.<\/p>\n\n\n\n<p>Queer youth should also be able to visit a contact point for queer topics in the city of Brandenburg, so that they do not have to travel to the next larger city. Therefore, we demand to create a queer youth counseling center in Brandenburg.<\/p>\n\n\n\n<p>And last, Toilets in all public facilities should be made gender-neutral, for example by renaming the premises.<\/p>\n","protected":false},"excerpt":{"rendered":"<p>Deutsch Diese Forderungen sind geschrieben aus einer Perspektive von wei\u00dfen queeren Personen mit deutschem Pass. Wir erheben keinen Anspruch auf Vollst\u00e4ndigkeit. Wir sind offen f\u00fcr Kritik und Erg\u00e4nzungen. Wir wollen mehr als nur ein&#46;&#46;&#46;<\/p>\n","protected":false},"author":7,"featured_media":0,"parent":430,"menu_order":0,"comment_status":"closed","ping_status":"closed","template":"","meta":{"footnotes":""},"class_list":["post-456","page","type-page","status-publish","hentry"],"_links":{"self":[{"href":"https:\/\/haveldervielfalt.de\/index.php?rest_route=\/wp\/v2\/pages\/456","targetHints":{"allow":["GET"]}}],"collection":[{"href":"https:\/\/haveldervielfalt.de\/index.php?rest_route=\/wp\/v2\/pages"}],"about":[{"href":"https:\/\/haveldervielfalt.de\/index.php?rest_route=\/wp\/v2\/types\/page"}],"author":[{"embeddable":true,"href":"https:\/\/haveldervielfalt.de\/index.php?rest_route=\/wp\/v2\/users\/7"}],"replies":[{"embeddable":true,"href":"https:\/\/haveldervielfalt.de\/index.php?rest_route=%2Fwp%2Fv2%2Fcomments&post=456"}],"version-history":[{"count":0,"href":"https:\/\/haveldervielfalt.de\/index.php?rest_route=\/wp\/v2\/pages\/456\/revisions"}],"up":[{"embeddable":true,"href":"https:\/\/haveldervielfalt.de\/index.php?rest_route=\/wp\/v2\/pages\/430"}],"wp:attachment":[{"href":"https:\/\/haveldervielfalt.de\/index.php?rest_route=%2Fwp%2Fv2%2Fmedia&parent=456"}],"curies":[{"name":"wp","href":"https:\/\/api.w.org\/{rel}","templated":true}]}}