{"id":438,"date":"2023-09-01T17:11:27","date_gmt":"2023-09-01T17:11:27","guid":{"rendered":"https:\/\/haveldervielfalt.de\/?page_id=438"},"modified":"2023-09-01T17:11:27","modified_gmt":"2023-09-01T17:11:27","slug":"havel-der-vielfalt","status":"publish","type":"page","link":"https:\/\/haveldervielfalt.de\/?page_id=438","title":{"rendered":"Havel der Vielfalt"},"content":{"rendered":"\n<h2 class=\"wp-block-heading\">Deutsch<\/h2>\n\n\n\n<p>Herzlich willkommen zum CSD in Brandenburg an der Havel. Wir freuen uns \u00fcber alle hier Anwesenden und jenen Menschen , die bei der Organisation beteiligt sind und \u00fcber alle Zuschauenden von au\u00dfen. Geht es euch gut?<\/p>\n\n\n\n<p>Dies ist der dritte CSD in Brandenburg an der Havel. Der erste fand 2016 statt. Nach einer langen Pause wurde er letztes Jahr unter der BranneBande als neue Orga wiederbelebt und wird dieses Jahr in neuer St\u00e4rke fortgesetzt, denn diesmal sind auch wir von Havel der Vielfalt dabei. Diesmal haben wir \u00fcbrigens nicht vor, eine so lange Pause einzulegen, sondern werden diese Tradition des CSDs aufrechterhalten, um zu zeigen, dass auch die Stadt Brandenburg in Fragen von Queerthemen aktiv mitwirkt.<\/p>\n\n\n\n<p>Dieser CSD findet unter dem Motto &#8220;F\u00fcr ein solidarisches Brandenburg&#8221; statt. Solidarit\u00e4t zueinander und vor allem zu Opfern wie Malte in M\u00fcnster, denen f\u00fcr ihre Zivilcourage das Leben gewaltsam genommen wurde. Solch einer Gewalt kann keine Person alleine entgegenwirken, daf\u00fcr m\u00fcssen wir \u00fcber unsere kleinen und gro\u00dfen Unterschiede hinweg zusammenhalten, um dieser Ablehnung und diesem Hass geschlossen entgegentreten zu k\u00f6nnen. Nicht mit Aggression, sondern mit Solidarit\u00e4t.<br>Und im Sinne dieser Ereignisse, die den heutigen Tag \u00fcberschatten, lasst uns eine Minute an jene denken, welche heute nicht hier sein k\u00f6nnen, weil ihnen ein \u00e4hnliches Schicksal widerfahren ist. [eine Minute ca. stoppen]<\/p>\n\n\n\n<p>Und trotz dieser Ereignisse, lasst uns zusammen heute hier laut und bunt sein, um alle Erfolge, die wir erreicht haben und erreichen wollen zu feiern und dies klar und deutlich zu machen. Dazu z\u00e4hlt auch das Selbstbestimmungsgesetz. Selbst wenn es noch nicht perfekt ist, stellt es einen Schritt in die richtige Richtung dar, darf aber nicht der letzte sein. Hier zeigt sich immer noch, dass die Lebensrealit\u00e4t von einigen Menschen f\u00fcr falsch gehalten wird.&nbsp; Dass die Identit\u00e4t, die man leben m\u00f6chte, und jene, die einem zugewiesen wird, nicht \u00fcbereinstimmen m\u00fcssen. Daher w\u00fcnschen wir uns hier in der n\u00e4chsten Zeit eine \u00dcberarbeitung des Gesetzes, MIT Expert*innen und Betroffenen, nicht \u00fcber sie.<\/p>\n\n\n\n<p>Das Ausleben der eigenen Identit\u00e4t, der eigenen Sexualit\u00e4t, ist auch heute noch mit weiteren Barrieren verbunden. Wenn queere Strukturen existieren, sind sie nicht f\u00fcr alle erreichbar. Eine Treppe, ein unbekannter Ort, die Gefahr von Beleidigungen und Bedrohungen als Beispiele, machen es Menschen unm\u00f6glich, diese sicheren R\u00fcckzugsorte, auch Safe Spaces genannt, zu erreichen. Fast nirgendwo sonst m\u00fcssen Aspekte der Sicherheit und Zug\u00e4nglichkeit in beiden Extremen so in Einklang gebracht werden und es ist dringend notwendig, sich dieser Herausforderung zu stellen.<br>Wir fordern, dass es erreichbare Strukturen f\u00fcr Menschen gibt. Wir w\u00fcnschen uns, dass Standorte, die f\u00fcr unsere Stammtische in Frage k\u00e4men, sich Gedanken machen, wie sie auch behinderten Menschen zug\u00e4nglich gemacht werden k\u00f6nnen.<br>Und diese Zug\u00e4nglichkeit kommt nicht nur queeren behinderten Menschen, sondern allen Menschen zugute. Dazu z\u00e4hlen zum Beispiel auch alte Menschen, welche keine Treppe mehr steigen k\u00f6nnen und diese barrierefrei auch zugute kommt.&nbsp;<\/p>\n\n\n\n<p>Lasst uns die Trauer und Forderungen, aber auch unsere gute Laune und Energie nutzen<em>,<\/em> um am heutigen Tag, den wir f\u00fcr euch vorbereitet haben, unser Sein gemeinsam zu feiern &#8211; um unseren Zusammenhalt und die gemeinsame Zeit zu genie\u00dfen! Allen Menschen, die in ihrer Freizeit an der Organisation gearbeitet haben und selbst heute noch tatkr\u00e4fitg dabei sind &#8211; Der Stadt und auch das Land Brandenburg, welche sich kooperativ gezeigt haben &#8211; Den K\u00fcnstler*innen und Organisationen, welche Auftritte und Reden f\u00fcr euch vorbereitet haben und allen anderen, die hier sind und alles geben, um diesen Tag super werden zu lassen &#8211; Bei euch&nbsp; allen m\u00f6chten wir uns bedanken. Auch bedanken wir uns bei denjenigen, die nicht hier sind, aber uns mit Geld und Material versorgt haben, um diesen CSD zu erm\u00f6glichen.<br>Aber der gr\u00f6\u00dfte und wichtigste Dank geht an euch, an euch alle, die hier sind, die mith\u00f6ren, mitfeiern, mitlaufen. Ohne euch w\u00e4re das alles hier nicht m\u00f6glich. Danke!<\/p>\n\n\n\n<h2 class=\"wp-block-heading\">English<\/h2>\n\n\n\n<p>Welcome to the CSD in &#8216;Brandenburg an der Havel&#8217;. We are glad to have you here: every single participant, everyone who helped organising and everyone who is watching. Are you feeling good today?<\/p>\n\n\n\n<p>This is the third CSD in &#8216;Brandenburg an der Havel&#8217;. The first one was in 2016. After an extended break, the BranneBande as the new organization team survived the project from it&#8217;s slumber last year &#8211; and this year, it will be continued in even greater strength, because this time around, &#8216;Havel der Vielfalt&#8217; is part of the organization team, too. And by the way: neither of us plans to have a break this long again. We want to keep up the tradition of the annual CSD. In doing so, we want to emphasise that the city of Brandenburg actively participates in queer topics.<\/p>\n\n\n\n<p>The slogan of this year&#8217;s CSD is &#8220;Together for a solidary Brandenburg&#8221;. It stands for solidarity for each other and for victims like Malte in particular, whose&nbsp;lifes were taken violently &#8211; because of civil courage. No single person can withstand such violence on their own. That is why we need to ignore our minor and bigger differences to an extent &#8211; to stay united against such rejection and hate. And to stay together in solidarity, not in aggression. In the spirit of these events &#8211; which cast a cloud on this day &#8211; we want to commemorate each person who experienced a similar fate and who therefore can not be here with us today with a minute of silence. [One minute of silence]<\/p>\n\n\n\n<p>Despite these events, let us be loud and colorful today &#8211; together. To celebrate all achievements we have made so far and all the ones we will accomplish in the future &#8211; to make them clear and distinct. One of these achievments is the &#8216;Selbstbestimmungsgesetz&#8217; (law of self determination) &#8211; despite it not being perfect &#8211; it is a step in the right direction, but it can not be the last one. It shows us once again, that the reality of life of several people is deamed wrong &#8211; but &#8216;the identity oneself wants to live as&#8217; and &#8216;the identity that one is given&#8217; must not be the same. Hence we wish for a revision of this law &#8211; as a joined effort from experts and those who are affected &#8211; and not to decide it over their heads.<\/p>\n\n\n\n<p>Living oneself&#8217;s identity and sexuality today comes with several other hurdles. Even if there are queer structures, they are not accessible by everyone. A stairway, an unnown place, the danger of being insulted and threatened &#8211; all these things make it impossible for people to reach these safe space. To bring in line aspects of safety and accessibility in both extremes is rarely needed elsewhere, but it is desperately urgent to face this challenge. We demand accessible structures for people in general. We wish for locations where we plan on doing our regulars&#8217; table to think about how they could also make their locations accessible for disabled people. This accessibility acts in favour of everyone, not just queer disabled people. It helps elderly people who can not climb stairs anymore, for instance.<\/p>\n\n\n\n<p>Let us use our sadness and our demands, but also our cheerfulness and energy, to let us celebrate our existence, but also our solidarity and our shared time on this day we prepared for you. We want to show our gratitude to all the people who helped in organising this event in there freetime &#8211; and who are even helping right now behind the scenes. We want to thank the city and the country of Brandenburg for being cooperative. We want to give thanks to all the artists and organisations who prepared performances and speeches for you. We also want to thank everyone else who made it today and who give their each and everything to make this day the best it could be. We want to thank all of you. And we would also like to thank everyone who is not present today, but supported us financially or materially, to make this CSD possible.<br>Our biggest and most important graditude belongs to you &#8211; to all of you &#8211; who are here today, who listen, who celebrate with us and who walk with us together. Without you, this event as you see it here would not be possible. Thank you!<\/p>\n","protected":false},"excerpt":{"rendered":"<p>Deutsch Herzlich willkommen zum CSD in Brandenburg an der Havel. Wir freuen uns \u00fcber alle hier Anwesenden und jenen Menschen , die bei der Organisation beteiligt sind und \u00fcber alle Zuschauenden von au\u00dfen. Geht&#46;&#46;&#46;<\/p>\n","protected":false},"author":7,"featured_media":0,"parent":433,"menu_order":0,"comment_status":"closed","ping_status":"closed","template":"","meta":{"footnotes":""},"class_list":["post-438","page","type-page","status-publish","hentry"],"_links":{"self":[{"href":"https:\/\/haveldervielfalt.de\/index.php?rest_route=\/wp\/v2\/pages\/438","targetHints":{"allow":["GET"]}}],"collection":[{"href":"https:\/\/haveldervielfalt.de\/index.php?rest_route=\/wp\/v2\/pages"}],"about":[{"href":"https:\/\/haveldervielfalt.de\/index.php?rest_route=\/wp\/v2\/types\/page"}],"author":[{"embeddable":true,"href":"https:\/\/haveldervielfalt.de\/index.php?rest_route=\/wp\/v2\/users\/7"}],"replies":[{"embeddable":true,"href":"https:\/\/haveldervielfalt.de\/index.php?rest_route=%2Fwp%2Fv2%2Fcomments&post=438"}],"version-history":[{"count":0,"href":"https:\/\/haveldervielfalt.de\/index.php?rest_route=\/wp\/v2\/pages\/438\/revisions"}],"up":[{"embeddable":true,"href":"https:\/\/haveldervielfalt.de\/index.php?rest_route=\/wp\/v2\/pages\/433"}],"wp:attachment":[{"href":"https:\/\/haveldervielfalt.de\/index.php?rest_route=%2Fwp%2Fv2%2Fmedia&parent=438"}],"curies":[{"name":"wp","href":"https:\/\/api.w.org\/{rel}","templated":true}]}}

<h2 class="wp-block-heading">Deutsch</h2>



<p>Herzlich willkommen zum CSD in Brandenburg an der Havel. Wir freuen uns über alle hier Anwesenden und jenen Menschen , die bei der Organisation beteiligt sind und über alle Zuschauenden von außen. Geht es euch gut?</p>



<p>Dies ist der dritte CSD in Brandenburg an der Havel. Der erste fand 2016 statt. Nach einer langen Pause wurde er letztes Jahr unter der BranneBande als neue Orga wiederbelebt und wird dieses Jahr in neuer Stärke fortgesetzt, denn diesmal sind auch wir von Havel der Vielfalt dabei. Diesmal haben wir übrigens nicht vor, eine so lange Pause einzulegen, sondern werden diese Tradition des CSDs aufrechterhalten, um zu zeigen, dass auch die Stadt Brandenburg in Fragen von Queerthemen aktiv mitwirkt.</p>



<p>Dieser CSD findet unter dem Motto &#8220;Für ein solidarisches Brandenburg&#8221; statt. Solidarität zueinander und vor allem zu Opfern wie Malte in Münster, denen für ihre Zivilcourage das Leben gewaltsam genommen wurde. Solch einer Gewalt kann keine Person alleine entgegenwirken, dafür müssen wir über unsere kleinen und großen Unterschiede hinweg zusammenhalten, um dieser Ablehnung und diesem Hass geschlossen entgegentreten zu können. Nicht mit Aggression, sondern mit Solidarität.<br>Und im Sinne dieser Ereignisse, die den heutigen Tag überschatten, lasst uns eine Minute an jene denken, welche heute nicht hier sein können, weil ihnen ein ähnliches Schicksal widerfahren ist. [eine Minute ca. stoppen]</p>



<p>Und trotz dieser Ereignisse, lasst uns zusammen heute hier laut und bunt sein, um alle Erfolge, die wir erreicht haben und erreichen wollen zu feiern und dies klar und deutlich zu machen. Dazu zählt auch das Selbstbestimmungsgesetz. Selbst wenn es noch nicht perfekt ist, stellt es einen Schritt in die richtige Richtung dar, darf aber nicht der letzte sein. Hier zeigt sich immer noch, dass die Lebensrealität von einigen Menschen für falsch gehalten wird.&nbsp; Dass die Identität, die man leben möchte, und jene, die einem zugewiesen wird, nicht übereinstimmen müssen. Daher wünschen wir uns hier in der nächsten Zeit eine Überarbeitung des Gesetzes, MIT Expert*innen und Betroffenen, nicht über sie.</p>



<p>Das Ausleben der eigenen Identität, der eigenen Sexualität, ist auch heute noch mit weiteren Barrieren verbunden. Wenn queere Strukturen existieren, sind sie nicht für alle erreichbar. Eine Treppe, ein unbekannter Ort, die Gefahr von Beleidigungen und Bedrohungen als Beispiele, machen es Menschen unmöglich, diese sicheren Rückzugsorte, auch Safe Spaces genannt, zu erreichen. Fast nirgendwo sonst müssen Aspekte der Sicherheit und Zugänglichkeit in beiden Extremen so in Einklang gebracht werden und es ist dringend notwendig, sich dieser Herausforderung zu stellen.<br>Wir fordern, dass es erreichbare Strukturen für Menschen gibt. Wir wünschen uns, dass Standorte, die für unsere Stammtische in Frage kämen, sich Gedanken machen, wie sie auch behinderten Menschen zugänglich gemacht werden können.<br>Und diese Zugänglichkeit kommt nicht nur queeren behinderten Menschen, sondern allen Menschen zugute. Dazu zählen zum Beispiel auch alte Menschen, welche keine Treppe mehr steigen können und diese barrierefrei auch zugute kommt.&nbsp;</p>



<p>Lasst uns die Trauer und Forderungen, aber auch unsere gute Laune und Energie nutzen<em>,</em> um am heutigen Tag, den wir für euch vorbereitet haben, unser Sein gemeinsam zu feiern &#8211; um unseren Zusammenhalt und die gemeinsame Zeit zu genießen! Allen Menschen, die in ihrer Freizeit an der Organisation gearbeitet haben und selbst heute noch tatkräfitg dabei sind &#8211; Der Stadt und auch das Land Brandenburg, welche sich kooperativ gezeigt haben &#8211; Den Künstler*innen und Organisationen, welche Auftritte und Reden für euch vorbereitet haben und allen anderen, die hier sind und alles geben, um diesen Tag super werden zu lassen &#8211; Bei euch&nbsp; allen möchten wir uns bedanken. Auch bedanken wir uns bei denjenigen, die nicht hier sind, aber uns mit Geld und Material versorgt haben, um diesen CSD zu ermöglichen.<br>Aber der größte und wichtigste Dank geht an euch, an euch alle, die hier sind, die mithören, mitfeiern, mitlaufen. Ohne euch wäre das alles hier nicht möglich. Danke!</p>



<h2 class="wp-block-heading">English</h2>



<p>Welcome to the CSD in &#8216;Brandenburg an der Havel&#8217;. We are glad to have you here: every single participant, everyone who helped organising and everyone who is watching. Are you feeling good today?</p>



<p>This is the third CSD in &#8216;Brandenburg an der Havel&#8217;. The first one was in 2016. After an extended break, the BranneBande as the new organization team survived the project from it&#8217;s slumber last year &#8211; and this year, it will be continued in even greater strength, because this time around, &#8216;Havel der Vielfalt&#8217; is part of the organization team, too. And by the way: neither of us plans to have a break this long again. We want to keep up the tradition of the annual CSD. In doing so, we want to emphasise that the city of Brandenburg actively participates in queer topics.</p>



<p>The slogan of this year&#8217;s CSD is &#8220;Together for a solidary Brandenburg&#8221;. It stands for solidarity for each other and for victims like Malte in particular, whose&nbsp;lifes were taken violently &#8211; because of civil courage. No single person can withstand such violence on their own. That is why we need to ignore our minor and bigger differences to an extent &#8211; to stay united against such rejection and hate. And to stay together in solidarity, not in aggression. In the spirit of these events &#8211; which cast a cloud on this day &#8211; we want to commemorate each person who experienced a similar fate and who therefore can not be here with us today with a minute of silence. [One minute of silence]</p>



<p>Despite these events, let us be loud and colorful today &#8211; together. To celebrate all achievements we have made so far and all the ones we will accomplish in the future &#8211; to make them clear and distinct. One of these achievments is the &#8216;Selbstbestimmungsgesetz&#8217; (law of self determination) &#8211; despite it not being perfect &#8211; it is a step in the right direction, but it can not be the last one. It shows us once again, that the reality of life of several people is deamed wrong &#8211; but &#8216;the identity oneself wants to live as&#8217; and &#8216;the identity that one is given&#8217; must not be the same. Hence we wish for a revision of this law &#8211; as a joined effort from experts and those who are affected &#8211; and not to decide it over their heads.</p>



<p>Living oneself&#8217;s identity and sexuality today comes with several other hurdles. Even if there are queer structures, they are not accessible by everyone. A stairway, an unnown place, the danger of being insulted and threatened &#8211; all these things make it impossible for people to reach these safe space. To bring in line aspects of safety and accessibility in both extremes is rarely needed elsewhere, but it is desperately urgent to face this challenge. We demand accessible structures for people in general. We wish for locations where we plan on doing our regulars&#8217; table to think about how they could also make their locations accessible for disabled people. This accessibility acts in favour of everyone, not just queer disabled people. It helps elderly people who can not climb stairs anymore, for instance.</p>



<p>Let us use our sadness and our demands, but also our cheerfulness and energy, to let us celebrate our existence, but also our solidarity and our shared time on this day we prepared for you. We want to show our gratitude to all the people who helped in organising this event in there freetime &#8211; and who are even helping right now behind the scenes. We want to thank the city and the country of Brandenburg for being cooperative. We want to give thanks to all the artists and organisations who prepared performances and speeches for you. We also want to thank everyone else who made it today and who give their each and everything to make this day the best it could be. We want to thank all of you. And we would also like to thank everyone who is not present today, but supported us financially or materially, to make this CSD possible.<br>Our biggest and most important graditude belongs to you &#8211; to all of you &#8211; who are here today, who listen, who celebrate with us and who walk with us together. Without you, this event as you see it here would not be possible. Thank you!</p>

<p>Deutsch Herzlich willkommen zum CSD in Brandenburg an der Havel. Wir freuen uns über alle hier Anwesenden und jenen Menschen , die bei der Organisation beteiligt sind und über alle Zuschauenden von außen. Geht&#46;&#46;&#46;</p>
