{"id":430,"date":"2023-09-01T16:31:38","date_gmt":"2023-09-01T16:31:38","guid":{"rendered":"https:\/\/haveldervielfalt.de\/?page_id=430"},"modified":"2023-09-01T16:31:38","modified_gmt":"2023-09-01T16:31:38","slug":"csd-2023","status":"publish","type":"page","link":"https:\/\/haveldervielfalt.de\/?page_id=430","title":{"rendered":"CSD 2023"},"content":{"rendered":"\n<figure class=\"wp-block-image size-large\"><img loading=\"lazy\" decoding=\"async\" width=\"1024\" height=\"576\" src=\"https:\/\/valor-sp.de\/wp-content\/uploads\/2023\/07\/CSD-Brandenburg-Aufruf-1024x576.png\" alt=\"Auf lila Hintergrund sind die Umrisse von protestierenden Menschen zu sehen, die Fahnen und Schilder in die H\u00f6he halten. Sie stehen auf einem bunten Untergrund, der regenbogenfarben ist. Dar\u00fcber steht &quot;Zusammen f\u00fcr ein solidarisches Brandenburg, 02.09.&quot; Darunter steht &quot;CSD BRANDENBURG&quot;.\" class=\"wp-image-399\" srcset=\"https:\/\/haveldervielfalt.de\/wp-content\/uploads\/2023\/07\/CSD-Brandenburg-Aufruf-1024x576.png 1024w, https:\/\/haveldervielfalt.de\/wp-content\/uploads\/2023\/07\/CSD-Brandenburg-Aufruf-300x169.png 300w, https:\/\/haveldervielfalt.de\/wp-content\/uploads\/2023\/07\/CSD-Brandenburg-Aufruf-768x432.png 768w, https:\/\/haveldervielfalt.de\/wp-content\/uploads\/2023\/07\/CSD-Brandenburg-Aufruf-1536x864.png 1536w, https:\/\/haveldervielfalt.de\/wp-content\/uploads\/2023\/07\/CSD-Brandenburg-Aufruf.png 1600w\" sizes=\"auto, (max-width: 1024px) 100vw, 1024px\" \/><\/figure>\n\n\n\n<p>Am 02.09.23 geht der CSD in Brandenburg an der Havel in die dritte Runde! \u2728\ud83c\udf08\u2728<br>Wir treffen uns um 14 Uhr am Hauptbahnhof BRB und ziehen gemeinsam unter dem Motto \u201eZusammen f\u00fcr ein solidarisches Brandenburg\u201c in Richtung Nicolaiplatz.<\/p>\n\n\n\n<p>Mit dabei sind u.a. die Ordensschwestern der perpetuellen Indulgenz, die Seebr\u00fccke Potsdam, das Antifaschistische Jugendforum Brandenburg, Regenbogen Potsdam e.V., die Aidshilfe Potsdam und Women in Exile. Weitere Infos, auch zu den K\u00fcnstler*innen folgen \ud83d\ude42<\/p>\n\n\n\n<p>Das Motto des CSD in Brandenburg a.d.H. lautet dieses Jahr \u201cZusammen f\u00fcr ein solidarisches Brandenburg\u201d.<br>Immer wieder h\u00f6ren, sehen oder erleben wir selbst queerfeindliche Gewalt. Dagegen k\u00f6nnen und wollen wir nur zusammen ank\u00e4mpfen, damit wir nicht in ein Gef\u00fchl der Ohnmacht verfallen.<br>Solidarit\u00e4t bedeutet f\u00fcr uns, dass wir f\u00fcreinander einstehen, uns unterst\u00fctzen und uns damit ein Gef\u00fchl von Sicherheit geben \u2013 wir sind nicht allein!<br>Daher laden wir euch ein, mit uns und all den anderen mutigen Menschen auf die Stra\u00dfe zu gehen, um ein klares Zeichen zu setzen: gegen Hass und Gewalt, gegen Queerfeindlichkeit, Rassismus, Sexismus, Ableismus und f\u00fcr ein Brandenburg, in dem sich alle Menschen sicher f\u00fchlen und frei entfalten k\u00f6nnen!<\/p>\n\n\n\n<p>Seid dabei und geht gemeinsam mit uns auf die Stra\u00dfe f\u00fcr ein solidarisches, queerfreundliches Brandenburg!<\/p>\n\n\n\n<p>Im Anschluss, ca. 19 Uhr findet ein gemeinsames Chillout im Haus der Offiziere statt. Seid auch dabei, wenn um 23 Uhr die Clubparty losgeht!<\/p>\n\n\n\n<p>Hier kommt ihr zu den folgenden Unterpunkten:<\/p>\n\n\n\n<ul class=\"wp-block-list\">\n<li><a href=\"https:\/\/haveldervielfalt.de\/csd-2023\/reden\/\" data-type=\"page\" data-id=\"433\">Reden<\/a><\/li>\n\n\n\n<li><a href=\"https:\/\/haveldervielfalt.de\/csd-2023\/forderungen\/\" data-type=\"page\" data-id=\"456\">Forderungen<\/a><\/li>\n\n\n\n<li><a href=\"https:\/\/haveldervielfalt.de\/csd-2023\/awarenesskonzept\/\" data-type=\"page\" data-id=\"485\">Awareness<\/a><\/li>\n<\/ul>\n","protected":false},"excerpt":{"rendered":"<p>Am 02.09.23 geht der CSD in Brandenburg an der Havel in die dritte Runde! \u2728\ud83c\udf08\u2728Wir treffen uns um 14 Uhr am Hauptbahnhof BRB und ziehen gemeinsam unter dem Motto \u201eZusammen f\u00fcr ein solidarisches Brandenburg\u201c&#46;&#46;&#46;<\/p>\n","protected":false},"author":7,"featured_media":0,"parent":0,"menu_order":0,"comment_status":"closed","ping_status":"closed","template":"","meta":{"footnotes":""},"class_list":["post-430","page","type-page","status-publish","hentry"],"_links":{"self":[{"href":"https:\/\/haveldervielfalt.de\/index.php?rest_route=\/wp\/v2\/pages\/430","targetHints":{"allow":["GET"]}}],"collection":[{"href":"https:\/\/haveldervielfalt.de\/index.php?rest_route=\/wp\/v2\/pages"}],"about":[{"href":"https:\/\/haveldervielfalt.de\/index.php?rest_route=\/wp\/v2\/types\/page"}],"author":[{"embeddable":true,"href":"https:\/\/haveldervielfalt.de\/index.php?rest_route=\/wp\/v2\/users\/7"}],"replies":[{"embeddable":true,"href":"https:\/\/haveldervielfalt.de\/index.php?rest_route=%2Fwp%2Fv2%2Fcomments&post=430"}],"version-history":[{"count":0,"href":"https:\/\/haveldervielfalt.de\/index.php?rest_route=\/wp\/v2\/pages\/430\/revisions"}],"wp:attachment":[{"href":"https:\/\/haveldervielfalt.de\/index.php?rest_route=%2Fwp%2Fv2%2Fmedia&parent=430"}],"curies":[{"name":"wp","href":"https:\/\/api.w.org\/{rel}","templated":true}]}}

<figure class="wp-block-image size-large"><img loading="lazy" decoding="async" width="1024" height="576" src="https://valor-sp.de/wp-content/uploads/2023/07/CSD-Brandenburg-Aufruf-1024x576.png" alt="Auf lila Hintergrund sind die Umrisse von protestierenden Menschen zu sehen, die Fahnen und Schilder in die Höhe halten. Sie stehen auf einem bunten Untergrund, der regenbogenfarben ist. Darüber steht &quot;Zusammen für ein solidarisches Brandenburg, 02.09.&quot; Darunter steht &quot;CSD BRANDENBURG&quot;." class="wp-image-399" srcset="https://haveldervielfalt.de/wp-content/uploads/2023/07/CSD-Brandenburg-Aufruf-1024x576.png 1024w, https://haveldervielfalt.de/wp-content/uploads/2023/07/CSD-Brandenburg-Aufruf-300x169.png 300w, https://haveldervielfalt.de/wp-content/uploads/2023/07/CSD-Brandenburg-Aufruf-768x432.png 768w, https://haveldervielfalt.de/wp-content/uploads/2023/07/CSD-Brandenburg-Aufruf-1536x864.png 1536w, https://haveldervielfalt.de/wp-content/uploads/2023/07/CSD-Brandenburg-Aufruf.png 1600w" sizes="auto, (max-width: 1024px) 100vw, 1024px" /></figure>



<p>Am 02.09.23 geht der CSD in Brandenburg an der Havel in die dritte Runde! ✨🌈✨<br>Wir treffen uns um 14 Uhr am Hauptbahnhof BRB und ziehen gemeinsam unter dem Motto „Zusammen für ein solidarisches Brandenburg“ in Richtung Nicolaiplatz.</p>



<p>Mit dabei sind u.a. die Ordensschwestern der perpetuellen Indulgenz, die Seebrücke Potsdam, das Antifaschistische Jugendforum Brandenburg, Regenbogen Potsdam e.V., die Aidshilfe Potsdam und Women in Exile. Weitere Infos, auch zu den Künstler*innen folgen 🙂</p>



<p>Das Motto des CSD in Brandenburg a.d.H. lautet dieses Jahr “Zusammen für ein solidarisches Brandenburg”.<br>Immer wieder hören, sehen oder erleben wir selbst queerfeindliche Gewalt. Dagegen können und wollen wir nur zusammen ankämpfen, damit wir nicht in ein Gefühl der Ohnmacht verfallen.<br>Solidarität bedeutet für uns, dass wir füreinander einstehen, uns unterstützen und uns damit ein Gefühl von Sicherheit geben – wir sind nicht allein!<br>Daher laden wir euch ein, mit uns und all den anderen mutigen Menschen auf die Straße zu gehen, um ein klares Zeichen zu setzen: gegen Hass und Gewalt, gegen Queerfeindlichkeit, Rassismus, Sexismus, Ableismus und für ein Brandenburg, in dem sich alle Menschen sicher fühlen und frei entfalten können!</p>



<p>Seid dabei und geht gemeinsam mit uns auf die Straße für ein solidarisches, queerfreundliches Brandenburg!</p>



<p>Im Anschluss, ca. 19 Uhr findet ein gemeinsames Chillout im Haus der Offiziere statt. Seid auch dabei, wenn um 23 Uhr die Clubparty losgeht!</p>



<p>Hier kommt ihr zu den folgenden Unterpunkten:</p>



<ul class="wp-block-list">
<li><a href="https://haveldervielfalt.de/csd-2023/reden/" data-type="page" data-id="433">Reden</a></li>



<li><a href="https://haveldervielfalt.de/csd-2023/forderungen/" data-type="page" data-id="456">Forderungen</a></li>



<li><a href="https://haveldervielfalt.de/csd-2023/awarenesskonzept/" data-type="page" data-id="485">Awareness</a></li>
</ul>

<p>Am 02.09.23 geht der CSD in Brandenburg an der Havel in die dritte Runde! ✨🌈✨Wir treffen uns um 14 Uhr am Hauptbahnhof BRB und ziehen gemeinsam unter dem Motto „Zusammen für ein solidarisches Brandenburg“&#46;&#46;&#46;</p>
