{"id":1314,"date":"2025-05-19T19:28:18","date_gmt":"2025-05-19T18:28:18","guid":{"rendered":"https:\/\/haveldervielfalt.de\/?page_id=1314"},"modified":"2025-05-26T20:29:52","modified_gmt":"2025-05-26T19:29:52","slug":"naturfreundejugend","status":"publish","type":"page","link":"https:\/\/haveldervielfalt.de\/?page_id=1314","title":{"rendered":"Naturfreundejugend"},"content":{"rendered":"\n<p><strong>Redebeitrag<\/strong><\/p>\n\n\n\n<p>Naturfreundejugend 2025<\/p>\n\n\n\n<p>Deutsch: CSD Brandenburg 2025<\/p>\n\n\n\n<p>Ich freue mich sehr, heute hier vor euch sprechen zu d\u00fcrfen.<\/p>\n\n\n\n<p>Mein Name ist Mathieu-Pascal Rudolph, ich bin Vorsitzender der Naturfreundejugend<\/p>\n\n\n\n<p>Brandenburg und Vorstandsmitglied der Naturfreundejugend Deutschlands.<\/p>\n\n\n\n<p>Unser Verband k\u00e4mpft seit fast 100 Jahren f\u00fcr <strong>Solidarit\u00e4t, Freiheit und Gerechtigkeit<\/strong>.<\/p>\n\n\n\n<p>Werte, die das Fundament unserer <strong>sozialistischen, antifaschistischen,<\/strong><\/p>\n\n\n\n<p><strong>internationalen Bewegung<\/strong> sind. Und heute, 2025, sind genau diese Werte <strong>massiv<\/strong><\/p>\n\n\n\n<p><strong>bedroht<\/strong>.<\/p>\n\n\n\n<p>In einer Zeit, in der sich die gesellschaftliche Norm immer weiter nach rechts verschiebt,<\/p>\n\n\n\n<p>m\u00fcssen wir als queere und politische Bewegung n\u00e4her zusammenr\u00fccken als je zuvor.<\/p>\n\n\n\n<p><strong>Denn unsere Existenz ist wieder umk\u00e4mpft.<\/strong><\/p>\n\n\n\n<p>Wir d\u00fcrfen nicht zulassen, dass die Rechte, f\u00fcr die unsere Vorg\u00e4nger*innen alles riskiert<\/p>\n\n\n\n<p>haben,<\/p>\n\n\n\n<p>wieder infrage gestellt, relativiert oder abgeschafft werden.<\/p>\n\n\n\n<p><strong>Wenn wir nicht laut sind, wird es still um uns. Und dann wird es gef\u00e4hrlich.<\/strong><\/p>\n\n\n\n<p>Heute sehe ich:<\/p>\n\n\n\n<p><strong>Es wird leiser um uns, aber lauter \u00fcber uns.<\/strong><\/p>\n\n\n\n<p>Die Stimmen des Hasses br\u00fcllen und sie dringen durch.<\/p>\n\n\n\n<p>In den USA verschwinden queere Menschen aus der \u00d6ffentlichkeit.<\/p>\n\n\n\n<p>People of Color werden aus Geschichtsb\u00fcchern gestrichen.<\/p>\n\n\n\n<p>Trans Personen werden kriminalisiert und entrechtet.<\/p>\n\n\n\n<p><strong>Diese Angriffe sind kein Zufall, sie folgen einer Strategie.<\/strong><\/p>\n\n\n\n<p><strong>Einer globalen Strategie gegen Vielfalt, Gleichheit und Freiheit.<\/strong><\/p>\n\n\n\n<p>Und in Deutschland?<\/p>\n\n\n\n<p>Die rechtsextreme AfD hat \u00fcber <strong>20 %<\/strong> geholt. Eine Partei, die Grundrechte offen infrage<\/p>\n\n\n\n<p>stellt, das Asylrecht abschaffen will und <strong>Faschist*innen in ihren Reihen <\/strong><strong>sch\u00fctzt<\/strong>.<\/p>\n\n\n\n<p>Aber das wirklich Gef\u00e4hrliche?<\/p>\n\n\n\n<p><strong>Die CDU \u00fcbernimmt ihre Sprache, Narrative und Politik.<\/strong><\/p>\n\n\n\n<p>Ich sehe eine weltweite Gefahr. F\u00fcr uns. F\u00fcr alle marginalisierten Gruppen.<\/p>\n\n\n\n<p><strong>Wenn wir jetzt nicht laut sind, werden wir zum Schweigen gebracht.<\/strong><\/p>\n\n\n\n<p><strong>Wenn wir still sind, machen wir Platz f\u00fcr ihre Gewalt.<\/strong><\/p>\n\n\n\n<p>Deshalb stehen wir heute hier.<\/p>\n\n\n\n<p>Laut, sichtbar, entschlossen.<\/p>\n\n\n\n<p>Nicht nur f\u00fcr uns.<\/p>\n\n\n\n<p>Sondern auch f\u00fcr all die,<\/p>\n\n\n\n<p>die nicht mehr sprechen k\u00f6nnen,<\/p>\n\n\n\n<p>die nie sprechen durften,<\/p>\n\n\n\n<p>die unterdr\u00fcckt werden \u2013 weltweit.<\/p>\n\n\n\n<p><strong>Wir sind hier, weil wir w\u00fctend sind.<\/strong><\/p>\n\n\n\n<p>Ich bin w\u00fctend.<\/p>\n\n\n\n<p>W\u00fctend auf dieses System. W\u00fctend, weil:<\/p>\n\n\n\n<p>\u2013 Queere Menschen Angst haben, auf die Stra\u00dfe zu gehen.<\/p>\n\n\n\n<p>\u2013 Menschen mit Behinderungen noch immer systematisch ausgegrenzt werden.<\/p>\n\n\n\n<p>\u2013 Klimakatastrophe und Krieg Menschen in die Flucht treiben und Europa mit<\/p>\n\n\n\n<p>Abschottung und Militarisierung reagiert.<\/p>\n\n\n\n<p>\u2013 Konzerne Profite feiern, w\u00e4hrend soziale Sicherheit abgebaut wird.<\/p>\n\n\n\n<p>\u2013 Faschismus nicht nur m\u00f6glich, sondern real geworden ist.<\/p>\n\n\n\n<p><strong>Kapitalismus f\u00f6rdert Faschismus und Kapitalismus t\u00f6tet!<\/strong><\/p>\n\n\n\n<p>In jeder Krise: Klimakrise, soziale Krise, Pandemie<\/p>\n\n\n\n<p>W\u00e4hrend wir k\u00e4mpfen, feiern sie Dividenden.<\/p>\n\n\n\n<p><strong>W\u00e4hrend unsere Leben verhandelbar gemacht werden, sind ihre Profite heilig.<\/strong><\/p>\n\n\n\n<p>Unsere Antwort?<\/p>\n\n\n\n<p>&#8211; Organisierung.<\/p>\n\n\n\n<p>&#8211; Widerstand.<\/p>\n\n\n\n<p>&#8211; Internationale Solidarit\u00e4t.<\/p>\n\n\n\n<p>Der CSD war nie unpolitisch.<\/p>\n\n\n\n<p><strong>Stonewall war ein Aufstand.<\/strong><\/p>\n\n\n\n<p><strong>Ein Aufstand gegen Polizei, Staat, Ausl\u00f6schung.<\/strong><\/p>\n\n\n\n<p>Der CSD war Barrikade, war Wut, war Hoffnung.<\/p>\n\n\n\n<p>Heute f\u00fchren wir diesen Kampf weiter.<\/p>\n\n\n\n<p>Laut. Sichtbar. International.<\/p>\n\n\n\n<p><strong>F\u00fcr ein gutes Leben f\u00fcr alle \u2013 jenseits von Unterdr\u00fcckung, Ausgrenzung und<\/strong><\/p>\n\n\n\n<p><strong>Ausbeutung.<\/strong><\/p>\n\n\n\n<p>Wenn sie Mauern bauen, bauen wir Br\u00fccken.<\/p>\n\n\n\n<p>Wenn sie Angst s\u00e4en, s\u00e4en wir Hoffnung.<\/p>\n\n\n\n<p>Wenn sie unsichtbar machen, <strong>werden wir un\u00fcbersehbar.<\/strong><\/p>\n\n\n\n<p>Lasst uns k\u00e4mpfen,<\/p>\n\n\n\n<p>f\u00fcr alle, die f\u00fcr uns gek\u00e4mpft haben.<\/p>\n\n\n\n<p>F\u00fcr alle, die nie k\u00e4mpfen konnten.<\/p>\n\n\n\n<p>F\u00fcr alle, die es nicht mehr k\u00f6nnen.<\/p>\n\n\n\n<p><strong>Und f\u00fcr uns selbst.<\/strong><\/p>\n\n\n\n<p><strong>Danke!<\/strong><\/p>\n\n\n\n<hr class=\"wp-block-separator has-alpha-channel-opacity\"\/>\n\n\n\n<p>English: CSD Brandenburg 2025<\/p>\n\n\n\n<p>I am very pleased to be able to speak to you here today.<\/p>\n\n\n\n<p>My name is Mathieu-Pascal Rudolph, I am the chairman of Naturfreundejugend<\/p>\n\n\n\n<p>Brandenburg (young Nature Friends Brandenburg) and a board member of Naturfreundejugend Deutschland (young Nature Friends Germany).<\/p>\n\n\n\n<p>Our association has been fighting for <strong>solidarity, freedom and justice<\/strong> for almost 100<\/p>\n\n\n\n<p>years.<\/p>\n\n\n\n<p>Values that are the foundation of our <strong>socialist, anti-fascist, international<\/strong> <strong>movement<\/strong>. And today, in 2025, it is precisely these values that are under <strong>massive<\/strong> <strong>threat<\/strong>.<\/p>\n\n\n\n<p>At a time when the social norm is shifting ever further to the right,<\/p>\n\n\n\n<p>we as a queer movement must come closer together than ever before.<\/p>\n\n\n\n<p><strong>Because our existence is being fought over again.<\/strong><\/p>\n\n\n\n<p>We must not allow the rights that our predecessors risked everything for to be<\/p>\n\n\n\n<p>be questioned, relativized or abolished again.<\/p>\n\n\n\n<p><strong>If we are not loud, it will become quiet around us. And then it becomes dangerous.<\/strong><\/p>\n\n\n\n<p>I can see that today:<\/p>\n\n\n\n<p><strong>It is getting quieter around us but louder above us.<\/strong><\/p>\n\n\n\n<p>The voices of hatred are roaring and they are getting through.<\/p>\n\n\n\n<p>In the USA, queer people are disappearing from the public eye.<\/p>\n\n\n\n<p>People of color are being erased from history books.<\/p>\n\n\n\n<p>Trans people are being criminalized and disenfranchised.<\/p>\n\n\n\n<p><strong>These attacks are no coincidence, they follow a strategy.<\/strong><\/p>\n\n\n\n<p><strong>A global strategy against diversity, equality and freedom.<\/strong><\/p>\n\n\n\n<p>And in Germany?<\/p>\n\n\n\n<p>The far-right AfD (\u201cAlternative f\u00fcr Deutschland\u201d, Alternative for Germany \u2013 a right-wing political party) has gained <strong>votes <\/strong>over <strong>20 <\/strong><strong>%<\/strong>. A party that openly questions fundamental<\/p>\n\n\n\n<p>rights, wants to abolish the right to asylum and protects fascists in its ranks.<\/p>\n\n\n\n<p>But what is really dangerous?<\/p>\n\n\n\n<p><strong>The CDU (\u201cChristlich-Demokratische Union\u201d, Christian democratic union \u2013 the conservative political party with chancellor Friedrich Merz) is adopting their language, narratives and policies.<\/strong><\/p>\n\n\n\n<p>I see a global danger. For us. For all marginalized groups.<\/p>\n\n\n\n<p>And I&#8217;m telling you:<\/p>\n\n\n\n<p><strong>If we are not loud now, we will be silenced.<\/strong><\/p>\n\n\n\n<p><strong>If we are silent, we will make room for their violence.<\/strong><\/p>\n\n\n\n<p>That is why we are standing here today.<\/p>\n\n\n\n<p>Loud, visible, determined.<\/p>\n\n\n\n<p>Not just for us.<\/p>\n\n\n\n<p>But also for all those,<\/p>\n\n\n\n<p>who can no longer speak,<\/p>\n\n\n\n<p>who were never allowed to speak,<\/p>\n\n\n\n<p>who are oppressed &#8211; worldwide.<\/p>\n\n\n\n<p><strong>We are here because we are angry.<\/strong><\/p>\n\n\n\n<p>I am angry.<\/p>\n\n\n\n<p>Angry at this system. Angry because:<\/p>\n\n\n\n<p>&#8211; Queer people are afraid to take to the streets.<\/p>\n\n\n\n<p>&#8211; People with disabilities are still systematically marginalized.<\/p>\n\n\n\n<p>&#8211; Climate catastrophe and war are driving people to flee and Europe is reacting with<\/p>\n\n\n\n<p>isolation and militarization.<\/p>\n\n\n\n<p>&#8211; Corporations celebrate profits while social security is dismantled.<\/p>\n\n\n\n<p>&#8211; Fascism is not only possible, it has become real.<\/p>\n\n\n\n<p><strong>Capitalism promotes fascism and capitalism kills!<\/strong><\/p>\n\n\n\n<p>In every crisis: climate crisis, social crisis, pandemic<\/p>\n\n\n\n<p>While we fight, they celebrate dividends.<\/p>\n\n\n\n<p><strong>While our lives are made negotiable, their profits are sacred.<\/strong><\/p>\n\n\n\n<p>Our response?<\/p>\n\n\n\n<p>&#8211; Organize.<\/p>\n\n\n\n<p>&#8211; Resistance.<\/p>\n\n\n\n<p>&#8211; International solidarity.<\/p>\n\n\n\n<p>CSD (Christopher Street Day, name of the German pride events) was never apolitical.<\/p>\n\n\n\n<p><strong>Stonewall was a riot.<\/strong><\/p>\n\n\n\n<p><strong>An uprising against the police, the state, extermination.<\/strong><\/p>\n\n\n\n<p>The CSD was a barricade, was anger, was hope.<\/p>\n\n\n\n<p>Today we continue this fight.<\/p>\n\n\n\n<p>Loudly. Visibly. Internationally.<\/p>\n\n\n\n<p><strong>For a good life for all &#8211; beyond oppression, exclusion and exploitation.<\/strong><\/p>\n\n\n\n<p>When they build walls, we build bridges.<\/p>\n\n\n\n<p>When they sow fear, we sow hope.<\/p>\n\n\n\n<p>When they make us invisible, <strong>we become <\/strong><strong>louder than ever<\/strong><strong>.<\/strong><\/p>\n\n\n\n<p>Let us fight,<\/p>\n\n\n\n<p>for all those who have fought for us.<\/p>\n\n\n\n<p>For all those who could never fight.<\/p>\n\n\n\n<p>For all those who can no longer.<\/p>\n\n\n\n<p><strong>And for ourselves.<\/strong><\/p>\n\n\n\n<p><strong>Thank you!<\/strong><\/p>\n","protected":false},"excerpt":{"rendered":"<p>Redebeitrag Naturfreundejugend 2025 Deutsch: CSD Brandenburg 2025 Ich freue mich sehr, heute hier vor euch sprechen zu d\u00fcrfen. Mein Name ist Mathieu-Pascal Rudolph, ich bin Vorsitzender der Naturfreundejugend Brandenburg und Vorstandsmitglied der Naturfreundejugend Deutschlands.&#46;&#46;&#46;<\/p>\n","protected":false},"author":1,"featured_media":0,"parent":0,"menu_order":0,"comment_status":"closed","ping_status":"closed","template":"","meta":{"footnotes":""},"class_list":["post-1314","page","type-page","status-publish","hentry"],"_links":{"self":[{"href":"https:\/\/haveldervielfalt.de\/index.php?rest_route=\/wp\/v2\/pages\/1314","targetHints":{"allow":["GET"]}}],"collection":[{"href":"https:\/\/haveldervielfalt.de\/index.php?rest_route=\/wp\/v2\/pages"}],"about":[{"href":"https:\/\/haveldervielfalt.de\/index.php?rest_route=\/wp\/v2\/types\/page"}],"author":[{"embeddable":true,"href":"https:\/\/haveldervielfalt.de\/index.php?rest_route=\/wp\/v2\/users\/1"}],"replies":[{"embeddable":true,"href":"https:\/\/haveldervielfalt.de\/index.php?rest_route=%2Fwp%2Fv2%2Fcomments&post=1314"}],"version-history":[{"count":3,"href":"https:\/\/haveldervielfalt.de\/index.php?rest_route=\/wp\/v2\/pages\/1314\/revisions"}],"predecessor-version":[{"id":1361,"href":"https:\/\/haveldervielfalt.de\/index.php?rest_route=\/wp\/v2\/pages\/1314\/revisions\/1361"}],"wp:attachment":[{"href":"https:\/\/haveldervielfalt.de\/index.php?rest_route=%2Fwp%2Fv2%2Fmedia&parent=1314"}],"curies":[{"name":"wp","href":"https:\/\/api.w.org\/{rel}","templated":true}]}}

<p><strong>Redebeitrag</strong></p>



<p>Naturfreundejugend 2025</p>



<p>Deutsch: CSD Brandenburg 2025</p>



<p>Ich freue mich sehr, heute hier vor euch sprechen zu dürfen.</p>



<p>Mein Name ist Mathieu-Pascal Rudolph, ich bin Vorsitzender der Naturfreundejugend</p>



<p>Brandenburg und Vorstandsmitglied der Naturfreundejugend Deutschlands.</p>



<p>Unser Verband kämpft seit fast 100 Jahren für <strong>Solidarität, Freiheit und Gerechtigkeit</strong>.</p>



<p>Werte, die das Fundament unserer <strong>sozialistischen, antifaschistischen,</strong></p>



<p><strong>internationalen Bewegung</strong> sind. Und heute, 2025, sind genau diese Werte <strong>massiv</strong></p>



<p><strong>bedroht</strong>.</p>



<p>In einer Zeit, in der sich die gesellschaftliche Norm immer weiter nach rechts verschiebt,</p>



<p>müssen wir als queere und politische Bewegung näher zusammenrücken als je zuvor.</p>



<p><strong>Denn unsere Existenz ist wieder umkämpft.</strong></p>



<p>Wir dürfen nicht zulassen, dass die Rechte, für die unsere Vorgänger*innen alles riskiert</p>



<p>haben,</p>



<p>wieder infrage gestellt, relativiert oder abgeschafft werden.</p>



<p><strong>Wenn wir nicht laut sind, wird es still um uns. Und dann wird es gefährlich.</strong></p>



<p>Heute sehe ich:</p>



<p><strong>Es wird leiser um uns, aber lauter über uns.</strong></p>



<p>Die Stimmen des Hasses brüllen und sie dringen durch.</p>



<p>In den USA verschwinden queere Menschen aus der Öffentlichkeit.</p>



<p>People of Color werden aus Geschichtsbüchern gestrichen.</p>



<p>Trans Personen werden kriminalisiert und entrechtet.</p>



<p><strong>Diese Angriffe sind kein Zufall, sie folgen einer Strategie.</strong></p>



<p><strong>Einer globalen Strategie gegen Vielfalt, Gleichheit und Freiheit.</strong></p>



<p>Und in Deutschland?</p>



<p>Die rechtsextreme AfD hat über <strong>20 %</strong> geholt. Eine Partei, die Grundrechte offen infrage</p>



<p>stellt, das Asylrecht abschaffen will und <strong>Faschist*innen in ihren Reihen </strong><strong>schützt</strong>.</p>



<p>Aber das wirklich Gefährliche?</p>



<p><strong>Die CDU übernimmt ihre Sprache, Narrative und Politik.</strong></p>



<p>Ich sehe eine weltweite Gefahr. Für uns. Für alle marginalisierten Gruppen.</p>



<p><strong>Wenn wir jetzt nicht laut sind, werden wir zum Schweigen gebracht.</strong></p>



<p><strong>Wenn wir still sind, machen wir Platz für ihre Gewalt.</strong></p>



<p>Deshalb stehen wir heute hier.</p>



<p>Laut, sichtbar, entschlossen.</p>



<p>Nicht nur für uns.</p>



<p>Sondern auch für all die,</p>



<p>die nicht mehr sprechen können,</p>



<p>die nie sprechen durften,</p>



<p>die unterdrückt werden – weltweit.</p>



<p><strong>Wir sind hier, weil wir wütend sind.</strong></p>



<p>Ich bin wütend.</p>



<p>Wütend auf dieses System. Wütend, weil:</p>



<p>– Queere Menschen Angst haben, auf die Straße zu gehen.</p>



<p>– Menschen mit Behinderungen noch immer systematisch ausgegrenzt werden.</p>



<p>– Klimakatastrophe und Krieg Menschen in die Flucht treiben und Europa mit</p>



<p>Abschottung und Militarisierung reagiert.</p>



<p>– Konzerne Profite feiern, während soziale Sicherheit abgebaut wird.</p>



<p>– Faschismus nicht nur möglich, sondern real geworden ist.</p>



<p><strong>Kapitalismus fördert Faschismus und Kapitalismus tötet!</strong></p>



<p>In jeder Krise: Klimakrise, soziale Krise, Pandemie</p>



<p>Während wir kämpfen, feiern sie Dividenden.</p>



<p><strong>Während unsere Leben verhandelbar gemacht werden, sind ihre Profite heilig.</strong></p>



<p>Unsere Antwort?</p>



<p>&#8211; Organisierung.</p>



<p>&#8211; Widerstand.</p>



<p>&#8211; Internationale Solidarität.</p>



<p>Der CSD war nie unpolitisch.</p>



<p><strong>Stonewall war ein Aufstand.</strong></p>



<p><strong>Ein Aufstand gegen Polizei, Staat, Auslöschung.</strong></p>



<p>Der CSD war Barrikade, war Wut, war Hoffnung.</p>



<p>Heute führen wir diesen Kampf weiter.</p>



<p>Laut. Sichtbar. International.</p>



<p><strong>Für ein gutes Leben für alle – jenseits von Unterdrückung, Ausgrenzung und</strong></p>



<p><strong>Ausbeutung.</strong></p>



<p>Wenn sie Mauern bauen, bauen wir Brücken.</p>



<p>Wenn sie Angst säen, säen wir Hoffnung.</p>



<p>Wenn sie unsichtbar machen, <strong>werden wir unübersehbar.</strong></p>



<p>Lasst uns kämpfen,</p>



<p>für alle, die für uns gekämpft haben.</p>



<p>Für alle, die nie kämpfen konnten.</p>



<p>Für alle, die es nicht mehr können.</p>



<p><strong>Und für uns selbst.</strong></p>



<p><strong>Danke!</strong></p>



<hr class="wp-block-separator has-alpha-channel-opacity"/>



<p>English: CSD Brandenburg 2025</p>



<p>I am very pleased to be able to speak to you here today.</p>



<p>My name is Mathieu-Pascal Rudolph, I am the chairman of Naturfreundejugend</p>



<p>Brandenburg (young Nature Friends Brandenburg) and a board member of Naturfreundejugend Deutschland (young Nature Friends Germany).</p>



<p>Our association has been fighting for <strong>solidarity, freedom and justice</strong> for almost 100</p>



<p>years.</p>



<p>Values that are the foundation of our <strong>socialist, anti-fascist, international</strong> <strong>movement</strong>. And today, in 2025, it is precisely these values that are under <strong>massive</strong> <strong>threat</strong>.</p>



<p>At a time when the social norm is shifting ever further to the right,</p>



<p>we as a queer movement must come closer together than ever before.</p>



<p><strong>Because our existence is being fought over again.</strong></p>



<p>We must not allow the rights that our predecessors risked everything for to be</p>



<p>be questioned, relativized or abolished again.</p>



<p><strong>If we are not loud, it will become quiet around us. And then it becomes dangerous.</strong></p>



<p>I can see that today:</p>



<p><strong>It is getting quieter around us but louder above us.</strong></p>



<p>The voices of hatred are roaring and they are getting through.</p>



<p>In the USA, queer people are disappearing from the public eye.</p>



<p>People of color are being erased from history books.</p>



<p>Trans people are being criminalized and disenfranchised.</p>



<p><strong>These attacks are no coincidence, they follow a strategy.</strong></p>



<p><strong>A global strategy against diversity, equality and freedom.</strong></p>



<p>And in Germany?</p>



<p>The far-right AfD (“Alternative für Deutschland”, Alternative for Germany – a right-wing political party) has gained <strong>votes </strong>over <strong>20 </strong><strong>%</strong>. A party that openly questions fundamental</p>



<p>rights, wants to abolish the right to asylum and protects fascists in its ranks.</p>



<p>But what is really dangerous?</p>



<p><strong>The CDU (“Christlich-Demokratische Union”, Christian democratic union – the conservative political party with chancellor Friedrich Merz) is adopting their language, narratives and policies.</strong></p>



<p>I see a global danger. For us. For all marginalized groups.</p>



<p>And I&#8217;m telling you:</p>



<p><strong>If we are not loud now, we will be silenced.</strong></p>



<p><strong>If we are silent, we will make room for their violence.</strong></p>



<p>That is why we are standing here today.</p>



<p>Loud, visible, determined.</p>



<p>Not just for us.</p>



<p>But also for all those,</p>



<p>who can no longer speak,</p>



<p>who were never allowed to speak,</p>



<p>who are oppressed &#8211; worldwide.</p>



<p><strong>We are here because we are angry.</strong></p>



<p>I am angry.</p>



<p>Angry at this system. Angry because:</p>



<p>&#8211; Queer people are afraid to take to the streets.</p>



<p>&#8211; People with disabilities are still systematically marginalized.</p>



<p>&#8211; Climate catastrophe and war are driving people to flee and Europe is reacting with</p>



<p>isolation and militarization.</p>



<p>&#8211; Corporations celebrate profits while social security is dismantled.</p>



<p>&#8211; Fascism is not only possible, it has become real.</p>



<p><strong>Capitalism promotes fascism and capitalism kills!</strong></p>



<p>In every crisis: climate crisis, social crisis, pandemic</p>



<p>While we fight, they celebrate dividends.</p>



<p><strong>While our lives are made negotiable, their profits are sacred.</strong></p>



<p>Our response?</p>



<p>&#8211; Organize.</p>



<p>&#8211; Resistance.</p>



<p>&#8211; International solidarity.</p>



<p>CSD (Christopher Street Day, name of the German pride events) was never apolitical.</p>



<p><strong>Stonewall was a riot.</strong></p>



<p><strong>An uprising against the police, the state, extermination.</strong></p>



<p>The CSD was a barricade, was anger, was hope.</p>



<p>Today we continue this fight.</p>



<p>Loudly. Visibly. Internationally.</p>



<p><strong>For a good life for all &#8211; beyond oppression, exclusion and exploitation.</strong></p>



<p>When they build walls, we build bridges.</p>



<p>When they sow fear, we sow hope.</p>



<p>When they make us invisible, <strong>we become </strong><strong>louder than ever</strong><strong>.</strong></p>



<p>Let us fight,</p>



<p>for all those who have fought for us.</p>



<p>For all those who could never fight.</p>



<p>For all those who can no longer.</p>



<p><strong>And for ourselves.</strong></p>



<p><strong>Thank you!</strong></p>

<p>Redebeitrag Naturfreundejugend 2025 Deutsch: CSD Brandenburg 2025 Ich freue mich sehr, heute hier vor euch sprechen zu dürfen. Mein Name ist Mathieu-Pascal Rudolph, ich bin Vorsitzender der Naturfreundejugend Brandenburg und Vorstandsmitglied der Naturfreundejugend Deutschlands.&#46;&#46;&#46;</p>
