{"id":1310,"date":"2025-05-19T19:27:50","date_gmt":"2025-05-19T18:27:50","guid":{"rendered":"https:\/\/haveldervielfalt.de\/?page_id=1310"},"modified":"2025-05-24T08:46:28","modified_gmt":"2025-05-24T07:46:28","slug":"gleichstellungsbeauftragte-der-mhb-medizinischen-hochschule-brandenburg","status":"publish","type":"page","link":"https:\/\/haveldervielfalt.de\/?page_id=1310","title":{"rendered":"Humanit\u00e4rer Bund, humanistischer Regionalverband"},"content":{"rendered":"\n<p>Liebe Freund:innen der Vielfalt,<\/p>\n\n\n\n<p>erst einmal vielen Dank f\u00fcr die Einladung zu eurem Fr\u00fchlings-Pride. Ich bin nun schon das dritte Mal f\u00fcr den Humanistischen Verband BB dabei \u2026 und jedes Mal f\u00e4llt es mir schwer, einen Redebeitrag zu verfassen, der sich mit den Problemen der Region auseinandersetzt.<\/p>\n\n\n\n<p>Ich bin Berliner seit fast 44 Jahren. Und ich bin gewisserma\u00dfen priviligiert, in einer Gro\u00dfstadt zu leben, in der ich mich teilweise anonym bewegen kann.<\/p>\n\n\n\n<p>Und ich kann mich meinen Vorredner:innen nur anschlie\u00dfen. Der Ton, der uns Queers entgegen kommt, wird rauer. Jeden Tag lesen und h\u00f6ren wir von queerfeindlichen \u00dcbergriffen. Laut dem vor kurzem ver\u00f6ffentlichten Report des Anti-Gewalt-Projektes \u201eManeo\u201c, ich zitiere, \u201ebefinden sich die Zahl registrierter queerfeindlicher Angriffe mit 738 im vergangenen Jahr auf einem neuen H\u00f6chststand. Anf\u00e4llig dabei ist vor allem die Zunahme von Angriffen auf queere Einrichtungen und Gedenkorte. Hier verzeichnet der \u201eManeo\u201c-Report einen Zuwachs von fast 60% im Vergleich zum Vorjahr\u201c. ( Quelle: Siegess\u00e4ule )<\/p>\n\n\n\n<p>Was bleibt uns also? Sollten wir uns wieder hinter unseren Wohnungst\u00fcren verstecken? Uns weniger \u201ebunt\u201c kleiden? Zur\u00fcck zu alten Mustern? Ich sage klar \u201eNein!\u201c Lasst uns zusammenhalten! Lasst uns einander unterst\u00fctzen! Lasst uns zusammen zu allen m\u00f6glichen CSDs in unserer Umgebung gehen! Und lasst uns gegen\u00fcber den Demokratiefeinden innerhalb unserer Regierung nicht leiser werden! Denn, \u201ewer schweigt stimmt zu\u201c! Vielen Dank<\/p>\n\n\n\n<hr class=\"wp-block-separator has-alpha-channel-opacity\"\/>\n\n\n\n<p>English:<\/p>\n\n\n\n<p>Dear friends of pluralism,<\/p>\n\n\n\n<p>first and foremost: thank you very much for the invitation to your spring Pride.<\/p>\n\n\n\n<p>I am here on behalf of the Humanistischer Verband Brandenburg (English: \u201cHumanitarian Alliance Brandenburg\u201c) and for the third time already. Time and time again, it is hard for me to come up with a speech that discusses local problems.<\/p>\n\n\n\n<p>I&#8217;ve been a Berlin local for almost 44 years. And in a way, I am privileged to live in a big city where I can move around anonymously in parts.<\/p>\n\n\n\n<p>And I can only agree with the previous speakers. The tone that we queers are being given is getting harsher. We read and hear about queer-hostile attacks every day. According to the recently published report by the anti-violence project \u201cManeo\u201d, and I quote, \u201cthe number of registered queer-hostile attacks reached a new high of 738 last year. The increase in attacks on queer institutions and memorials is particularly striking. Here, the \u201cManeo\u201d report records an increase of almost 60% compared to the previous year.\u201d (Source: Siegess\u00e4ule, English \u201cvictory column\u201d a free queer magazine published in Berlin)<\/p>\n\n\n\n<p>So where does that leave us? Should we hide behind our front doors again? Dress less \u201ccolorfully\u201d? Go back to old patterns? I clearly say \u201cNo!\u201d Let&#8217;s stick together! Let&#8217;s support each other! Let&#8217;s go to all kinds of CSDs (German Pride events) in our area together! And let&#8217;s not become quieter towards the enemies of democracy within our government! Because \u201cthe one who is silent agrees\u201d! Thank you very much<\/p>\n","protected":false},"excerpt":{"rendered":"<p>Liebe Freund:innen der Vielfalt, erst einmal vielen Dank f\u00fcr die Einladung zu eurem Fr\u00fchlings-Pride. Ich bin nun schon das dritte Mal f\u00fcr den Humanistischen Verband BB dabei \u2026 und jedes Mal f\u00e4llt es mir&#46;&#46;&#46;<\/p>\n","protected":false},"author":1,"featured_media":0,"parent":0,"menu_order":0,"comment_status":"closed","ping_status":"closed","template":"","meta":{"footnotes":""},"class_list":["post-1310","page","type-page","status-publish","hentry"],"_links":{"self":[{"href":"https:\/\/haveldervielfalt.de\/index.php?rest_route=\/wp\/v2\/pages\/1310","targetHints":{"allow":["GET"]}}],"collection":[{"href":"https:\/\/haveldervielfalt.de\/index.php?rest_route=\/wp\/v2\/pages"}],"about":[{"href":"https:\/\/haveldervielfalt.de\/index.php?rest_route=\/wp\/v2\/types\/page"}],"author":[{"embeddable":true,"href":"https:\/\/haveldervielfalt.de\/index.php?rest_route=\/wp\/v2\/users\/1"}],"replies":[{"embeddable":true,"href":"https:\/\/haveldervielfalt.de\/index.php?rest_route=%2Fwp%2Fv2%2Fcomments&post=1310"}],"version-history":[{"count":2,"href":"https:\/\/haveldervielfalt.de\/index.php?rest_route=\/wp\/v2\/pages\/1310\/revisions"}],"predecessor-version":[{"id":1336,"href":"https:\/\/haveldervielfalt.de\/index.php?rest_route=\/wp\/v2\/pages\/1310\/revisions\/1336"}],"wp:attachment":[{"href":"https:\/\/haveldervielfalt.de\/index.php?rest_route=%2Fwp%2Fv2%2Fmedia&parent=1310"}],"curies":[{"name":"wp","href":"https:\/\/api.w.org\/{rel}","templated":true}]}}

Humanitärer Bund, humanistischer Regionalverband

<p>Liebe Freund:innen der Vielfalt,</p>



<p>erst einmal vielen Dank für die Einladung zu eurem Frühlings-Pride. Ich bin nun schon das dritte Mal für den Humanistischen Verband BB dabei … und jedes Mal fällt es mir schwer, einen Redebeitrag zu verfassen, der sich mit den Problemen der Region auseinandersetzt.</p>



<p>Ich bin Berliner seit fast 44 Jahren. Und ich bin gewissermaßen priviligiert, in einer Großstadt zu leben, in der ich mich teilweise anonym bewegen kann.</p>



<p>Und ich kann mich meinen Vorredner:innen nur anschließen. Der Ton, der uns Queers entgegen kommt, wird rauer. Jeden Tag lesen und hören wir von queerfeindlichen Übergriffen. Laut dem vor kurzem veröffentlichten Report des Anti-Gewalt-Projektes „Maneo“, ich zitiere, „befinden sich die Zahl registrierter queerfeindlicher Angriffe mit 738 im vergangenen Jahr auf einem neuen Höchststand. Anfällig dabei ist vor allem die Zunahme von Angriffen auf queere Einrichtungen und Gedenkorte. Hier verzeichnet der „Maneo“-Report einen Zuwachs von fast 60% im Vergleich zum Vorjahr“. ( Quelle: Siegessäule )</p>



<p>Was bleibt uns also? Sollten wir uns wieder hinter unseren Wohnungstüren verstecken? Uns weniger „bunt“ kleiden? Zurück zu alten Mustern? Ich sage klar „Nein!“ Lasst uns zusammenhalten! Lasst uns einander unterstützen! Lasst uns zusammen zu allen möglichen CSDs in unserer Umgebung gehen! Und lasst uns gegenüber den Demokratiefeinden innerhalb unserer Regierung nicht leiser werden! Denn, „wer schweigt stimmt zu“! Vielen Dank</p>



<hr class="wp-block-separator has-alpha-channel-opacity"/>



<p>English:</p>



<p>Dear friends of pluralism,</p>



<p>first and foremost: thank you very much for the invitation to your spring Pride.</p>



<p>I am here on behalf of the Humanistischer Verband Brandenburg (English: “Humanitarian Alliance Brandenburg“) and for the third time already. Time and time again, it is hard for me to come up with a speech that discusses local problems.</p>



<p>I&#8217;ve been a Berlin local for almost 44 years. And in a way, I am privileged to live in a big city where I can move around anonymously in parts.</p>



<p>And I can only agree with the previous speakers. The tone that we queers are being given is getting harsher. We read and hear about queer-hostile attacks every day. According to the recently published report by the anti-violence project “Maneo”, and I quote, “the number of registered queer-hostile attacks reached a new high of 738 last year. The increase in attacks on queer institutions and memorials is particularly striking. Here, the “Maneo” report records an increase of almost 60% compared to the previous year.” (Source: Siegessäule, English “victory column” a free queer magazine published in Berlin)</p>



<p>So where does that leave us? Should we hide behind our front doors again? Dress less “colorfully”? Go back to old patterns? I clearly say “No!” Let&#8217;s stick together! Let&#8217;s support each other! Let&#8217;s go to all kinds of CSDs (German Pride events) in our area together! And let&#8217;s not become quieter towards the enemies of democracy within our government! Because “the one who is silent agrees”! Thank you very much</p>

<p>Liebe Freund:innen der Vielfalt, erst einmal vielen Dank für die Einladung zu eurem Frühlings-Pride. Ich bin nun schon das dritte Mal für den Humanistischen Verband BB dabei … und jedes Mal fällt es mir&#46;&#46;&#46;</p>
