{"id":1302,"date":"2025-05-19T19:26:49","date_gmt":"2025-05-19T18:26:49","guid":{"rendered":"https:\/\/haveldervielfalt.de\/?page_id=1302"},"modified":"2025-05-24T08:46:28","modified_gmt":"2025-05-24T07:46:28","slug":"asta-allgemeiner-studierendenausschuss-der-thb-technischen-hochschule-brandenburg","status":"publish","type":"page","link":"https:\/\/haveldervielfalt.de\/?page_id=1302","title":{"rendered":"AstA (Allgemeiner Studierendenausschuss) der THB (Technischen Hochschule Brandenburg)"},"content":{"rendered":"\n<p><strong>Rede<\/strong><\/p>\n\n\n\n<p>AstA THB CSD Brandenburg 2025<\/p>\n\n\n\n<p>Liebe Menschen,<\/p>\n\n\n\n<p>Warum spricht hier die Vorsitzende vom AStA der THB? Weil wir als AStA f\u00fcr eine<\/p>\n\n\n\n<p>Studierendenschaft stehen wollen, die f\u00fcr Solidarit\u00e4t, Vielfalt und Menschenrechte einsteht.<\/p>\n\n\n\n<p>Ich hab hier einen Ziegelstein, das ist kein Aufruf zur Gewallt. Dieser Ziegelstein ist ein<\/p>\n\n\n\n<p>Aufruf, daran zu denken, warum wir den CSD \u00fcberhaupt feiern k\u00f6nnen:<\/p>\n\n\n\n<p>So bunt und lebendig er heute auch erscheinen mag, hat der CSD seinen Ursprung nicht im Feiern, sondern im Widerstand. 1969 in der Christopher Street in New York haben sich queere Menschen gegen Polizeigewalt und Diskriminierung zur Wehr gesetzt. Wir d\u00fcrfen hier stehen, weil es andere nicht durften. Wir d\u00fcrfen friedlich protestieren, weil Schwarze trans Frauen und viele andere sich nicht mehr nur mit Worten wehrten \u2013 sondern mit Steinen, gegen ein brutales und unterdr\u00fcckendes System.<\/p>\n\n\n\n<p>Deshalb ist der CSD kein Party-Tag. Er ist ein Kampftag. Und gerade heute d\u00fcrfen wir das<\/p>\n\n\n\n<p>nicht vergessen.<\/p>\n\n\n\n<p>Wir erleben, wie in Europa und Deutschland queerfeindliche Tendenzen zunehmen.<\/p>\n\n\n\n<p>In Gro\u00dfbritannien werden trans Personen nicht anerkannt, in Ungarn ist der CSD verboten.<\/p>\n\n\n\n<p>Transfeindliche Gesetzesinitiativen, rechte Hetze gegen queere Bildungsarbeit und Angriffe auf queere Menschen nehmen zu. Rechte Parteien machen Stimmung gegen Minderheiten \u2013 und es wird gef\u00e4hrlich.<\/p>\n\n\n\n<p>Gleichzeitig d\u00fcrfen wir Erfolge nicht \u00fcbersehen: Die Rainbow Map, die die rechtliche<\/p>\n\n\n\n<p>Situation queerer Menschen in Europa bewertet, zeigt \u2013 Deutschland ist 2024 auf Platz 8<\/p>\n\n\n\n<p>aufgestiegen. Das ist ein Fortschritt, den wir feiern d\u00fcrfen! Es beweist: Ver\u00e4nderung ist<\/p>\n\n\n\n<p>m\u00f6glich \u2013 unser Kampf wirkt.<\/p>\n\n\n\n<p>Pride bedeutet Widerstand. Pride bedeutet auch Verantwortung.<\/p>\n\n\n\n<p>Denn es reicht nicht, tolerant zu sein. Wir m\u00fcssen aktiv solidarisch sein. Wir m\u00fcssen laut<\/p>\n\n\n\n<p>sein \u2013 gegen Hass, gegen Ignoranz, gegen Gewalt.<\/p>\n\n\n\n<p>Lasst uns heute feiern \u2013 lasst uns heute k\u00e4mpfen. F\u00fcr diejenigen, die vor uns standen. F\u00fcr<\/p>\n\n\n\n<p>die, die heute unter Repression leiden. Und f\u00fcr eine Zukunft, in der niemand mehr Angst<\/p>\n\n\n\n<p>haben muss, einfach sie selbst zu sein.<\/p>\n\n\n\n<p>Danke euch \u2013 und vergesst nicht: Pride is political!<\/p>\n\n\n\n<hr class=\"wp-block-separator has-alpha-channel-opacity\"\/>\n\n\n\n<p>English<\/p>\n\n\n\n<p>Dear people,<\/p>\n\n\n\n<p>Why is the chairperson of THB&#8217;s AstA (General Students Committee) speaking here? Because we as the AStA want to stand for a student body that stands up for solidarity, diversity and human rights.<\/p>\n\n\n\n<p>I have a brick here, this is not a call for violence. This brick is a call to think about why we<\/p>\n\n\n\n<p>can celebrate the CSD (name of the German Pride event) at all:<\/p>\n\n\n\n<p>As colorful and lively as it may seem today, CSD did not originate in celebration, but in<\/p>\n\n\n\n<p>resistance. In 1969 on Christopher Street in New York, queer people took a stand against<\/p>\n\n\n\n<p>police violence and discrimination. We are allowed to stand here because others where not allowed to. We are allowed to protest peacefully because black trans women and many others no longer just defended themselves with words &#8211; but with stones, against a brutal and oppressive system.<\/p>\n\n\n\n<p>That&#8217;s why CSD is not a party day. It is a day of struggle. And especially today, we must not forget that.<\/p>\n\n\n\n<p>We are witnessing an increase in anti-queer tendencies in Europe and Germany.<\/p>\n\n\n\n<p>In Great Britain, trans people are not recognized; in Hungary, CSD is banned.<\/p>\n\n\n\n<p>Trans-hostile legislative initiatives, right-wing agitation against queer educational work and<\/p>\n\n\n\n<p>attacks on queer people are on the rise. Right-wing parties are stirring up a mood against<\/p>\n\n\n\n<p>minorities &#8211; and it&#8217;s getting dangerous.<\/p>\n\n\n\n<p>At the same time, we must not overlook successes: The Rainbow Map, which assesses the legal situation of queer people in Europe, shows &#8211; Germany has risen to 8th place in 2024.<\/p>\n\n\n\n<p>That&#8217;s progress we can celebrate! It proves that change is possible &#8211; our fight is working.<\/p>\n\n\n\n<p>Pride means resistance. Pride also means responsibility.<\/p>\n\n\n\n<p>Because it is not enough to be tolerant. We have to show active solidarity. We have to be<\/p>\n\n\n\n<p>loud &#8211; against hate, against ignorance, against violence.<\/p>\n\n\n\n<p>Let&#8217;s celebrate today &#8211; let&#8217;s fight today. For those who came before us. For those who suffer repression today. And for a future in which no one has to be afraid to simply be themselves.<\/p>\n\n\n\n<p>Thank you &#8211; and don&#8217;t forget: Pride is political!<\/p>\n","protected":false},"excerpt":{"rendered":"<p>Rede AstA THB CSD Brandenburg 2025 Liebe Menschen, Warum spricht hier die Vorsitzende vom AStA der THB? Weil wir als AStA f\u00fcr eine Studierendenschaft stehen wollen, die f\u00fcr Solidarit\u00e4t, Vielfalt und Menschenrechte einsteht. Ich&#46;&#46;&#46;<\/p>\n","protected":false},"author":1,"featured_media":0,"parent":0,"menu_order":0,"comment_status":"closed","ping_status":"closed","template":"","meta":{"footnotes":""},"class_list":["post-1302","page","type-page","status-publish","hentry"],"_links":{"self":[{"href":"https:\/\/haveldervielfalt.de\/index.php?rest_route=\/wp\/v2\/pages\/1302","targetHints":{"allow":["GET"]}}],"collection":[{"href":"https:\/\/haveldervielfalt.de\/index.php?rest_route=\/wp\/v2\/pages"}],"about":[{"href":"https:\/\/haveldervielfalt.de\/index.php?rest_route=\/wp\/v2\/types\/page"}],"author":[{"embeddable":true,"href":"https:\/\/haveldervielfalt.de\/index.php?rest_route=\/wp\/v2\/users\/1"}],"replies":[{"embeddable":true,"href":"https:\/\/haveldervielfalt.de\/index.php?rest_route=%2Fwp%2Fv2%2Fcomments&post=1302"}],"version-history":[{"count":3,"href":"https:\/\/haveldervielfalt.de\/index.php?rest_route=\/wp\/v2\/pages\/1302\/revisions"}],"predecessor-version":[{"id":1326,"href":"https:\/\/haveldervielfalt.de\/index.php?rest_route=\/wp\/v2\/pages\/1302\/revisions\/1326"}],"wp:attachment":[{"href":"https:\/\/haveldervielfalt.de\/index.php?rest_route=%2Fwp%2Fv2%2Fmedia&parent=1302"}],"curies":[{"name":"wp","href":"https:\/\/api.w.org\/{rel}","templated":true}]}}