{"id":1298,"date":"2025-05-19T19:25:55","date_gmt":"2025-05-19T18:25:55","guid":{"rendered":"https:\/\/haveldervielfalt.de\/?page_id=1298"},"modified":"2025-05-24T08:46:28","modified_gmt":"2025-05-24T07:46:28","slug":"andersartig-e-v","status":"publish","type":"page","link":"https:\/\/haveldervielfalt.de\/?page_id=1298","title":{"rendered":"Andersartig e.V"},"content":{"rendered":"\n<p><strong>Rede<\/strong><\/p>\n\n\n\n<p>AndersArtig e.V. CSD Brandenburg 2025<\/p>\n\n\n\n<p>Sichtbar Queer sein in Brandenburg geht in dieser Zeit wieder mit der Gefahr einher, die eigene Sicherheit und die eigene k\u00f6rperliche und seelische Unversehrtheit aufs Spiel zu setzen. Es geh\u00f6rt wieder Mut dazu, sich so zu zeigen, wie man ist. Es beschleicht uns das Gef\u00fchl, zur\u00fcck zu einem Punkt zu kommen, der schon als historisch und \u00fcberwunden galt.<\/p>\n\n\n\n<p>Und dennoch gibt es zugleich auch Hoffnung und Zuversicht. Die gesellschaftliche Entwicklung hin zu rechten und autorit\u00e4ren Vorstellungen bewirkt ein Erwachen auch in gro\u00dfen Teilen unserer Community. Wenn ganze Menschengruppen entwertet werden, ist R\u00fcckgrat und Courage gefragt. Es setzt sich die Erkenntnis durch, dass man das, was errungen wurde, auch wieder verlieren kann.<\/p>\n\n\n\n<p>In diesem Jahr gehen 23 CSDs in Brandenburg an den Start. Wer heute sichtbar queer lebt, wer politisch denkt und f\u00fchlt, kommt an all dem Hass, der Verachtung und der Propaganda gegen gendersensible Sprache, trans* Personen, queere Bildungsarbeit, Lesben und Schwule, Migrant*innen, Feminismus, Juden nicht mehr vorbei.<\/p>\n\n\n\n<p>Es steht in Gefahr, was in so vielen Jahren seit der Wende m\u00fchsam und oft gegen Widerst\u00e4nde aufgebaut wurde. Und es macht w\u00fctend, dass ein betr\u00e4chtlicher Teil der Bev\u00f6lkerung Grundprinzipien einer zivilisierten Gesellschaft \u2013 wie Respekt, Menschenw\u00fcrde, Solidarit\u00e4t und Gemeinsinn \u2013 f\u00fcr die eigene Bequemlichkeit zu opfern bereit ist. Es macht w\u00fctend, wenn die Strukturen, die Opfern vorurteilsmotivierter Gewalt Schutz bieten oder Projekten, die einen konstruktiven, bejahenden Umgang mit sexueller und geschlechtlicher Vielfalt vermitteln, in Gefahr gebracht werden!<\/p>\n\n\n\n<p>Wie kann es sein in dieser Zeit, dass die von der Opferperspektive betriebene Antidiskriminierungsberatung vor dem Aus steht? Wie kann es sein, dass das derzeit einzige landesweite queere Schulaufkl\u00e4rungsprojekt in Brandenburg \u201eBildung unterm Regenbogen\u201c vom hiesigen Bildungsministerium seit mehreren Jahren systematisch ausgebremst wird und in diesem Moment, da die Schule f\u00fcr queere Jugendliche zunehmend zu einem Angstraum wird, ohne gesicherte Finanzierung dasteht? Wie sollen wir dem Faschismus die Stirn bieten, wenn diese Regierung uns h\u00e4ngen l\u00e4sst? Haben Sie immer noch nicht begriffen, wie prek\u00e4r, wie gef\u00e4hrlich die Lage f\u00fcr gesellschaftliche Minderheiten im Land ist?<\/p>\n\n\n\n<p>Die Zahl rechter \u00dcbergriffe steigt von Jahr zu Jahr immer bedrohlicher an. In zehn Jahren hat sich die Zahl gemeldeter \u00dcbergriffe verf\u00fcnffacht. Von den im vergangenen Jahr registrierten rund 600 F\u00e4llen von Diskriminierung und Gewalt gehen fast zwei Drittel auf ein rechtes Tatmotiv zur\u00fcck.<\/p>\n\n\n\n<p>Wir und viele andere Organisationen sind es, die sich f\u00fcr den gesellschaftlichen Zusammenhalt einsetzen und gegen autorit\u00e4re, faschistische Ausw\u00fcchse eintreten.<\/p>\n\n\n\n<p>Wie arm \u2013 geistig, kulturell, politisch, wirtschaftlich &#8211; w\u00e4re dieses Land ohne Zuwanderung, ohne Juden und J\u00fcdinnen, ohne Feminismus, ohne Lesben, Schwule, Bisexuelle, trans*, inter* und queere Menschen.<\/p>\n\n\n\n<p>Wir fordern daher auf allen Ebenen ein Bekenntnis zu gesellschaftlicher Vielfalt und eine St\u00e4rkung und Sicherung der demokratief\u00f6rdernden Projekte. Wir fordern den Erhalt und den kraftvollen Ausbau von Bildungsprojekten wie \u201eBildung unterm Regenbogen\u201c. Wir fordern ein klares Bekenntnis zum Aktionsplan Queeres Brandenburg und eine entsprechende Ausstattung mit Ressourcen. Wir fordern die Erweiterung des Grundgesetzartikels 3 um das Merkmal der sexuellen Orientierung und geschlechtlichen Identit\u00e4t. Wir fordern echte Teilhabe und Mitbestimmung \u00fcber die politischen Themen, die uns betreffen.<\/p>\n\n\n\n<p>Schluss mit Scheinformaten und Pseudobeteiligung.<\/p>\n\n\n\n<p>Eine vorrangige Aufgabe des Staates ist es, seine Einwohner*innen zu sch\u00fctzen. Das gilt auch f\u00fcr queere Menschen, f\u00fcr Migrant*innen, f\u00fcr Frauen, f\u00fcr Menschen, die behindert werden, f\u00fcr Juden, f\u00fcr Muslime, wie auch f\u00fcr Christen.<\/p>\n\n\n\n<p>Eine Gesellschaft muss sich daran messen lassen, wie sie mit ihren Minderheiten umgeht und welche Chance auf Teilhabe sie diesen einr\u00e4umt. Welche Note w\u00fcrdet ihr diesem Land gerade geben?<\/p>\n\n\n\n<p>Die Demokratie ist nichts wert, wenn sie zu einer Tyrannei der Mehrheit verkommt. Lasst uns heute und an allen Tagen laut und widerst\u00e4ndig sein, wo Vielfalt und Demokratie in Gefahr geraten.<\/p>\n\n\n\n<p>M\u00f6ge die Vielfalt mit uns sein!<\/p>\n\n\n\n<hr class=\"wp-block-separator has-alpha-channel-opacity\"\/>\n\n\n\n<p>English<\/p>\n\n\n\n<p>Being visibly queer in the federal state of Brandenburg is once again accompanied by the risk of putting one&#8217;s own safety and physical and mental integrity at risk. It takes courage again to show yourself as you are. We have the feeling that we are returning to a point that was already considered historical and overcome.<\/p>\n\n\n\n<p>And yet there is also hope and confidence. The social development towards right-wing and authoritarian ideas is also causing an awakening in large parts of our community. When entire groups of people are devalued, backbone and courage are required. The realization is gaining ground that what has been gained can also be lost again.<\/p>\n\n\n\n<p>This year, 23 CSDs are taking place in Brandenburg. Anyone who lives visibly queer today, who thinks and feels politically, can no longer avoid all the hatred, contempt and propaganda against gender-sensitive language, trans* people, queer educational work, lesbians and gays, migrants, feminism and Jews.<\/p>\n\n\n\n<p>What has been painstakingly built up over so many years since the \u201cWende\u201d (English: \u201cturnaround\u201d, the 1990 re-union of both East and West Germany) is at risk, often in the face of resistance. And it is infuriating that a considerable proportion of the population is prepared to sacrifice basic principles of a civilized society &#8211; such as respect, human dignity, solidarity and public spirit &#8211; for their own convenience. It is infuriating when the structures that offer protection to victims of violence motivated by prejudice or projects that promote a constructive, affirmative approach to sexual and gender diversity are put at risk!<\/p>\n\n\n\n<p>How can it be at this time that the anti-discrimination counseling run by \u201cOpferperspektive\u201d (English: \u201cvictim\u2019s perspective\u201d, a non-profit organization) is on the verge of being shut down? How can it be that the only state-wide queer school education project in Brandenburg, \u201eBildung unterm Regenbogen\u201c (\u201cEducation under the Rainbow\u201d), has been systematically thwarted by the local Ministry of Education for several years and is without secure funding at a time when schools are increasingly becoming a place of fear for queer young people? How are we supposed to stand up to fascism if this government leaves us hanging? Have you still not understood how precarious, how dangerous the situation is for social minorities in the country?<\/p>\n\n\n\n<p>The number of right-wing attacks is increasing from year to year. In ten years, the number of reported attacks has increased fivefold. Of the approximately 600 cases of discrimination and violence registered last year, almost two thirds can be attributed to a right-wing motive.<\/p>\n\n\n\n<p>We and many other organizations are committed to social cohesion and stand up against authoritarian, fascist excesses.<\/p>\n\n\n\n<p>How poor &#8211; spiritually, culturally, politically, economically &#8211; would this country be without immigration, without Jews, without feminism, without lesbians, gays, bisexuals, trans*, inter* and queer people.<\/p>\n\n\n\n<p>We therefore demand a commitment to social diversity at all levels and a strengthening and safeguarding of projects that promote democracy. We call for the preservation and powerful expansion of educational projects such as \u201cBildung unterm Regenbogen\u201d. We demand a clear commitment to the \u201cAktionsplan Queeres Brandenburg\u201d (English: \u201cQueer Brandenburg Action Plan\u201d) and appropriate resources. We call for Article 3 of the Basic Law for the Federal Republic of Germany to be expanded to include sexual orientation and gender identity. We demand real participation and co-determination on the political issues that affect us.<\/p>\n\n\n\n<p>No more sham formats and pseudo-participation.<\/p>\n\n\n\n<p>A primary task of the state is to protect its inhabitants. This also applies to queer people, migrants, women, people with disabilities, Jews, Muslims and Christians.<\/p>\n\n\n\n<p>A society must be measured by how it treats its minorities and what opportunities for participation it gives them. What grade would you give this country right now?<\/p>\n\n\n\n<p>Democracy is worth nothing if it degenerates into a tyranny of the majority. Let us be loud and resistant today and every day where diversity and democracy are in danger.<\/p>\n\n\n\n<p>May diversity be with us!<\/p>\n","protected":false},"excerpt":{"rendered":"<p>Rede AndersArtig e.V. CSD Brandenburg 2025 Sichtbar Queer sein in Brandenburg geht in dieser Zeit wieder mit der Gefahr einher, die eigene Sicherheit und die eigene k\u00f6rperliche und seelische Unversehrtheit aufs Spiel zu setzen.&#46;&#46;&#46;<\/p>\n","protected":false},"author":1,"featured_media":0,"parent":0,"menu_order":0,"comment_status":"closed","ping_status":"closed","template":"","meta":{"footnotes":""},"class_list":["post-1298","page","type-page","status-publish","hentry"],"_links":{"self":[{"href":"https:\/\/haveldervielfalt.de\/index.php?rest_route=\/wp\/v2\/pages\/1298","targetHints":{"allow":["GET"]}}],"collection":[{"href":"https:\/\/haveldervielfalt.de\/index.php?rest_route=\/wp\/v2\/pages"}],"about":[{"href":"https:\/\/haveldervielfalt.de\/index.php?rest_route=\/wp\/v2\/types\/page"}],"author":[{"embeddable":true,"href":"https:\/\/haveldervielfalt.de\/index.php?rest_route=\/wp\/v2\/users\/1"}],"replies":[{"embeddable":true,"href":"https:\/\/haveldervielfalt.de\/index.php?rest_route=%2Fwp%2Fv2%2Fcomments&post=1298"}],"version-history":[{"count":4,"href":"https:\/\/haveldervielfalt.de\/index.php?rest_route=\/wp\/v2\/pages\/1298\/revisions"}],"predecessor-version":[{"id":1325,"href":"https:\/\/haveldervielfalt.de\/index.php?rest_route=\/wp\/v2\/pages\/1298\/revisions\/1325"}],"wp:attachment":[{"href":"https:\/\/haveldervielfalt.de\/index.php?rest_route=%2Fwp%2Fv2%2Fmedia&parent=1298"}],"curies":[{"name":"wp","href":"https:\/\/api.w.org\/{rel}","templated":true}]}}