{"id":1291,"date":"2025-05-19T19:17:27","date_gmt":"2025-05-19T18:17:27","guid":{"rendered":"https:\/\/haveldervielfalt.de\/?page_id=1291"},"modified":"2025-05-24T09:15:04","modified_gmt":"2025-05-24T08:15:04","slug":"csd-2025","status":"publish","type":"page","link":"https:\/\/haveldervielfalt.de\/?page_id=1291","title":{"rendered":"CSD 2025"},"content":{"rendered":"\n<p>1Notizen: Ansagen am direkten Anfang<\/p>\n\n\n\n<ul class=\"wp-block-list\">\n<li>Begr\u00fc\u00dfung\n<ul class=\"wp-block-list\">\n<li>sch\u00f6n, dass ihr da seid<\/li>\n\n\n\n<li>das hier = der CSD Brb Havel<\/li>\n\n\n\n<li>heute gemeinsam auf die Stra\u00dfe f\u00fcr\n<ul class=\"wp-block-list\">\n<li>mehr Vielfalt &amp;<\/li>\n\n\n\n<li>solidarisches Brandenburg f\u00fcr ALLE<\/li>\n<\/ul>\n<\/li>\n<\/ul>\n<\/li>\n\n\n\n<li>hier noch ein paar Hinweise zur Demo\u2026<\/li>\n\n\n\n<li>The following announcement-notes are available in English at our website below<\/li>\n\n\n\n<li>Route:\n<ul class=\"wp-block-list\">\n<li>auf Insta (@CSDBranne) oder<\/li>\n\n\n\n<li>QR-Code am Lautsprecherwagen<\/li>\n<\/ul>\n<\/li>\n\n\n\n<li>Demo-Ende:\n<ul class=\"wp-block-list\">\n<li>beim Nicolaiplatz<\/li>\n\n\n\n<li>von dort: regelm\u00e4\u00dfig Bahnen<\/li>\n\n\n\n<li>Seid ihr auf der Suche nach einer Abreisegruppe?\n<ul class=\"wp-block-list\">\n<li>Hilfe beim Lautsprecherwagen (intern \u201eLauti\u201c genannt):<br>unser Anliegen, dass keine Fahrt allein stattfinden muss<\/li>\n<\/ul>\n<\/li>\n\n\n\n<li>Apropos Lautsprecherwagen: wir brauchen immer Leute, die den Wagen mit einem Band absperren. Falls ihr dabei mithelfen wollt, meldet euch bitte bei uns.<\/li>\n<\/ul>\n<\/li>\n\n\n\n<li>Empfehlung:\n<ul class=\"wp-block-list\">\n<li>Verlassen der Demo in Gruppen<\/li>\n<\/ul>\n<\/li>\n\n\n\n<li>Redebeitr\u00e4ge:\n<ul class=\"wp-block-list\">\n<li>Havel der Vielfalt Webseite oder<\/li>\n\n\n\n<li>QR Code am Lautsprecherwagen<\/li>\n\n\n\n<li>Sprachen: Deutsch &amp; Englisch<\/li>\n\n\n\n<li>wieder viele vorbereitet\n<ul class=\"wp-block-list\">\n<li>k\u00f6nnte l\u00e4nger dauern<\/li>\n\n\n\n<li>St\u00fchle gibts beim Lautsprecherwagen<\/li>\n<\/ul>\n<\/li>\n<\/ul>\n<\/li>\n\n\n\n<li>Awareness-Team:\n<ul class=\"wp-block-list\">\n<li>Wir wollen kollektive Verantwortungs\u00fcbernahme!\n<ul class=\"wp-block-list\">\n<li>Jede Person auf der Veranstaltung (Besuchende, Ordner*innen, Orga, Awareness usw.) tr\u00e4gt Verantwortung daf\u00fcr, dass Menschen sich so wohl und sicher wie m\u00f6glich f\u00fchlen k\u00f6nnen.<\/li>\n\n\n\n<li>Reflektiere dein eigenes Verhalten. Mach andere darauf aufmerksam, wenn dir was auff\u00e4llt. Achte auf Menschen in deinem Umfeld und checke ein, ob eine Person sich Unterst\u00fctzung w\u00fcnscht. Nimm Kritik an. Hol dir Unterst\u00fctzung bei anderen Personen oder der Awareness.<\/li>\n\n\n\n<li>Beachte, dass Konsum etwas in Anderen ausl\u00f6sen kann. Geh zum Beispiel an den Rand der Demo, um eine Zigarette zu rauchen und\/oder checke mit den Menschen um dich herum ein.<\/li>\n\n\n\n<li>Wir bitten alle Menschen darum (auch Menschen ohne Nippel), die Oberteile anzulassen.<\/li>\n\n\n\n<li>Fragt Menschen, ob es okay ist, bevor du ein Foto machst.<\/li>\n\n\n\n<li>Lest gerne nochmal das Konzept durch. Ihr findet es bei Instagram oder bei den Awareness-Teams.<\/li>\n\n\n\n<li>Passt aufeinander auf. Bleibt zusammen.<\/li>\n\n\n\n<li>Respektiere individuelle Grenzen: Nur ja hei\u00dft ja!<\/li>\n<\/ul>\n<\/li>\n<\/ul>\n<\/li>\n\n\n\n<li>Erreichbarkeit\n<ul class=\"wp-block-list\">\n<li>Auf dem CSD befinden sich 6 Awareness-Personen in Zweier-Teams, die du an den lila Westen erkennst.<\/li>\n\n\n\n<li>Sprich uns jederzeit gerne an, wenn du \u00fcbergriffiges, grenz\u00fcberschreitendes und\/oder diskriminierendes Verhalten beobachtest oder selbst erlebt hast! Die Awareness-Personen k\u00f6nnen auch angesprochen werden, wenn Situationen unklar sind. Auch ein ungutes Bauchgef\u00fchl kann ein Grund sein, um auf die Awareness-Personen zuzugehen und die Lage zu besprechen.<\/li>\n\n\n\n<li>Wenn du uns nicht findest, kontaktiere entweder die Ordner*innen in den gelben Westen oder Menschen von der Orga.<\/li>\n\n\n\n<li>Am Ende des Demo-Aufzugs findest du au\u00dferdem das Awareness-Auto, bei dem immer zwei Awareness-Personen sind. Das Awareness-Auto steht auch bei den Kundgebungen am Rand. Das Awareness-Auto ist au\u00dferdem auch die M\u00f6glichkeit sich etwas zur\u00fcckzuziehen. Hier gibt es kostenloses Wasser, Snacks, Ohropax, Fidget Toys usw.<\/li>\n<\/ul>\n<\/li>\n\n\n\n<li>Weitere Sicherheitshinweise:\n<ul class=\"wp-block-list\">\n<li>Wir wollen das queere Leben feiern.<\/li>\n\n\n\n<li>Wir sind trotzdem keine Party, sondern eine politische Demonstration.<\/li>\n\n\n\n<li>Weiterhin bitte: keine Rauschmittel jeglicher Art:\n<ul class=\"wp-block-list\">\n<li>Alkohol, Gras und Sonstiges<\/li>\n<\/ul>\n<\/li>\n\n\n\n<li>Bei Zigaretten achtet ihr bitte darauf, dass m\u00f6glichst wenige Menschen in der Rauchfahne stehen.<\/li>\n\n\n\n<li>Nehmt bitte deshalb R\u00fccksicht aufeinander.<\/li>\n\n\n\n<li>Bitte lasst auch Glasflaschen in euren Taschen, da diese kaputt gehen und eine Verletzungsgefahr innerhalb und au\u00dferhalb des CSDs darstellen k\u00f6nnen.<\/li>\n<\/ul>\n<\/li>\n\n\n\n<li>Filmen:\n<ul class=\"wp-block-list\">\n<li>Wenn ihr Fotos und Videos macht:\n<ul class=\"wp-block-list\">\n<li>darauf achten, dass Menschen nicht ungefragt direkt ins Gesicht gefilmt oder fotografiert werden<\/li>\n\n\n\n<li>nicht alle Menschen m\u00f6chten erkannt werden!<\/li>\n\n\n\n<li>Falls es sich nicht vermeiden l\u00e4sst, macht die Gesichter bitte unkenntlich. Vielen Dank.<\/li>\n<\/ul>\n<\/li>\n<\/ul>\n<\/li>\n\n\n\n<li>Hinweis zur Barrierefreiheit\n<ul class=\"wp-block-list\">\n<li>unsere Route leider nicht barrierefrei\n<ul class=\"wp-block-list\">\n<li>Pflasterstein &amp; Schienen auf dem Weg<\/li>\n\n\n\n<li>falls Hilfe auf der Strecke ben\u00f6tigt:<br>Awarenesleute = Ansprechpersonen<\/li>\n<\/ul>\n<\/li>\n<\/ul>\n<\/li>\n\n\n\n<li>Hinweise zur Abreise\n<ul class=\"wp-block-list\">\n<li>Pride Soli Ride plant gemeinsame R\u00fcckreise\n<ul class=\"wp-block-list\">\n<li>weitere Infos: am Ende der Demo \u00fcber Ansagen aus dem Lautsprecherwagen<\/li>\n\n\n\n<li>generelle Empfehlung: Verlassen der Demo in Gruppen<\/li>\n<\/ul>\n<\/li>\n<\/ul>\n<\/li>\n\n\n\n<li>Vielen Dank f\u00fcr eure Aufmerksamkeit und eure Geduld!<\/li>\n<\/ul>\n\n\n\n<hr class=\"wp-block-separator has-alpha-channel-opacity\"\/>\n\n\n\n<h1 class=\"wp-block-heading\">2English version &#8211; notes: announcement at the beginning<\/h1>\n\n\n\n<p>And thank you very much for your attention and your patience.<\/p>\n\n\n\n<p>Greetings<\/p>\n\n\n\n<p>it\u2019s a pleasure to have all of you here<\/p>\n\n\n\n<p>this is the CSD Brandenburg an der Havel<br>(CSD is short for Christopher Street Day, which is the name of German Pride events)<\/p>\n\n\n\n<p>today, we take to the streets together for<\/p>\n\n\n\n<p>more diversity &amp;<\/p>\n\n\n\n<p>a solidary Brandenburg for EVERYONE<\/p>\n\n\n\n<p>we have a couple of announcements for this demonstration&#8230;<\/p>\n\n\n\n<p>Route:<\/p>\n\n\n\n<p>see Insta (@CSDBranne) or<\/p>\n\n\n\n<p>QR-Code at the loudspeaker van<\/p>\n\n\n\n<p>End of our demonstration:<\/p>\n\n\n\n<p>near the Nicolaiplatz<\/p>\n\n\n\n<p>trams come by regularly there<\/p>\n\n\n\n<p>Do you still need a group for your trip home?<\/p>\n\n\n\n<p>Help at the loudspeaker van<br>our interest: nobody has to head home alone<\/p>\n\n\n\n<p>The loudspeaker van needs help with barrier tape. If you want to support by holding it, feel free to join.<\/p>\n\n\n\n<p>recommandation:<\/p>\n\n\n\n<p>leave the demonstration in groups<\/p>\n\n\n\n<p>speeches:<\/p>\n\n\n\n<p>see Havel der Vielfalt website or<\/p>\n\n\n\n<p>QR Code at the loudspeaker van<\/p>\n\n\n\n<p>languages: German &amp; English<\/p>\n\n\n\n<p>there are many speeches prepared for you<\/p>\n\n\n\n<p>could last a little longer<\/p>\n\n\n\n<p>chairs are available at the loudspeaker van<\/p>\n\n\n\n<p>Awareness-Team:<\/p>\n\n\n\n<p>We want to take collective responsibility!<\/p>\n\n\n\n<p>Every person at the event (visitors, stewards, organizers, awareness team etc.) is responsible for ensuring that people feel as comfortable and safe as possible.<\/p>\n\n\n\n<p>Reflect on your own behavior. Make others aware if you notice something. Pay attention to the people around you and check whether a person would like support. Accept criticism. Get support from other people or the awareness team.<\/p>\n\n\n\n<p>Be aware that consumption can trigger something in others. For example, go to the edge of the demo to smoke a cigarette and\/or check in with the people around you.<\/p>\n\n\n\n<p>We ask all people (including people without nipples) to keep their tops on.<\/p>\n\n\n\n<p>Ask people if it&#8217;s okay before you take a photo.<\/p>\n\n\n\n<p>Read through the concept again. You can find it on Instagram or can get it from the awareness team.<\/p>\n\n\n\n<p>Take care of each other. Stay together.<\/p>\n\n\n\n<p>Respect individual boundaries: Only yes means yes!<\/p>\n\n\n\n<p>Availability<\/p>\n\n\n\n<p>At the CSD there are 6 awareness people in teams of two, which you can recognize by the purple vests.<\/p>\n\n\n\n<p>Feel free to contact us at any time if you have observed or experienced assaultive, transgressive and\/or discriminatory behavior! The awareness persons can also be approached if situations are unclear. A bad gut feeling can also be a reason to approach the awareness persons and discuss the situation.<\/p>\n\n\n\n<p>If you can&#8217;t find us (= the awareness team), contact either the stewards in the yellow vests or people from the organization.<\/p>\n\n\n\n<p>At the end of the demonstration procession you will also find the awareness car, which always has two awareness people with it. The awareness car is also on the sidelines of the demonstrations. The awareness car provides an opportunity to take a break, too. Here you can get free water, snacks, earplugs, fidget toys etc.<\/p>\n\n\n\n<p>Further safety notes:<\/p>\n\n\n\n<p>We want to celebrate queer life.<\/p>\n\n\n\n<p>Despite that, we are not a party, but a political demonstration.<\/p>\n\n\n\n<p>Furthermore, please don\u2019t use intoxicant of any kind:<\/p>\n\n\n\n<p>alcohol, weed or others<\/p>\n\n\n\n<p>If you smoke, make sure to have as little people as possible in your trail of smoke<\/p>\n\n\n\n<p>Be considerate to each other.<\/p>\n\n\n\n<p>And please keep your glass bottles in your bags. They could to break and are a safety hazard for people during and after the demonstration.<\/p>\n\n\n\n<p>Filming:<\/p>\n\n\n\n<p>if you take photos or videos:<\/p>\n\n\n\n<p>keep in mind, that people don\u2019t want to be filmed or photographed in their faces directly without consent<\/p>\n\n\n\n<p>not everyone wants to be recognized or perceived<\/p>\n\n\n\n<p>if you can not avoid taking pictures or filming peoples\u2019 faces, blur them. Thank you very much.<\/p>\n\n\n\n<p>Note on accessibility<\/p>\n\n\n\n<p>unfortunately our route is not barrier-free<\/p>\n\n\n\n<p>cobblestones &amp; rails on the way<\/p>\n\n\n\n<p>if help is needed on the route:<\/p>\n\n\n\n<p>Awarenes people = contact persons<\/p>\n\n\n\n<p>Notes on departure<\/p>\n\n\n\n<p>Pride Soli Ride plans joint return journey<\/p>\n\n\n\n<p>Further information: at the end of the demo via announcements from the loudspeaker van<\/p>\n\n\n\n<p>General recommendation: leave the demo in groups<\/p>\n","protected":false},"excerpt":{"rendered":"<p>1Notizen: Ansagen am direkten Anfang 2English version &#8211; notes: announcement at the beginning And thank you very much for your attention and your patience. Greetings it\u2019s a pleasure to have all of you here&#46;&#46;&#46;<\/p>\n","protected":false},"author":1,"featured_media":0,"parent":0,"menu_order":0,"comment_status":"closed","ping_status":"closed","template":"","meta":{"footnotes":""},"class_list":["post-1291","page","type-page","status-publish","hentry"],"_links":{"self":[{"href":"https:\/\/haveldervielfalt.de\/index.php?rest_route=\/wp\/v2\/pages\/1291","targetHints":{"allow":["GET"]}}],"collection":[{"href":"https:\/\/haveldervielfalt.de\/index.php?rest_route=\/wp\/v2\/pages"}],"about":[{"href":"https:\/\/haveldervielfalt.de\/index.php?rest_route=\/wp\/v2\/types\/page"}],"author":[{"embeddable":true,"href":"https:\/\/haveldervielfalt.de\/index.php?rest_route=\/wp\/v2\/users\/1"}],"replies":[{"embeddable":true,"href":"https:\/\/haveldervielfalt.de\/index.php?rest_route=%2Fwp%2Fv2%2Fcomments&post=1291"}],"version-history":[{"count":4,"href":"https:\/\/haveldervielfalt.de\/index.php?rest_route=\/wp\/v2\/pages\/1291\/revisions"}],"predecessor-version":[{"id":1359,"href":"https:\/\/haveldervielfalt.de\/index.php?rest_route=\/wp\/v2\/pages\/1291\/revisions\/1359"}],"wp:attachment":[{"href":"https:\/\/haveldervielfalt.de\/index.php?rest_route=%2Fwp%2Fv2%2Fmedia&parent=1291"}],"curies":[{"name":"wp","href":"https:\/\/api.w.org\/{rel}","templated":true}]}}

<p>1Notizen: Ansagen am direkten Anfang</p>



<ul class="wp-block-list">
<li>Begrüßung
<ul class="wp-block-list">
<li>schön, dass ihr da seid</li>



<li>das hier = der CSD Brb Havel</li>



<li>heute gemeinsam auf die Straße für
<ul class="wp-block-list">
<li>mehr Vielfalt &amp;</li>



<li>solidarisches Brandenburg für ALLE</li>
</ul>
</li>
</ul>
</li>



<li>hier noch ein paar Hinweise zur Demo…</li>



<li>The following announcement-notes are available in English at our website below</li>



<li>Route:
<ul class="wp-block-list">
<li>auf Insta (@CSDBranne) oder</li>



<li>QR-Code am Lautsprecherwagen</li>
</ul>
</li>



<li>Demo-Ende:
<ul class="wp-block-list">
<li>beim Nicolaiplatz</li>



<li>von dort: regelmäßig Bahnen</li>



<li>Seid ihr auf der Suche nach einer Abreisegruppe?
<ul class="wp-block-list">
<li>Hilfe beim Lautsprecherwagen (intern „Lauti“ genannt):<br>unser Anliegen, dass keine Fahrt allein stattfinden muss</li>
</ul>
</li>



<li>Apropos Lautsprecherwagen: wir brauchen immer Leute, die den Wagen mit einem Band absperren. Falls ihr dabei mithelfen wollt, meldet euch bitte bei uns.</li>
</ul>
</li>



<li>Empfehlung:
<ul class="wp-block-list">
<li>Verlassen der Demo in Gruppen</li>
</ul>
</li>



<li>Redebeiträge:
<ul class="wp-block-list">
<li>Havel der Vielfalt Webseite oder</li>



<li>QR Code am Lautsprecherwagen</li>



<li>Sprachen: Deutsch &amp; Englisch</li>



<li>wieder viele vorbereitet
<ul class="wp-block-list">
<li>könnte länger dauern</li>



<li>Stühle gibts beim Lautsprecherwagen</li>
</ul>
</li>
</ul>
</li>



<li>Awareness-Team:
<ul class="wp-block-list">
<li>Wir wollen kollektive Verantwortungsübernahme!
<ul class="wp-block-list">
<li>Jede Person auf der Veranstaltung (Besuchende, Ordner*innen, Orga, Awareness usw.) trägt Verantwortung dafür, dass Menschen sich so wohl und sicher wie möglich fühlen können.</li>



<li>Reflektiere dein eigenes Verhalten. Mach andere darauf aufmerksam, wenn dir was auffällt. Achte auf Menschen in deinem Umfeld und checke ein, ob eine Person sich Unterstützung wünscht. Nimm Kritik an. Hol dir Unterstützung bei anderen Personen oder der Awareness.</li>



<li>Beachte, dass Konsum etwas in Anderen auslösen kann. Geh zum Beispiel an den Rand der Demo, um eine Zigarette zu rauchen und/oder checke mit den Menschen um dich herum ein.</li>



<li>Wir bitten alle Menschen darum (auch Menschen ohne Nippel), die Oberteile anzulassen.</li>



<li>Fragt Menschen, ob es okay ist, bevor du ein Foto machst.</li>



<li>Lest gerne nochmal das Konzept durch. Ihr findet es bei Instagram oder bei den Awareness-Teams.</li>



<li>Passt aufeinander auf. Bleibt zusammen.</li>



<li>Respektiere individuelle Grenzen: Nur ja heißt ja!</li>
</ul>
</li>
</ul>
</li>



<li>Erreichbarkeit
<ul class="wp-block-list">
<li>Auf dem CSD befinden sich 6 Awareness-Personen in Zweier-Teams, die du an den lila Westen erkennst.</li>



<li>Sprich uns jederzeit gerne an, wenn du übergriffiges, grenzüberschreitendes und/oder diskriminierendes Verhalten beobachtest oder selbst erlebt hast! Die Awareness-Personen können auch angesprochen werden, wenn Situationen unklar sind. Auch ein ungutes Bauchgefühl kann ein Grund sein, um auf die Awareness-Personen zuzugehen und die Lage zu besprechen.</li>



<li>Wenn du uns nicht findest, kontaktiere entweder die Ordner*innen in den gelben Westen oder Menschen von der Orga.</li>



<li>Am Ende des Demo-Aufzugs findest du außerdem das Awareness-Auto, bei dem immer zwei Awareness-Personen sind. Das Awareness-Auto steht auch bei den Kundgebungen am Rand. Das Awareness-Auto ist außerdem auch die Möglichkeit sich etwas zurückzuziehen. Hier gibt es kostenloses Wasser, Snacks, Ohropax, Fidget Toys usw.</li>
</ul>
</li>



<li>Weitere Sicherheitshinweise:
<ul class="wp-block-list">
<li>Wir wollen das queere Leben feiern.</li>



<li>Wir sind trotzdem keine Party, sondern eine politische Demonstration.</li>



<li>Weiterhin bitte: keine Rauschmittel jeglicher Art:
<ul class="wp-block-list">
<li>Alkohol, Gras und Sonstiges</li>
</ul>
</li>



<li>Bei Zigaretten achtet ihr bitte darauf, dass möglichst wenige Menschen in der Rauchfahne stehen.</li>



<li>Nehmt bitte deshalb Rücksicht aufeinander.</li>



<li>Bitte lasst auch Glasflaschen in euren Taschen, da diese kaputt gehen und eine Verletzungsgefahr innerhalb und außerhalb des CSDs darstellen können.</li>
</ul>
</li>



<li>Filmen:
<ul class="wp-block-list">
<li>Wenn ihr Fotos und Videos macht:
<ul class="wp-block-list">
<li>darauf achten, dass Menschen nicht ungefragt direkt ins Gesicht gefilmt oder fotografiert werden</li>



<li>nicht alle Menschen möchten erkannt werden!</li>



<li>Falls es sich nicht vermeiden lässt, macht die Gesichter bitte unkenntlich. Vielen Dank.</li>
</ul>
</li>
</ul>
</li>



<li>Hinweis zur Barrierefreiheit
<ul class="wp-block-list">
<li>unsere Route leider nicht barrierefrei
<ul class="wp-block-list">
<li>Pflasterstein &amp; Schienen auf dem Weg</li>



<li>falls Hilfe auf der Strecke benötigt:<br>Awarenesleute = Ansprechpersonen</li>
</ul>
</li>
</ul>
</li>



<li>Hinweise zur Abreise
<ul class="wp-block-list">
<li>Pride Soli Ride plant gemeinsame Rückreise
<ul class="wp-block-list">
<li>weitere Infos: am Ende der Demo über Ansagen aus dem Lautsprecherwagen</li>



<li>generelle Empfehlung: Verlassen der Demo in Gruppen</li>
</ul>
</li>
</ul>
</li>



<li>Vielen Dank für eure Aufmerksamkeit und eure Geduld!</li>
</ul>



<hr class="wp-block-separator has-alpha-channel-opacity"/>



<h1 class="wp-block-heading">2English version &#8211; notes: announcement at the beginning</h1>



<p>And thank you very much for your attention and your patience.</p>



<p>Greetings</p>



<p>it’s a pleasure to have all of you here</p>



<p>this is the CSD Brandenburg an der Havel<br>(CSD is short for Christopher Street Day, which is the name of German Pride events)</p>



<p>today, we take to the streets together for</p>



<p>more diversity &amp;</p>



<p>a solidary Brandenburg for EVERYONE</p>



<p>we have a couple of announcements for this demonstration&#8230;</p>



<p>Route:</p>



<p>see Insta (@CSDBranne) or</p>



<p>QR-Code at the loudspeaker van</p>



<p>End of our demonstration:</p>



<p>near the Nicolaiplatz</p>



<p>trams come by regularly there</p>



<p>Do you still need a group for your trip home?</p>



<p>Help at the loudspeaker van<br>our interest: nobody has to head home alone</p>



<p>The loudspeaker van needs help with barrier tape. If you want to support by holding it, feel free to join.</p>



<p>recommandation:</p>



<p>leave the demonstration in groups</p>



<p>speeches:</p>



<p>see Havel der Vielfalt website or</p>



<p>QR Code at the loudspeaker van</p>



<p>languages: German &amp; English</p>



<p>there are many speeches prepared for you</p>



<p>could last a little longer</p>



<p>chairs are available at the loudspeaker van</p>



<p>Awareness-Team:</p>



<p>We want to take collective responsibility!</p>



<p>Every person at the event (visitors, stewards, organizers, awareness team etc.) is responsible for ensuring that people feel as comfortable and safe as possible.</p>



<p>Reflect on your own behavior. Make others aware if you notice something. Pay attention to the people around you and check whether a person would like support. Accept criticism. Get support from other people or the awareness team.</p>



<p>Be aware that consumption can trigger something in others. For example, go to the edge of the demo to smoke a cigarette and/or check in with the people around you.</p>



<p>We ask all people (including people without nipples) to keep their tops on.</p>



<p>Ask people if it&#8217;s okay before you take a photo.</p>



<p>Read through the concept again. You can find it on Instagram or can get it from the awareness team.</p>



<p>Take care of each other. Stay together.</p>



<p>Respect individual boundaries: Only yes means yes!</p>



<p>Availability</p>



<p>At the CSD there are 6 awareness people in teams of two, which you can recognize by the purple vests.</p>



<p>Feel free to contact us at any time if you have observed or experienced assaultive, transgressive and/or discriminatory behavior! The awareness persons can also be approached if situations are unclear. A bad gut feeling can also be a reason to approach the awareness persons and discuss the situation.</p>



<p>If you can&#8217;t find us (= the awareness team), contact either the stewards in the yellow vests or people from the organization.</p>



<p>At the end of the demonstration procession you will also find the awareness car, which always has two awareness people with it. The awareness car is also on the sidelines of the demonstrations. The awareness car provides an opportunity to take a break, too. Here you can get free water, snacks, earplugs, fidget toys etc.</p>



<p>Further safety notes:</p>



<p>We want to celebrate queer life.</p>



<p>Despite that, we are not a party, but a political demonstration.</p>



<p>Furthermore, please don’t use intoxicant of any kind:</p>



<p>alcohol, weed or others</p>



<p>If you smoke, make sure to have as little people as possible in your trail of smoke</p>



<p>Be considerate to each other.</p>



<p>And please keep your glass bottles in your bags. They could to break and are a safety hazard for people during and after the demonstration.</p>



<p>Filming:</p>



<p>if you take photos or videos:</p>



<p>keep in mind, that people don’t want to be filmed or photographed in their faces directly without consent</p>



<p>not everyone wants to be recognized or perceived</p>



<p>if you can not avoid taking pictures or filming peoples’ faces, blur them. Thank you very much.</p>



<p>Note on accessibility</p>



<p>unfortunately our route is not barrier-free</p>



<p>cobblestones &amp; rails on the way</p>



<p>if help is needed on the route:</p>



<p>Awarenes people = contact persons</p>



<p>Notes on departure</p>



<p>Pride Soli Ride plans joint return journey</p>



<p>Further information: at the end of the demo via announcements from the loudspeaker van</p>



<p>General recommendation: leave the demo in groups</p>
